{"id":56450,"date":"2024-08-20T19:05:34","date_gmt":"2024-08-20T19:05:34","guid":{"rendered":"https:\/\/brandss.com.py\/index\/?post_type=product&#038;p=56450"},"modified":"2025-06-28T10:12:15","modified_gmt":"2025-06-28T10:12:15","slug":"calzado-masculino-dc-shoes-stricker-cup","status":"publish","type":"product","link":"https:\/\/brandss.com.py\/index\/producto\/calzado-masculino-dc-shoes-stricker-cup\/","title":{"rendered":"CALZADO MASCULINO DC SHOES STRICKER CUP"},"content":{"rendered":"<p><img loading=\"lazy\" decoding=\"async\" class=\"\" src=\"https:\/\/seeklogo.com\/images\/D\/dc-shoes-logo-9849D1B3BF-seeklogo.com.png\" alt=\"Dc Logo PNG Vectors Free Download\" width=\"70\" height=\"61\" \/><\/p>\n<h1>STRIKER CUP<\/h1>\n<p>\u00a1Estilo y comodidad para tus pies!<\/p>\n<p>Las zapatillas DC Shoes Striker Cup son la elecci\u00f3n perfecta para quienes buscan un calzado deportivo y moderno, sin renunciar a la comodidad. Con un dise\u00f1o contempor\u00e1neo, estas zapatillas ofrecen mucho m\u00e1s que estilo.<\/p>\n<p>Fabricadas con gamuza de alta calidad, las zapatillas DC Shoes Striker Cup brindan durabilidad y resistencia, asegurando una larga vida \u00fatil de los zapatos. Adem\u00e1s, cuenta con un logo de TPR moldeado, que aporta un toque de elegancia y sofisticaci\u00f3n al look.<\/p>\n<p>Para garantizar la m\u00e1xima comodidad durante su uso, las zapatillas DC Shoes Striker Cup cuentan con una leng\u00fceta de espuma acolchada, proporcionando una sensaci\u00f3n suave y agradable. Su plantilla suave y su suela altamente resistente a la abrasi\u00f3n completan el conjunto de caracter\u00edsticas que hacen que estas zapatillas sean perfectas para el d\u00eda a d\u00eda.<\/p>\n<p>&nbsp;<\/p>\n<p>&nbsp;<\/p>\n<h3><strong>M\u00e1s sobre el producto:<\/strong><\/h3>\n<p>Las zapatillas DC Shoes Striker Cup son perfectas para diversas ocasiones, desde paseos casuales hasta pr\u00e1cticas deportivas. Con su dise\u00f1o moderno y confortable, complementa cualquier look, ya sea m\u00e1s casual o m\u00e1s formal.<\/p>\n<p>Adem\u00e1s, la construcci\u00f3n de gamuza de alta calidad y la suela resistente garantizan la durabilidad de los zapatos, permiti\u00e9ndote disfrutar de todas las cualidades y estilo que las zapatillas DC Shoes Striker Cup tienen para ofrecer durante mucho tiempo.<\/p>\n<p>&nbsp;<\/p>\n<h3><strong>Diferenciadores de producto:<\/strong><\/h3>\n<p>Construcci\u00f3n de gamuza de alta calidad;<\/p>\n<p>Logotipo moldeado en TPR para una apariencia elegante;<\/p>\n<p>Leng\u00fceta acolchada de espuma para mayor comodidad;<\/p>\n<p>Plantilla suave para una pisada suave;<\/p>\n<p>Suela con alta resistencia a la abrasi\u00f3n.<\/p>\n<p>&nbsp;<\/p>\n<h3><strong>Consejos de uso:<\/strong><\/h3>\n<p>Combina las zapatillas DC Shoes Striker Cup con jeans y una camiseta b\u00e1sica para un look relajado y elegante;<\/p>\n<p>\u00dasala tambi\u00e9n para practicar deporte, ya que su plantilla suave y suela resistente brindan comodidad y seguridad a tus pies;<\/p>\n<p>Disfruta de toda la calidad y estilo que te ofrecen las Zapatillas DC Shoes Striker Cup y prep\u00e1rate siempre para afrontar el d\u00eda con comodidad y elegancia.<\/p>\n<p>&nbsp;<\/p>\n<h3><strong>Ficha T\u00e9cnica:<\/strong><\/h3>\n<p><strong>Marca:<\/strong> DC Shoes.<\/p>\n<p><strong>Modelo:<\/strong> DC056A.GBW<\/p>\n<p><strong>G\u00e9nero:<\/strong> Masculino.<\/p>\n<p><strong>Color:<\/strong> Gris\/ Negro\/Blanco.<\/p>\n<p><strong>Material superior:<\/strong>\u00a0 sint\u00e9tico.<\/p>\n<p><strong>Composici\u00f3n Exterior:<\/strong> Sint\u00e9tico \/ Forro: Textil \/ Suela: Goma<\/p>\n","protected":false},"excerpt":{"rendered":"<p>STRIKER CUP \u00a1Estilo y comodidad para tus pies! Las zapatillas DC Shoes Striker Cup son la elecci\u00f3n perfecta para quienes<\/p>\n","protected":false},"featured_media":56451,"comment_status":"open","ping_status":"closed","template":"","meta":{"nf_dc_page":""},"product_brand":[],"product_cat":[76],"product_tag":[],"class_list":{"0":"post-56450","1":"product","2":"type-product","3":"status-publish","4":"has-post-thumbnail","6":"product_cat-masculino","8":"first","9":"outofstock","10":"shipping-taxable","11":"purchasable","12":"product-type-simple"},"_links":{"self":[{"href":"https:\/\/brandss.com.py\/index\/wp-json\/wp\/v2\/product\/56450","targetHints":{"allow":["GET"]}}],"collection":[{"href":"https:\/\/brandss.com.py\/index\/wp-json\/wp\/v2\/product"}],"about":[{"href":"https:\/\/brandss.com.py\/index\/wp-json\/wp\/v2\/types\/product"}],"replies":[{"embeddable":true,"href":"https:\/\/brandss.com.py\/index\/wp-json\/wp\/v2\/comments?post=56450"}],"version-history":[{"count":2,"href":"https:\/\/brandss.com.py\/index\/wp-json\/wp\/v2\/product\/56450\/revisions"}],"predecessor-version":[{"id":56458,"href":"https:\/\/brandss.com.py\/index\/wp-json\/wp\/v2\/product\/56450\/revisions\/56458"}],"wp:featuredmedia":[{"embeddable":true,"href":"https:\/\/brandss.com.py\/index\/wp-json\/wp\/v2\/media\/56451"}],"wp:attachment":[{"href":"https:\/\/brandss.com.py\/index\/wp-json\/wp\/v2\/media?parent=56450"}],"wp:term":[{"taxonomy":"product_brand","embeddable":true,"href":"https:\/\/brandss.com.py\/index\/wp-json\/wp\/v2\/product_brand?post=56450"},{"taxonomy":"product_cat","embeddable":true,"href":"https:\/\/brandss.com.py\/index\/wp-json\/wp\/v2\/product_cat?post=56450"},{"taxonomy":"product_tag","embeddable":true,"href":"https:\/\/brandss.com.py\/index\/wp-json\/wp\/v2\/product_tag?post=56450"}],"curies":[{"name":"wp","href":"https:\/\/api.w.org\/{rel}","templated":true}]}}