{"id":56540,"date":"2024-08-22T19:24:05","date_gmt":"2024-08-22T19:24:05","guid":{"rendered":"https:\/\/brandss.com.py\/index\/?post_type=product&#038;p=56540"},"modified":"2025-07-02T16:55:46","modified_gmt":"2025-07-02T16:55:46","slug":"sueter-masculino-diesel-k-oakland-maglia","status":"publish","type":"product","link":"https:\/\/brandss.com.py\/index\/producto\/sueter-masculino-diesel-k-oakland-maglia\/","title":{"rendered":"SUETER MASCULINO DIESEL K-OAKLAND MAGLIA"},"content":{"rendered":"<p><img loading=\"lazy\" decoding=\"async\" class=\"\" src=\"https:\/\/static.vecteezy.com\/system\/resources\/previews\/023\/599\/751\/original\/diesel-logo-brand-symbol-black-design-luxury-clothes-fashion-illustration-free-vector.jpg\" alt=\"diesel logo marca s\u00edmbolo negro dise\u00f1o lujo ropa Moda vector ilustraci\u00f3n 23599751 Vector en Vecteezy\" width=\"100\" height=\"81\" \/><\/p>\n<h1>K-OAKLAND MAGLIA<\/h1>\n<p>Su\u00e9ter &#8220;K-Oakland&#8221; en violeta, negro y beige de Diesel. Este modelo, confeccionado en punto de lana acanalado, presenta un patr\u00f3n de rayas, un parche con el logotipo en rojo y negro y ribetes el\u00e1sticos en el cuello alto y los pu\u00f1os.<\/p>\n<h2 class=\"p_title\">Composici\u00f3n<\/h2>\n<p>52% lana, 38% acr\u00edlico, 10% nailon<\/p>\n<p>&nbsp;<\/p>\n<p><strong>Detalles:<\/strong><\/p>\n<p>&nbsp;<\/p>\n<p><strong>Marca:<\/strong> DIESEL.<\/p>\n<p><strong>Modelo:<\/strong> <span class=\"product-ids\">A04071 0QDAH-61N.<\/span><\/p>\n<p><strong>G\u00e9nero:<\/strong> Femenino.<\/p>\n<p><strong>Color:<\/strong> Violeta.<\/p>\n","protected":false},"excerpt":{"rendered":"<p>K-OAKLAND MAGLIA Su\u00e9ter &#8220;K-Oakland&#8221; en violeta, negro y beige de Diesel. Este modelo, confeccionado en punto de lana acanalado, presenta<\/p>\n","protected":false},"featured_media":56543,"comment_status":"open","ping_status":"closed","template":"","meta":{"nf_dc_page":""},"product_brand":[],"product_cat":[76],"product_tag":[],"class_list":{"0":"post-56540","1":"product","2":"type-product","3":"status-publish","4":"has-post-thumbnail","6":"product_cat-masculino","8":"first","9":"instock","10":"shipping-taxable","11":"purchasable","12":"product-type-simple"},"_links":{"self":[{"href":"https:\/\/brandss.com.py\/index\/wp-json\/wp\/v2\/product\/56540","targetHints":{"allow":["GET"]}}],"collection":[{"href":"https:\/\/brandss.com.py\/index\/wp-json\/wp\/v2\/product"}],"about":[{"href":"https:\/\/brandss.com.py\/index\/wp-json\/wp\/v2\/types\/product"}],"replies":[{"embeddable":true,"href":"https:\/\/brandss.com.py\/index\/wp-json\/wp\/v2\/comments?post=56540"}],"version-history":[{"count":2,"href":"https:\/\/brandss.com.py\/index\/wp-json\/wp\/v2\/product\/56540\/revisions"}],"predecessor-version":[{"id":56548,"href":"https:\/\/brandss.com.py\/index\/wp-json\/wp\/v2\/product\/56540\/revisions\/56548"}],"wp:featuredmedia":[{"embeddable":true,"href":"https:\/\/brandss.com.py\/index\/wp-json\/wp\/v2\/media\/56543"}],"wp:attachment":[{"href":"https:\/\/brandss.com.py\/index\/wp-json\/wp\/v2\/media?parent=56540"}],"wp:term":[{"taxonomy":"product_brand","embeddable":true,"href":"https:\/\/brandss.com.py\/index\/wp-json\/wp\/v2\/product_brand?post=56540"},{"taxonomy":"product_cat","embeddable":true,"href":"https:\/\/brandss.com.py\/index\/wp-json\/wp\/v2\/product_cat?post=56540"},{"taxonomy":"product_tag","embeddable":true,"href":"https:\/\/brandss.com.py\/index\/wp-json\/wp\/v2\/product_tag?post=56540"}],"curies":[{"name":"wp","href":"https:\/\/api.w.org\/{rel}","templated":true}]}}