{"id":56866,"date":"2024-08-29T12:56:19","date_gmt":"2024-08-29T12:56:19","guid":{"rendered":"https:\/\/brandss.com.py\/index\/?post_type=product&#038;p=56866"},"modified":"2024-08-29T12:57:52","modified_gmt":"2024-08-29T12:57:52","slug":"calzado-deportivo-femenino-new-balance-minimus-tr-boa-v1","status":"publish","type":"product","link":"https:\/\/brandss.com.py\/index\/producto\/calzado-deportivo-femenino-new-balance-minimus-tr-boa-v1\/","title":{"rendered":"CALZADO DEPORTIVO FEMENINO NEW BALANCE MINIMUS TR BOA V1"},"content":{"rendered":"<p><img loading=\"lazy\" decoding=\"async\" class=\"\" src=\"https:\/\/cdn.freebiesupply.com\/logos\/large\/2x\/new-balance-2-logo-black-and-white.png\" alt=\"New Balance Logo PNG Transparent &amp; SVG Vector - Freebie Supply\" width=\"76\" height=\"76\" \/><\/p>\n<h1>MINIMUS TR <span id=\"productTitle\" class=\"a-size-large product-title-word-break\"><span>BOA V1<\/span><\/span><\/h1>\n<p><span>Los calzados de entrenamiento New Balance Minimus TR BOA para mujer est\u00e1n dise\u00f1adas para ayudarte a llevar tu entrenamiento al siguiente nivel, ya sea que est\u00e9s levantando pesas o haciendo un circuito de HIIT. La entresuela proporciona una amortiguaci\u00f3n suave y de apoyo sin sacrificar la estabilidad, lo que te ayuda a mantenerte c\u00f3moda durante tus entrenamientos m\u00e1s intensos. El dise\u00f1o con infusi\u00f3n de TPU ofrece una durabilidad sin concesiones y el sistema de ajuste de rendimiento BOA\u00ae te ayuda a ajustarte con precisi\u00f3n.<\/span><\/p>\n<ul class=\"a-unordered-list a-vertical a-spacing-mini\">\n<li><span class=\"a-list-item\"><span>Entresuela recubierta de goma para mayor comodidad y soporte impresionante.<\/span><\/span><\/li>\n<li><span class=\"a-list-item\"><span>Parte superior de malla para una sensaci\u00f3n de ligereza y una mejor circulaci\u00f3n del aire.<\/span><\/span><\/li>\n<li><span class=\"a-list-item\"><span>Dise\u00f1o con TPU y tecnolog\u00eda de difusi\u00f3n de reacci\u00f3n para una durabilidad excepcional.<\/span><\/span><\/li>\n<li><span class=\"a-list-item\"><span>Construcci\u00f3n minimalista y forro premium para un entrenamiento sin calcetines.<\/span><\/span><\/li>\n<\/ul>\n<h5 class=\"p1\"><span class=\"s1\"><span>DETALLES<\/span><\/span><\/h5>\n<p><strong>Marca:<\/strong> New Balance.<\/p>\n<p><strong>Modelo:<\/strong> WXMTRGP1.<\/p>\n<p><strong>G\u00e9nero:<\/strong> Femenino.<\/p>\n<p><strong>Color:<\/strong> Eclipse\/\u00cdndigo el\u00e9ctrico\/Rosa c\u00f3smica.<\/p>\n","protected":false},"excerpt":{"rendered":"<p>MINIMUS TR BOA V1 Los calzados de entrenamiento New Balance Minimus TR BOA para mujer est\u00e1n dise\u00f1adas para ayudarte a<\/p>\n","protected":false},"featured_media":56867,"comment_status":"open","ping_status":"closed","template":"","meta":{"nf_dc_page":""},"product_brand":[],"product_cat":[73],"product_tag":[],"class_list":{"0":"post-56866","1":"product","2":"type-product","3":"status-publish","4":"has-post-thumbnail","6":"product_cat-femenino","8":"first","9":"instock","10":"shipping-taxable","11":"purchasable","12":"product-type-simple"},"_links":{"self":[{"href":"https:\/\/brandss.com.py\/index\/wp-json\/wp\/v2\/product\/56866","targetHints":{"allow":["GET"]}}],"collection":[{"href":"https:\/\/brandss.com.py\/index\/wp-json\/wp\/v2\/product"}],"about":[{"href":"https:\/\/brandss.com.py\/index\/wp-json\/wp\/v2\/types\/product"}],"replies":[{"embeddable":true,"href":"https:\/\/brandss.com.py\/index\/wp-json\/wp\/v2\/comments?post=56866"}],"version-history":[{"count":1,"href":"https:\/\/brandss.com.py\/index\/wp-json\/wp\/v2\/product\/56866\/revisions"}],"predecessor-version":[{"id":56873,"href":"https:\/\/brandss.com.py\/index\/wp-json\/wp\/v2\/product\/56866\/revisions\/56873"}],"wp:featuredmedia":[{"embeddable":true,"href":"https:\/\/brandss.com.py\/index\/wp-json\/wp\/v2\/media\/56867"}],"wp:attachment":[{"href":"https:\/\/brandss.com.py\/index\/wp-json\/wp\/v2\/media?parent=56866"}],"wp:term":[{"taxonomy":"product_brand","embeddable":true,"href":"https:\/\/brandss.com.py\/index\/wp-json\/wp\/v2\/product_brand?post=56866"},{"taxonomy":"product_cat","embeddable":true,"href":"https:\/\/brandss.com.py\/index\/wp-json\/wp\/v2\/product_cat?post=56866"},{"taxonomy":"product_tag","embeddable":true,"href":"https:\/\/brandss.com.py\/index\/wp-json\/wp\/v2\/product_tag?post=56866"}],"curies":[{"name":"wp","href":"https:\/\/api.w.org\/{rel}","templated":true}]}}