{"id":56955,"date":"2024-08-30T13:39:34","date_gmt":"2024-08-30T13:39:34","guid":{"rendered":"https:\/\/brandss.com.py\/index\/?post_type=product&#038;p=56955"},"modified":"2024-08-30T13:40:38","modified_gmt":"2024-08-30T13:40:38","slug":"calzado-deportivo-femenino-puma-softride-sophia-slip-on","status":"publish","type":"product","link":"https:\/\/brandss.com.py\/index\/producto\/calzado-deportivo-femenino-puma-softride-sophia-slip-on\/","title":{"rendered":"CALZADO DEPORTIVO FEMENINO PUMA SOFTRIDE SOPHIA SLIP ON"},"content":{"rendered":"<p><img loading=\"lazy\" decoding=\"async\" class=\"\" src=\"https:\/\/1000logos.net\/wp-content\/uploads\/2021\/04\/Puma-logo.png\" alt=\"PUMA Logo and symbol, meaning, history, PNG, brand\" width=\"89\" height=\"44\" \/><\/p>\n<h1>SOFTRIDE SOPHIA SLIP ON<\/h1>\n<p>Esta emocionante adici\u00f3n a nuestra plataforma Softride aporta feminidad, estilo y comodidad incre\u00edble. Este es un par de tenis para correr que se convertir\u00e1n r\u00e1pidamente en tu compa\u00f1ero favorito para correr. Con una parte superior con una verdadera construcci\u00f3n sin cordones y una suela dise\u00f1ada pensando en movimientos de entrenamiento ligeros, son tan pr\u00e1cticos como elegantes. Con plantilla SoftFoam+ c\u00f3moda para pisar instant\u00e1neamente y comodidad duradera que proporciona una amortiguaci\u00f3n suave en cada paso del d\u00eda. La parte superior cuenta con una verdadera construcci\u00f3n deslizLas herramientas se apilan a un nivel de mini plataforma dando un verdadero punto de vista de moda femenino. Tecnolog\u00eda Softride para amortiguaci\u00f3n y comodidad. Suela de goma zonificada para una m\u00e1xima tracci\u00f3n.<\/p>\n<h3 class=\"product-facts-title\">Acerca de este art\u00edculo<\/h3>\n<ul class=\"a-unordered-list a-vertical a-spacing-small\">\n<li><span class=\"a-list-item a-size-base a-color-base\">Plantilla c\u00f3moda SoftFoam+ para una comodidad instant\u00e1nea y duradera que proporciona una amortiguaci\u00f3n suave.<\/span><\/li>\n<\/ul>\n<ul class=\"a-unordered-list a-vertical a-spacing-small\">\n<li><span class=\"a-list-item a-size-base a-color-base\">Entresuela Softride para una amortiguaci\u00f3n extrema y comodidad durante todo el d\u00eda.<\/span><\/li>\n<\/ul>\n<ul class=\"a-unordered-list a-vertical a-spacing-small\">\n<li><span class=\"a-list-item a-size-base a-color-base\">Las herramientas se apilan a un nivel de mini plataforma que da un verdadero punto de vista de la moda femenina.<\/span><\/li>\n<\/ul>\n<p>&nbsp;<\/p>\n<p><strong>Detalles:<\/strong><\/p>\n<p>&nbsp;<\/p>\n<p><strong>Marca:<\/strong> Puma.<\/p>\n<p><strong>Modelo:<\/strong> 195161-09.<\/p>\n<p><strong>G\u00e9nero:<\/strong> Femenino.<\/p>\n<p><strong>Color:<\/strong> Gris Violeta\/ Sunset Glow\/ White.<\/p>\n","protected":false},"excerpt":{"rendered":"<p>SOFTRIDE SOPHIA SLIP ON Esta emocionante adici\u00f3n a nuestra plataforma Softride aporta feminidad, estilo y comodidad incre\u00edble. Este es un<\/p>\n","protected":false},"featured_media":56956,"comment_status":"open","ping_status":"closed","template":"","meta":{"nf_dc_page":""},"product_brand":[],"product_cat":[73],"product_tag":[],"class_list":{"0":"post-56955","1":"product","2":"type-product","3":"status-publish","4":"has-post-thumbnail","6":"product_cat-femenino","8":"first","9":"instock","10":"shipping-taxable","11":"purchasable","12":"product-type-simple"},"_links":{"self":[{"href":"https:\/\/brandss.com.py\/index\/wp-json\/wp\/v2\/product\/56955","targetHints":{"allow":["GET"]}}],"collection":[{"href":"https:\/\/brandss.com.py\/index\/wp-json\/wp\/v2\/product"}],"about":[{"href":"https:\/\/brandss.com.py\/index\/wp-json\/wp\/v2\/types\/product"}],"replies":[{"embeddable":true,"href":"https:\/\/brandss.com.py\/index\/wp-json\/wp\/v2\/comments?post=56955"}],"version-history":[{"count":1,"href":"https:\/\/brandss.com.py\/index\/wp-json\/wp\/v2\/product\/56955\/revisions"}],"predecessor-version":[{"id":56963,"href":"https:\/\/brandss.com.py\/index\/wp-json\/wp\/v2\/product\/56955\/revisions\/56963"}],"wp:featuredmedia":[{"embeddable":true,"href":"https:\/\/brandss.com.py\/index\/wp-json\/wp\/v2\/media\/56956"}],"wp:attachment":[{"href":"https:\/\/brandss.com.py\/index\/wp-json\/wp\/v2\/media?parent=56955"}],"wp:term":[{"taxonomy":"product_brand","embeddable":true,"href":"https:\/\/brandss.com.py\/index\/wp-json\/wp\/v2\/product_brand?post=56955"},{"taxonomy":"product_cat","embeddable":true,"href":"https:\/\/brandss.com.py\/index\/wp-json\/wp\/v2\/product_cat?post=56955"},{"taxonomy":"product_tag","embeddable":true,"href":"https:\/\/brandss.com.py\/index\/wp-json\/wp\/v2\/product_tag?post=56955"}],"curies":[{"name":"wp","href":"https:\/\/api.w.org\/{rel}","templated":true}]}}