{"id":56985,"date":"2024-08-30T18:01:23","date_gmt":"2024-08-30T18:01:23","guid":{"rendered":"https:\/\/brandss.com.py\/index\/?post_type=product&#038;p=56985"},"modified":"2024-08-30T18:02:38","modified_gmt":"2024-08-30T18:02:38","slug":"calzado-deportivo-femenino-puma-nova-pastel-grunge","status":"publish","type":"product","link":"https:\/\/brandss.com.py\/index\/producto\/calzado-deportivo-femenino-puma-nova-pastel-grunge\/","title":{"rendered":"CALZADO DEPORTIVO FEMENINO PUMA NOVA PASTEL GRUNGE"},"content":{"rendered":"<div id=\"container\" class=\"projector_page \n\n            container\"><\/p>\n<div id=\"layout\" class=\"row clearfix\">\n<div id=\"content\" class=\"col-md-12\">\n<div class=\"n58676\">\n<div id=\"tabs_58676\">\n<div id=\"askforproduct_58676\"><\/div>\n<\/div>\n<\/div>\n<div class=\"clearBoth\"><img loading=\"lazy\" decoding=\"async\" class=\"\" src=\"https:\/\/1000logos.net\/wp-content\/uploads\/2021\/04\/Puma-logo.png\" alt=\"PUMA Logo and symbol, meaning, history, PNG, brand\" width=\"68\" height=\"34\" \/><\/div>\n<h1>NOVA PASTEL GRUNGE<\/h1>\n<div class=\"mobileTabBaseline\"><\/div>\n<div id=\"component_projector_longdescription\" class=\"projector_longdescription cm\"><span>Los c\u00f3modos calzados Puma Nova Pastel Grunge son la elecci\u00f3n perfecta para cualquier outfit diario. Estos calzados a\u00f1adir\u00e1n estilo a tu armario. P\u00f3ntelas y sal a caminar, a trabajar o a explorar nuevos lugares. \u00a1T\u00fa decides! Los calzados se mantienen en color: rosa, la parte superior est\u00e1 hecha de: ante, el forro est\u00e1 hecho de: textil y ofrece comodidad y conveniencia para tus pies. El conjunto se completa con una suela hecha de: caucho.<\/span><\/div>\n<div>\n<div class=\"mb3\">\n<div class=\"dangerous-html mb3\">\n<p>Audaz y sin complejos, Nova fusiona el dise\u00f1o cl\u00e1sico de running de los 90 con detalles femeninos y vanguardistas. El Nova Pastel Grunge como lo usa Cara Delevingne actualiza el Nova con una parte superior de gamuza pastel suave y detalles met\u00e1licos de lujo en el tal\u00f3n. Futuro y retro chocan en nuestros dise\u00f1os Futro.<\/p>\n<p>&nbsp;<\/p>\n<p><strong>Caracter\u00edsticas:<\/strong><\/p>\n<p>&nbsp;<\/p>\n<\/div>\n<\/div>\n<div class=\"mb3\">\n<div class=\"dangerous-html mb3\">\n<ul>\n<li>Silueta inspirada en el running de los 90<\/li>\n<li>Parte superior de ante con dise\u00f1o superpuesto de textura mixta<\/li>\n<li>Cierre de cordones completo para un ajuste c\u00f3modo<\/li>\n<li>Entresuela de IMEVA esculpida para una amortiguaci\u00f3n superior<\/li>\n<li>Detalle met\u00e1lico en el tal\u00f3n trasero<\/li>\n<li>Suela exterior de goma dividida en zonas con soporte medial para tracci\u00f3n<\/li>\n<li>Logotipo de la marca PUMA en la leng\u00fceta<\/li>\n<li>Elige los calzados que mejor se adapten a ti y deja que Brands te haga m\u00e1s feliz.<\/li>\n<\/ul>\n<p>&nbsp;<\/p>\n<p><strong>Detalles:<\/strong><\/p>\n<p>&nbsp;<\/p>\n<p><strong>Marca:<\/strong> Puma.<\/p>\n<p><strong>Modelo:<\/strong> 369487-03.<\/p>\n<p><strong>G\u00e9nero:<\/strong> Femenino.<\/p>\n<p><strong>Color:<\/strong> Rosa\/ Blanco\/ Dorado.<\/p>\n<\/div>\n<\/div>\n<\/div>\n<\/div>\n<\/div>\n<\/div>\n","protected":false},"excerpt":{"rendered":"<p>NOVA PASTEL GRUNGE Los c\u00f3modos calzados Puma Nova Pastel Grunge son la elecci\u00f3n perfecta para cualquier outfit diario. Estos calzados<\/p>\n","protected":false},"featured_media":56986,"comment_status":"open","ping_status":"closed","template":"","meta":{"nf_dc_page":""},"product_brand":[],"product_cat":[73],"product_tag":[],"class_list":{"0":"post-56985","1":"product","2":"type-product","3":"status-publish","4":"has-post-thumbnail","6":"product_cat-femenino","8":"first","9":"instock","10":"shipping-taxable","11":"purchasable","12":"product-type-simple"},"_links":{"self":[{"href":"https:\/\/brandss.com.py\/index\/wp-json\/wp\/v2\/product\/56985","targetHints":{"allow":["GET"]}}],"collection":[{"href":"https:\/\/brandss.com.py\/index\/wp-json\/wp\/v2\/product"}],"about":[{"href":"https:\/\/brandss.com.py\/index\/wp-json\/wp\/v2\/types\/product"}],"replies":[{"embeddable":true,"href":"https:\/\/brandss.com.py\/index\/wp-json\/wp\/v2\/comments?post=56985"}],"version-history":[{"count":1,"href":"https:\/\/brandss.com.py\/index\/wp-json\/wp\/v2\/product\/56985\/revisions"}],"predecessor-version":[{"id":56995,"href":"https:\/\/brandss.com.py\/index\/wp-json\/wp\/v2\/product\/56985\/revisions\/56995"}],"wp:featuredmedia":[{"embeddable":true,"href":"https:\/\/brandss.com.py\/index\/wp-json\/wp\/v2\/media\/56986"}],"wp:attachment":[{"href":"https:\/\/brandss.com.py\/index\/wp-json\/wp\/v2\/media?parent=56985"}],"wp:term":[{"taxonomy":"product_brand","embeddable":true,"href":"https:\/\/brandss.com.py\/index\/wp-json\/wp\/v2\/product_brand?post=56985"},{"taxonomy":"product_cat","embeddable":true,"href":"https:\/\/brandss.com.py\/index\/wp-json\/wp\/v2\/product_cat?post=56985"},{"taxonomy":"product_tag","embeddable":true,"href":"https:\/\/brandss.com.py\/index\/wp-json\/wp\/v2\/product_tag?post=56985"}],"curies":[{"name":"wp","href":"https:\/\/api.w.org\/{rel}","templated":true}]}}