{"id":57076,"date":"2024-08-31T19:06:54","date_gmt":"2024-08-31T19:06:54","guid":{"rendered":"https:\/\/brandss.com.py\/index\/?post_type=product&#038;p=57076"},"modified":"2024-08-31T19:07:50","modified_gmt":"2024-08-31T19:07:50","slug":"calzado-deportivo-juvenil-femenino-puma-softride-pop-glitch-slip-on","status":"publish","type":"product","link":"https:\/\/brandss.com.py\/index\/producto\/calzado-deportivo-juvenil-femenino-puma-softride-pop-glitch-slip-on\/","title":{"rendered":"CALZADO DEPORTIVO JUVENIL FEMENINO PUMA SOFTRIDE POP GLITCH SLIP-ON"},"content":{"rendered":"<p><img loading=\"lazy\" decoding=\"async\" class=\"\" src=\"https:\/\/1000logos.net\/wp-content\/uploads\/2021\/04\/Puma-logo.png\" alt=\"PUMA Logo and symbol, meaning, history, PNG, brand\" width=\"97\" height=\"48\" \/><\/p>\n<h1>SOFTRIDE POP GLITCH SLIP-ON.<\/h1>\n<p>Dise\u00f1adas para brindar total comodidad, los calzados de correr Puma Big Girls Softride Pop Glitch Slip-On tienen un dise\u00f1o liviano y de inspiraci\u00f3n tecnol\u00f3gica para comenzar.<\/p>\n<p>La parte superior de malla y sint\u00e9tica ofrece m\u00e1xima ventilaci\u00f3n.<br \/>\nElegante perfil bajo con entrada sin cordones<br \/>\nDetalle de encaje envolvente \u00fanico con soporte a trav\u00e9s del tal\u00f3n.<br \/>\nLeng\u00fcetas palmeadas para poner y quitar f\u00e1cilmente<br \/>\nMarca Puma en todas partes.<br \/>\nEntresuela contorneada y acolchada Softride<br \/>\nSuela de goma con agarre para una tracci\u00f3n duradera.<br \/>\nYa sea que vayan a practicar en la pista, a tener una carrera amistosa o al patio de recreo, estos zapatos los mantendr\u00e1n c\u00f3modos y ligeros.<br \/>\nParte superior textil y sint\u00e9tica, suela de goma.<br \/>\nLimpiar con un pa\u00f1o<br \/>\nImportado<\/p>\n<p>&nbsp;<\/p>\n<p><strong>Detalles:<\/strong><\/p>\n<p>&nbsp;<\/p>\n<p><strong>Marca:<\/strong> Puma.<\/p>\n<p><strong>Modelo:<\/strong> 377095-01.<\/p>\n<p><strong>G\u00e9nero:<\/strong> Femenino.<\/p>\n<p><strong>Color:<\/strong> Blanco\/ Rosa\/ Azul claro\/ Amarillo.<\/p>\n","protected":false},"excerpt":{"rendered":"<p>SOFTRIDE POP GLITCH SLIP-ON. Dise\u00f1adas para brindar total comodidad, los calzados de correr Puma Big Girls Softride Pop Glitch Slip-On<\/p>\n","protected":false},"featured_media":57077,"comment_status":"open","ping_status":"closed","template":"","meta":{"nf_dc_page":""},"product_brand":[],"product_cat":[73],"product_tag":[],"class_list":{"0":"post-57076","1":"product","2":"type-product","3":"status-publish","4":"has-post-thumbnail","6":"product_cat-femenino","8":"first","9":"instock","10":"shipping-taxable","11":"purchasable","12":"product-type-simple"},"_links":{"self":[{"href":"https:\/\/brandss.com.py\/index\/wp-json\/wp\/v2\/product\/57076","targetHints":{"allow":["GET"]}}],"collection":[{"href":"https:\/\/brandss.com.py\/index\/wp-json\/wp\/v2\/product"}],"about":[{"href":"https:\/\/brandss.com.py\/index\/wp-json\/wp\/v2\/types\/product"}],"replies":[{"embeddable":true,"href":"https:\/\/brandss.com.py\/index\/wp-json\/wp\/v2\/comments?post=57076"}],"version-history":[{"count":1,"href":"https:\/\/brandss.com.py\/index\/wp-json\/wp\/v2\/product\/57076\/revisions"}],"predecessor-version":[{"id":57083,"href":"https:\/\/brandss.com.py\/index\/wp-json\/wp\/v2\/product\/57076\/revisions\/57083"}],"wp:featuredmedia":[{"embeddable":true,"href":"https:\/\/brandss.com.py\/index\/wp-json\/wp\/v2\/media\/57077"}],"wp:attachment":[{"href":"https:\/\/brandss.com.py\/index\/wp-json\/wp\/v2\/media?parent=57076"}],"wp:term":[{"taxonomy":"product_brand","embeddable":true,"href":"https:\/\/brandss.com.py\/index\/wp-json\/wp\/v2\/product_brand?post=57076"},{"taxonomy":"product_cat","embeddable":true,"href":"https:\/\/brandss.com.py\/index\/wp-json\/wp\/v2\/product_cat?post=57076"},{"taxonomy":"product_tag","embeddable":true,"href":"https:\/\/brandss.com.py\/index\/wp-json\/wp\/v2\/product_tag?post=57076"}],"curies":[{"name":"wp","href":"https:\/\/api.w.org\/{rel}","templated":true}]}}