{"id":57095,"date":"2024-09-02T11:52:34","date_gmt":"2024-09-02T11:52:34","guid":{"rendered":"https:\/\/brandss.com.py\/index\/?post_type=product&#038;p=57095"},"modified":"2024-09-02T11:53:33","modified_gmt":"2024-09-02T11:53:33","slug":"calzado-deportivo-femenino-puma-pacer-future-lux","status":"publish","type":"product","link":"https:\/\/brandss.com.py\/index\/producto\/calzado-deportivo-femenino-puma-pacer-future-lux\/","title":{"rendered":"CALZADO DEPORTIVO FEMENINO PUMA PACER FUTURE LUX"},"content":{"rendered":"<p><img loading=\"lazy\" decoding=\"async\" class=\"\" src=\"https:\/\/1000logos.net\/wp-content\/uploads\/2021\/04\/Puma-logo.png\" alt=\"PUMA Logo and symbol, meaning, history, PNG, brand\" width=\"115\" height=\"57\" \/><\/p>\n<h1>PACER FUTURE LUX.<\/h1>\n<div class=\"col-span-full\">\n<div>\n<p>Inspirados en el running urbano moderno, los Pacer Future r\u00e1pidamente se convertir\u00e1n en tus favoritos. Su confecci\u00f3n cuenta con un dise\u00f1o elegante con empeine de tejido de punto y una estructura de TPU, lo que le da una gran sujeci\u00f3n al pie. Con un toque de destellos metalizados en la mediasuela y una plantilla SoftFoam+, estos tenis son el equilibrio perfecto entre comodidad y estilo.<\/p>\n<\/div>\n<div>\n<p><strong>CARACTER\u00cdSTICAS Y BENEFICIOS<\/strong><\/p>\n<\/div>\n<div>\n<ul>\n<li>SoftFoam+: la c\u00f3moda plantilla PUMA que combina comodidad a largo plazo y reacci\u00f3n instant\u00e1nea, entregando una suave amortiguaci\u00f3n en cada paso que das durante el d\u00eda<\/li>\n<li>CMEVA: el material de EVA moldeado por compresi\u00f3n de PUMA con un performance ligero<\/li>\n<li>Ajuste para mujer: dise\u00f1o espec\u00edfico para el pie femenino, con una horma con tal\u00f3n m\u00e1s angosto, borde m\u00e1s bajo y arco moldeado<\/li>\n<li>Ajuste con una sensaci\u00f3n similar a la que da un calcet\u00edn<\/li>\n<li>Empeine de tejido de punto<\/li>\n<li>Mediasuela de EVA<\/li>\n<li>Estructura de TPU<\/li>\n<li>Marca PUMA en la leng\u00fceta<\/li>\n<\/ul>\n<\/div>\n<div><\/div>\n<\/div>\n<div>\n<p class=\"capitalize\"><strong>Informaci\u00f3n de material:<\/strong><\/p>\n<ul>\n<li>Entresuela: 100% Sint\u00e9tico<\/li>\n<li>Plantilla: 100% Textil<\/li>\n<li>Suela: 100% Goma<\/li>\n<li>Exterior: 62.25% Textil, 37.75% Sint\u00e9tico<\/li>\n<li>Forro: 100% Textil<\/li>\n<\/ul>\n<p><strong>Detalles:<\/strong><\/p>\n<p><strong>Marca:<\/strong> Puma.<\/p>\n<p><strong>Modelo:<\/strong> 380606-01.<\/p>\n<p><strong>G\u00e9nero:<\/strong> Femenino.<\/p>\n<p><strong>Color:<\/strong> Puma Black\/ Rose Gold.<\/p>\n<\/div>\n","protected":false},"excerpt":{"rendered":"<p>PACER FUTURE LUX. Inspirados en el running urbano moderno, los Pacer Future r\u00e1pidamente se convertir\u00e1n en tus favoritos. Su confecci\u00f3n<\/p>\n","protected":false},"featured_media":57096,"comment_status":"open","ping_status":"closed","template":"","meta":{"nf_dc_page":""},"product_brand":[],"product_cat":[73],"product_tag":[],"class_list":{"0":"post-57095","1":"product","2":"type-product","3":"status-publish","4":"has-post-thumbnail","6":"product_cat-femenino","8":"first","9":"instock","10":"shipping-taxable","11":"purchasable","12":"product-type-simple"},"_links":{"self":[{"href":"https:\/\/brandss.com.py\/index\/wp-json\/wp\/v2\/product\/57095","targetHints":{"allow":["GET"]}}],"collection":[{"href":"https:\/\/brandss.com.py\/index\/wp-json\/wp\/v2\/product"}],"about":[{"href":"https:\/\/brandss.com.py\/index\/wp-json\/wp\/v2\/types\/product"}],"replies":[{"embeddable":true,"href":"https:\/\/brandss.com.py\/index\/wp-json\/wp\/v2\/comments?post=57095"}],"version-history":[{"count":1,"href":"https:\/\/brandss.com.py\/index\/wp-json\/wp\/v2\/product\/57095\/revisions"}],"predecessor-version":[{"id":57106,"href":"https:\/\/brandss.com.py\/index\/wp-json\/wp\/v2\/product\/57095\/revisions\/57106"}],"wp:featuredmedia":[{"embeddable":true,"href":"https:\/\/brandss.com.py\/index\/wp-json\/wp\/v2\/media\/57096"}],"wp:attachment":[{"href":"https:\/\/brandss.com.py\/index\/wp-json\/wp\/v2\/media?parent=57095"}],"wp:term":[{"taxonomy":"product_brand","embeddable":true,"href":"https:\/\/brandss.com.py\/index\/wp-json\/wp\/v2\/product_brand?post=57095"},{"taxonomy":"product_cat","embeddable":true,"href":"https:\/\/brandss.com.py\/index\/wp-json\/wp\/v2\/product_cat?post=57095"},{"taxonomy":"product_tag","embeddable":true,"href":"https:\/\/brandss.com.py\/index\/wp-json\/wp\/v2\/product_tag?post=57095"}],"curies":[{"name":"wp","href":"https:\/\/api.w.org\/{rel}","templated":true}]}}