{"id":57157,"date":"2024-09-02T15:05:20","date_gmt":"2024-09-02T15:05:20","guid":{"rendered":"https:\/\/brandss.com.py\/index\/?post_type=product&#038;p=57157"},"modified":"2025-07-02T16:55:46","modified_gmt":"2025-07-02T16:55:46","slug":"calzado-deportivo-masculino-puma-infusion","status":"publish","type":"product","link":"https:\/\/brandss.com.py\/index\/producto\/calzado-deportivo-masculino-puma-infusion\/","title":{"rendered":"CALZADO DEPORTIVO MASCULINO PUMA INFUSION"},"content":{"rendered":"<p><img loading=\"lazy\" decoding=\"async\" class=\"\" src=\"https:\/\/1000logos.net\/wp-content\/uploads\/2021\/04\/Puma-logo.png\" alt=\"PUMA Logo and symbol, meaning, history, PNG, brand\" width=\"88\" height=\"44\" \/><\/p>\n<h1>INFUSION.<\/h1>\n<p>Los nuevos zapatos de entrenamiento Infusion se inspiran en nuestros renombrados zapatos de entrenamiento Fuse, pero los modifican con un lenguaje de dise\u00f1o m\u00e1s delgado.\u00a0Sin embargo, al igual que el Fuse original, la amortiguaci\u00f3n es liviana y receptiva, perfecta para largos d\u00edas en el gimnasio, y el cuello acolchado asegura que tus pies est\u00e9n seguros en cada levantamiento.<\/p>\n<p><strong>Detalles:<\/strong><\/p>\n<ul>\n<li><strong>Marca:<\/strong> Puma.<\/li>\n<li><strong>Modelo:<\/strong>\u00a0377893-06.<\/li>\n<li><strong>G\u00e9nero:<\/strong>\u00a0Masculino.<\/li>\n<li><strong>Color:<\/strong>\u00a0Negro\/Rojo.<\/li>\n<li><strong>Actividad:<\/strong>\u00a0Running.<\/li>\n<\/ul>\n<p>&nbsp;<\/p>\n","protected":false},"excerpt":{"rendered":"<p>INFUSION. Los nuevos zapatos de entrenamiento Infusion se inspiran en nuestros renombrados zapatos de entrenamiento Fuse, pero los modifican con<\/p>\n","protected":false},"featured_media":57158,"comment_status":"open","ping_status":"closed","template":"","meta":{"nf_dc_page":""},"product_brand":[],"product_cat":[76],"product_tag":[],"class_list":{"0":"post-57157","1":"product","2":"type-product","3":"status-publish","4":"has-post-thumbnail","6":"product_cat-masculino","8":"first","9":"instock","10":"shipping-taxable","11":"purchasable","12":"product-type-simple"},"_links":{"self":[{"href":"https:\/\/brandss.com.py\/index\/wp-json\/wp\/v2\/product\/57157","targetHints":{"allow":["GET"]}}],"collection":[{"href":"https:\/\/brandss.com.py\/index\/wp-json\/wp\/v2\/product"}],"about":[{"href":"https:\/\/brandss.com.py\/index\/wp-json\/wp\/v2\/types\/product"}],"replies":[{"embeddable":true,"href":"https:\/\/brandss.com.py\/index\/wp-json\/wp\/v2\/comments?post=57157"}],"version-history":[{"count":1,"href":"https:\/\/brandss.com.py\/index\/wp-json\/wp\/v2\/product\/57157\/revisions"}],"predecessor-version":[{"id":57164,"href":"https:\/\/brandss.com.py\/index\/wp-json\/wp\/v2\/product\/57157\/revisions\/57164"}],"wp:featuredmedia":[{"embeddable":true,"href":"https:\/\/brandss.com.py\/index\/wp-json\/wp\/v2\/media\/57158"}],"wp:attachment":[{"href":"https:\/\/brandss.com.py\/index\/wp-json\/wp\/v2\/media?parent=57157"}],"wp:term":[{"taxonomy":"product_brand","embeddable":true,"href":"https:\/\/brandss.com.py\/index\/wp-json\/wp\/v2\/product_brand?post=57157"},{"taxonomy":"product_cat","embeddable":true,"href":"https:\/\/brandss.com.py\/index\/wp-json\/wp\/v2\/product_cat?post=57157"},{"taxonomy":"product_tag","embeddable":true,"href":"https:\/\/brandss.com.py\/index\/wp-json\/wp\/v2\/product_tag?post=57157"}],"curies":[{"name":"wp","href":"https:\/\/api.w.org\/{rel}","templated":true}]}}