{"id":57321,"date":"2024-09-03T19:20:18","date_gmt":"2024-09-03T19:20:18","guid":{"rendered":"https:\/\/brandss.com.py\/index\/?post_type=product&#038;p=57321"},"modified":"2025-06-16T18:48:08","modified_gmt":"2025-06-16T18:48:08","slug":"calzado-deportivo-masculino-puma-365-netfit-lite","status":"publish","type":"product","link":"https:\/\/brandss.com.py\/index\/producto\/calzado-deportivo-masculino-puma-365-netfit-lite\/","title":{"rendered":"CALZADO DEPORTIVO MASCULINO PUMA 365 NETFIT LITE"},"content":{"rendered":"<p><img loading=\"lazy\" decoding=\"async\" class=\"\" src=\"https:\/\/1000logos.net\/wp-content\/uploads\/2021\/04\/Puma-logo.png\" alt=\"PUMA Logo and symbol, meaning, history, PNG, brand\" width=\"112\" height=\"56\" \/><\/p>\n<h1>365 NETFIT LITE.<\/h1>\n<p>El axelion incorpora un logotipo de puma audaz que corre alrededor del tal\u00f3n de la correa de gore. Los cordones se extienden m\u00e1s abajo por los lados de tu pie para un ajuste de apoyo. La malla es un material de punto. El v\u00e1stago de TPU proporciona apoyo y control de movimiento a trav\u00e9s del tal\u00f3n y el medio pie. Suela de goma para mayor durabilidad y tracci\u00f3n \u00f3ptima. Con un exclusivo cierre de cordones y un cuello tipo calcet\u00edn, mant\u00e9n la comodidad en primer plano con los zapatos de f\u00fatbol de malla PUMA 365 Netfit Lite SMU. Con una suela de goma EVA que no deja marcas que permite libertad de movimiento en superficies duras, la suela liviana y flexible garantiza altos niveles de agarre.<\/p>\n<p><strong>Detalles:<\/strong><\/p>\n<p><strong>Marca:<\/strong> Puma.<\/p>\n<p><strong>Modelo:<\/strong> 105772-02.<\/p>\n<p><strong>G\u00e9nero:<\/strong> Masculino.<\/p>\n<p><strong>Color:<\/strong> Negro\/ Blanco.<\/p>\n","protected":false},"excerpt":{"rendered":"<p>365 NETFIT LITE. El axelion incorpora un logotipo de puma audaz que corre alrededor del tal\u00f3n de la correa de<\/p>\n","protected":false},"featured_media":57322,"comment_status":"open","ping_status":"closed","template":"","meta":{"nf_dc_page":""},"product_brand":[],"product_cat":[76],"product_tag":[],"class_list":{"0":"post-57321","1":"product","2":"type-product","3":"status-publish","4":"has-post-thumbnail","6":"product_cat-masculino","8":"first","9":"instock","10":"shipping-taxable","11":"purchasable","12":"product-type-simple"},"_links":{"self":[{"href":"https:\/\/brandss.com.py\/index\/wp-json\/wp\/v2\/product\/57321","targetHints":{"allow":["GET"]}}],"collection":[{"href":"https:\/\/brandss.com.py\/index\/wp-json\/wp\/v2\/product"}],"about":[{"href":"https:\/\/brandss.com.py\/index\/wp-json\/wp\/v2\/types\/product"}],"replies":[{"embeddable":true,"href":"https:\/\/brandss.com.py\/index\/wp-json\/wp\/v2\/comments?post=57321"}],"version-history":[{"count":2,"href":"https:\/\/brandss.com.py\/index\/wp-json\/wp\/v2\/product\/57321\/revisions"}],"predecessor-version":[{"id":57328,"href":"https:\/\/brandss.com.py\/index\/wp-json\/wp\/v2\/product\/57321\/revisions\/57328"}],"wp:featuredmedia":[{"embeddable":true,"href":"https:\/\/brandss.com.py\/index\/wp-json\/wp\/v2\/media\/57322"}],"wp:attachment":[{"href":"https:\/\/brandss.com.py\/index\/wp-json\/wp\/v2\/media?parent=57321"}],"wp:term":[{"taxonomy":"product_brand","embeddable":true,"href":"https:\/\/brandss.com.py\/index\/wp-json\/wp\/v2\/product_brand?post=57321"},{"taxonomy":"product_cat","embeddable":true,"href":"https:\/\/brandss.com.py\/index\/wp-json\/wp\/v2\/product_cat?post=57321"},{"taxonomy":"product_tag","embeddable":true,"href":"https:\/\/brandss.com.py\/index\/wp-json\/wp\/v2\/product_tag?post=57321"}],"curies":[{"name":"wp","href":"https:\/\/api.w.org\/{rel}","templated":true}]}}