{"id":57367,"date":"2024-09-04T14:28:35","date_gmt":"2024-09-04T14:28:35","guid":{"rendered":"https:\/\/brandss.com.py\/index\/?post_type=product&#038;p=57367"},"modified":"2025-08-16T19:19:37","modified_gmt":"2025-08-16T19:19:37","slug":"calzado-deportivo-masculino-puma-suede-classic","status":"publish","type":"product","link":"https:\/\/brandss.com.py\/index\/producto\/calzado-deportivo-masculino-puma-suede-classic\/","title":{"rendered":"CALZADO DEPORTIVO MASCULINO PUMA SUEDE CLASSIC"},"content":{"rendered":"<p><img loading=\"lazy\" decoding=\"async\" class=\"\" src=\"https:\/\/1000logos.net\/wp-content\/uploads\/2021\/04\/Puma-logo.png\" alt=\"PUMA Logo and symbol, meaning, history, PNG, brand\" width=\"179\" height=\"89\" \/><\/p>\n<h1>SUEDE CLASSIC.<\/h1>\n<p>Desde los a\u00f1os sesenta, los\u00a0<strong>Suede<\/strong>\u00a0han sido un icono de la marca\u00a0<strong>Puma<\/strong>. Y a pesar de los a\u00f1os, se siguen manteniendo como un cl\u00e1sico atemporal que no pasa de moda. En esta ocasi\u00f3n, se presenta con peque\u00f1as actualizaciones pero manteniendo su esencia de siempre. Sus capas en gamuza le otorgan el toque que estabas buscando. Su suela de goma te brinda tracci\u00f3n en cada paso para evitar derrapes.<\/p>\n<p>El calzado Puma Suede Classic &#8216;Red&#8217; regresa con una versi\u00f3n de gamuza roja de lujo de la cl\u00e1sica silueta de ca\u00f1a baja. El corredor Tommie Smith, que alcanz\u00f3 prominencia en el escenario mundial, llev\u00f3 una Puma Suede al podio de medallas en los Juegos Ol\u00edmpicos de verano. EL calzado pronto se convirti\u00f3 en un icono gracias a su dise\u00f1o vers\u00e1til y su ajuste c\u00f3modo. El dise\u00f1o est\u00e1 terminado con una leng\u00fceta acolchada, una suela de goma gruesa y una suela exterior texturizada para mejorar la tracci\u00f3n.<\/p>\n<div class=\"sc-bdnxRM cgtQzt sc-pNWdM\"><span>Adopta el estilo urbano con las ic\u00f3nicas Puma Suede Classic &#8216;Red&#8217;. Estos calzados cuentan con una parte superior de gamuza roja vibrante, que brinda un toque llamativo y audaz. La silueta cl\u00e1sica cuenta con un dise\u00f1o atemporal, con un cierre con cordones que garantiza un ajuste seguro. La suela exterior de goma brinda una excelente tracci\u00f3n y durabilidad, lo que las hace perfectas para el uso diario. Mejora tu guardarropa con las Puma Suede Classic &#8216;Red&#8217;, una fusi\u00f3n de comodidad, estilo y atractivo atemporal.<\/span><\/div>\n<div><\/div>\n<div><strong>DETALLES:<\/strong><\/div>\n<div><\/div>\n<div class=\"sc-bdnxRM sc-gtsrHT sc-jSFjdj kIzPuz gfuSqG sm-above\">\n<div class=\"sc-bdnxRM sc-iCoGMd sc-gGLxEB fzUdiI dGJRan\">\n<div class=\"sc-bdnxRM kCNNfV sc-pNWdM\"><span><strong>Marca:<\/strong> <\/span><span>Puma<\/span><\/div>\n<\/div>\n<div class=\"sc-bdnxRM sc-iCoGMd sc-gGLxEB fzUdiI dGJRan\">\n<div class=\"sc-bdnxRM kCNNfV sc-pNWdM\"><strong>Modelo:<\/strong> 352634-65<\/div>\n<\/div>\n<div class=\"sc-bdnxRM sc-iCoGMd sc-gGLxEB fzUdiI dGJRan\">\n<div class=\"sc-bdnxRM kCNNfV sc-pNWdM\"><strong>G\u00e9nero:<\/strong> Masculino.<\/div>\n<div><strong>Color:<\/strong> Rojo\/ Blanco\/ Dorado.<\/div>\n<\/div>\n<\/div>\n","protected":false},"excerpt":{"rendered":"<p>SUEDE CLASSIC. Desde los a\u00f1os sesenta, los\u00a0Suede\u00a0han sido un icono de la marca\u00a0Puma. Y a pesar de los a\u00f1os, se<\/p>\n","protected":false},"featured_media":57368,"comment_status":"open","ping_status":"closed","template":"","meta":{"nf_dc_page":""},"product_brand":[],"product_cat":[76],"product_tag":[],"class_list":{"0":"post-57367","1":"product","2":"type-product","3":"status-publish","4":"has-post-thumbnail","6":"product_cat-masculino","8":"first","9":"instock","10":"shipping-taxable","11":"purchasable","12":"product-type-simple"},"_links":{"self":[{"href":"https:\/\/brandss.com.py\/index\/wp-json\/wp\/v2\/product\/57367","targetHints":{"allow":["GET"]}}],"collection":[{"href":"https:\/\/brandss.com.py\/index\/wp-json\/wp\/v2\/product"}],"about":[{"href":"https:\/\/brandss.com.py\/index\/wp-json\/wp\/v2\/types\/product"}],"replies":[{"embeddable":true,"href":"https:\/\/brandss.com.py\/index\/wp-json\/wp\/v2\/comments?post=57367"}],"version-history":[{"count":1,"href":"https:\/\/brandss.com.py\/index\/wp-json\/wp\/v2\/product\/57367\/revisions"}],"predecessor-version":[{"id":57380,"href":"https:\/\/brandss.com.py\/index\/wp-json\/wp\/v2\/product\/57367\/revisions\/57380"}],"wp:featuredmedia":[{"embeddable":true,"href":"https:\/\/brandss.com.py\/index\/wp-json\/wp\/v2\/media\/57368"}],"wp:attachment":[{"href":"https:\/\/brandss.com.py\/index\/wp-json\/wp\/v2\/media?parent=57367"}],"wp:term":[{"taxonomy":"product_brand","embeddable":true,"href":"https:\/\/brandss.com.py\/index\/wp-json\/wp\/v2\/product_brand?post=57367"},{"taxonomy":"product_cat","embeddable":true,"href":"https:\/\/brandss.com.py\/index\/wp-json\/wp\/v2\/product_cat?post=57367"},{"taxonomy":"product_tag","embeddable":true,"href":"https:\/\/brandss.com.py\/index\/wp-json\/wp\/v2\/product_tag?post=57367"}],"curies":[{"name":"wp","href":"https:\/\/api.w.org\/{rel}","templated":true}]}}