{"id":57433,"date":"2024-09-05T12:45:11","date_gmt":"2024-09-05T12:45:11","guid":{"rendered":"https:\/\/brandss.com.py\/index\/?post_type=product&#038;p=57433"},"modified":"2025-04-04T10:46:59","modified_gmt":"2025-04-04T10:46:59","slug":"calzado-deportivo-masculino-new-balance-1540v3","status":"publish","type":"product","link":"https:\/\/brandss.com.py\/index\/producto\/calzado-deportivo-masculino-new-balance-1540v3\/","title":{"rendered":"CALZADO DEPORTIVO MASCULINO NEW BALANCE 1540V3"},"content":{"rendered":"<p><img loading=\"lazy\" decoding=\"async\" class=\"\" src=\"https:\/\/cdn.freebiesupply.com\/logos\/large\/2x\/new-balance-2-logo-black-and-white.png\" alt=\"New Balance Logo PNG Transparent &amp; SVG Vector - Freebie Supply\" width=\"53\" height=\"53\" \/><\/p>\n<h1>1540V3.<\/h1>\n<p>Nuestro modelo 1540v3 viene equipado con alta tecnolog\u00eda que proporciona estabilidad kil\u00f3metro tras kil\u00f3metro y evita la sobrepronaci\u00f3n. Est\u00e1 dise\u00f1ado con dos capas de espuma de alto rendimiento que ofrecen un soporte superior y un rebote suave. Fabricado con una tecnolog\u00eda de entresuela ENCAP y Rollbar, este calzado para hombre proporciona un control posterior del movimiento en los pies, especial para carreras de 5K y m\u00e1s.<\/p>\n<p>Este calzado de running para hombre incluye ahora nuevos colores de la temporada.<\/p>\n<div class=\"product-details-header ml-2 mb-2\">\n<div class=\"product-details-header ml-2 mb-2\"><strong>Caracter\u00edsticas<\/strong><\/div>\n<div class=\"ecom-bullets ml-3 mt-0\">\n<ul>\n<li><span>Entresuela de EVA<\/span><\/li>\n<li><span>Sistema de barra antivuelco<\/span><\/li>\n<li>A partir de abril del 2021, el modelo 1540v3 dej\u00f3 de fabricarse en los Estados Unidos.<\/li>\n<li><span>Recibi\u00f3 el Sello de Aceptaci\u00f3n de la Asociaci\u00f3n M\u00e9dica Podi\u00e1trica Estadounidense (APMA). El Sello de Aceptaci\u00f3n de la APMA reconoce a los productos que tienen un valor significativo cuando se utilizan en un programa aplicado de manera constante de cuidado diario de los pies y tratamiento profesional regular. Para obtener el sello, cada producto es revisado por un panel de pod\u00f3logos de la APMA que analizan la calidad general, as\u00ed como su eficacia.<\/span><\/li>\n<li>Reconocido con el Sello de Aceptaci\u00f3n de la Asociaci\u00f3n M\u00e9dica Americana de Podolog\u00eda (APMA)<\/li>\n<\/ul>\n<\/div>\n<\/div>\n<div class=\"ecom-bullets ml-3 mt-0\">\n<p><strong>Detalles:<\/strong><\/p>\n<p><strong>Marca:<\/strong> New Balance.<\/p>\n<p><strong>Modelo:<\/strong> M1540BK3.<\/p>\n<p><strong>G\u00e9nero:<\/strong> Masculino.<\/p>\n<p><strong>Color:<\/strong> Black con Castlerock<\/p>\n<\/div>\n","protected":false},"excerpt":{"rendered":"<p>1540V3. Nuestro modelo 1540v3 viene equipado con alta tecnolog\u00eda que proporciona estabilidad kil\u00f3metro tras kil\u00f3metro y evita la sobrepronaci\u00f3n. Est\u00e1<\/p>\n","protected":false},"featured_media":57434,"comment_status":"open","ping_status":"closed","template":"","meta":{"nf_dc_page":""},"product_brand":[],"product_cat":[76],"product_tag":[],"class_list":{"0":"post-57433","1":"product","2":"type-product","3":"status-publish","4":"has-post-thumbnail","6":"product_cat-masculino","8":"first","9":"instock","10":"shipping-taxable","11":"purchasable","12":"product-type-simple"},"_links":{"self":[{"href":"https:\/\/brandss.com.py\/index\/wp-json\/wp\/v2\/product\/57433","targetHints":{"allow":["GET"]}}],"collection":[{"href":"https:\/\/brandss.com.py\/index\/wp-json\/wp\/v2\/product"}],"about":[{"href":"https:\/\/brandss.com.py\/index\/wp-json\/wp\/v2\/types\/product"}],"replies":[{"embeddable":true,"href":"https:\/\/brandss.com.py\/index\/wp-json\/wp\/v2\/comments?post=57433"}],"version-history":[{"count":1,"href":"https:\/\/brandss.com.py\/index\/wp-json\/wp\/v2\/product\/57433\/revisions"}],"predecessor-version":[{"id":57439,"href":"https:\/\/brandss.com.py\/index\/wp-json\/wp\/v2\/product\/57433\/revisions\/57439"}],"wp:featuredmedia":[{"embeddable":true,"href":"https:\/\/brandss.com.py\/index\/wp-json\/wp\/v2\/media\/57434"}],"wp:attachment":[{"href":"https:\/\/brandss.com.py\/index\/wp-json\/wp\/v2\/media?parent=57433"}],"wp:term":[{"taxonomy":"product_brand","embeddable":true,"href":"https:\/\/brandss.com.py\/index\/wp-json\/wp\/v2\/product_brand?post=57433"},{"taxonomy":"product_cat","embeddable":true,"href":"https:\/\/brandss.com.py\/index\/wp-json\/wp\/v2\/product_cat?post=57433"},{"taxonomy":"product_tag","embeddable":true,"href":"https:\/\/brandss.com.py\/index\/wp-json\/wp\/v2\/product_tag?post=57433"}],"curies":[{"name":"wp","href":"https:\/\/api.w.org\/{rel}","templated":true}]}}