{"id":57494,"date":"2024-09-06T11:54:49","date_gmt":"2024-09-06T11:54:49","guid":{"rendered":"https:\/\/brandss.com.py\/index\/?post_type=product&#038;p=57494"},"modified":"2025-08-16T19:19:23","modified_gmt":"2025-08-16T19:19:23","slug":"calzado-deportivo-masculino-new-balance-574-court","status":"publish","type":"product","link":"https:\/\/brandss.com.py\/index\/producto\/calzado-deportivo-masculino-new-balance-574-court\/","title":{"rendered":"CALZADO DEPORTIVO MASCULINO NEW BALANCE 574 COURT"},"content":{"rendered":"<p><img loading=\"lazy\" decoding=\"async\" class=\"\" src=\"https:\/\/cdn.freebiesupply.com\/logos\/large\/2x\/new-balance-2-logo-black-and-white.png\" alt=\"New Balance Logo PNG Transparent &amp; SVG Vector - Freebie Supply\" width=\"75\" height=\"75\" \/><\/p>\n<h1>574 COURT.<\/h1>\n<p>El modelo 574 de New Balance es, sin lugar a dudas, un icono. Reconocible al instante y muy popular, el modelo 574 ha recorrido un largo camino desde sus or\u00edgenes como una combinaci\u00f3n multifuncional de dise\u00f1o para carreras de monta\u00f1a y de carretera. Como una clara desviaci\u00f3n de las estrechas siluetas de carreras de generaciones anteriores, el modelo 574 ofrec\u00eda comodidad confiable y versatilidad estil\u00edstica, en un paquete modestamente simple. El modelo 574 ha desafiado las tendencias y otras distinciones artificiales para convertirse en un elemento fijo en los armarios de todo el mundo. Esta versi\u00f3n especial para canchas del modelo 574 aporta un estilo informal al cl\u00e1sico.<\/p>\n<p><span>Los calzados bajos para hombre de <\/span>New Balance<span> est\u00e1n hechas de ante natural con la adici\u00f3n de materiales sint\u00e9ticos. El cl\u00e1sico casual 574 se actualiza con una suela inspirado en los calzados de tenis para una est\u00e9tica retro y moderna.<\/span><\/p>\n<p><strong><span>Peculiaridades<\/span><\/strong><span>\u00a0:<\/span><\/p>\n<ul>\n<li><span>El cl\u00e1sico sistema de cordones situado en el centro proporciona un buen ajuste y aporta estabilidad al pie.<\/span><\/li>\n<li><span>La tecnolog\u00eda REV-Lite utilizada en la suela proporciona extrema suavidad y comodidad.<\/span><\/li>\n<li><span>OrthoLite es una plantilla antibacteriana que absorbe los impactos de muy alta calidad. Se adapta perfectamente al pie y proporciona una ventilaci\u00f3n duradera.<\/span><\/li>\n<li><span>Logotipo\u00a0<\/span>de New Balance<span>\u00a0en contraste .<\/span><\/li>\n<li><span>La suela es de goma.<\/span><\/li>\n<\/ul>\n<p><strong><span>Instrucciones de cuidado:<\/span><\/strong><\/p>\n<ul>\n<li><span>Despu\u00e9s de cada uso, seque los zapatos evitando el calor.<\/span><\/li>\n<li><span>Utilice un spray a prueba de humedad.<\/span><\/li>\n<li><span>Se recomienda la limpieza en seco a menos que el fabricante especifique otro m\u00e9todo de limpieza en el producto o embalaje.<\/span><\/li>\n<li><span>Evite mojarse mucho mientras lo usa.<\/span><\/li>\n<li><span>Guarde los zapatos utilizando inserciones especiales o papel para mantener su forma.<\/span><\/li>\n<\/ul>\n<p><strong>Detalles:<\/strong><\/p>\n<p><strong>Marca:<\/strong> New Balance.<\/p>\n<p><strong>Modelo:<\/strong> CT574LFF.<\/p>\n<p><strong>G\u00e9nero:<\/strong> Masculino.<\/p>\n<p><strong>Color:<\/strong> Blanco\/ Carmens\u00ed\/ Beige\/ Negro.<\/p>\n","protected":false},"excerpt":{"rendered":"<p>574 COURT. El modelo 574 de New Balance es, sin lugar a dudas, un icono. Reconocible al instante y muy<\/p>\n","protected":false},"featured_media":57495,"comment_status":"open","ping_status":"closed","template":"","meta":{"nf_dc_page":""},"product_brand":[],"product_cat":[76],"product_tag":[],"class_list":{"0":"post-57494","1":"product","2":"type-product","3":"status-publish","4":"has-post-thumbnail","6":"product_cat-masculino","8":"first","9":"instock","10":"shipping-taxable","11":"purchasable","12":"product-type-simple"},"_links":{"self":[{"href":"https:\/\/brandss.com.py\/index\/wp-json\/wp\/v2\/product\/57494","targetHints":{"allow":["GET"]}}],"collection":[{"href":"https:\/\/brandss.com.py\/index\/wp-json\/wp\/v2\/product"}],"about":[{"href":"https:\/\/brandss.com.py\/index\/wp-json\/wp\/v2\/types\/product"}],"replies":[{"embeddable":true,"href":"https:\/\/brandss.com.py\/index\/wp-json\/wp\/v2\/comments?post=57494"}],"version-history":[{"count":1,"href":"https:\/\/brandss.com.py\/index\/wp-json\/wp\/v2\/product\/57494\/revisions"}],"predecessor-version":[{"id":57508,"href":"https:\/\/brandss.com.py\/index\/wp-json\/wp\/v2\/product\/57494\/revisions\/57508"}],"wp:featuredmedia":[{"embeddable":true,"href":"https:\/\/brandss.com.py\/index\/wp-json\/wp\/v2\/media\/57495"}],"wp:attachment":[{"href":"https:\/\/brandss.com.py\/index\/wp-json\/wp\/v2\/media?parent=57494"}],"wp:term":[{"taxonomy":"product_brand","embeddable":true,"href":"https:\/\/brandss.com.py\/index\/wp-json\/wp\/v2\/product_brand?post=57494"},{"taxonomy":"product_cat","embeddable":true,"href":"https:\/\/brandss.com.py\/index\/wp-json\/wp\/v2\/product_cat?post=57494"},{"taxonomy":"product_tag","embeddable":true,"href":"https:\/\/brandss.com.py\/index\/wp-json\/wp\/v2\/product_tag?post=57494"}],"curies":[{"name":"wp","href":"https:\/\/api.w.org\/{rel}","templated":true}]}}