{"id":57524,"date":"2024-09-06T15:15:09","date_gmt":"2024-09-06T15:15:09","guid":{"rendered":"https:\/\/brandss.com.py\/index\/?post_type=product&#038;p=57524"},"modified":"2025-08-16T19:19:23","modified_gmt":"2025-08-16T19:19:23","slug":"calzado-deportivo-masculino-new-balance-327","status":"publish","type":"product","link":"https:\/\/brandss.com.py\/index\/producto\/calzado-deportivo-masculino-new-balance-327\/","title":{"rendered":"CALZADO DEPORTIVO MASCULINO NEW BALANCE 327"},"content":{"rendered":"<p><img loading=\"lazy\" decoding=\"async\" class=\"\" src=\"https:\/\/cdn.freebiesupply.com\/logos\/large\/2x\/new-balance-2-logo-black-and-white.png\" alt=\"New Balance Logo PNG Transparent &amp; SVG Vector - Freebie Supply\" width=\"56\" height=\"56\" \/><\/p>\n<h1>327.<\/h1>\n<p><span>A medida que el running recreativo se hizo muy popular en la d\u00e9cada de 1970, el modelo de referencia para el calzado de running pas\u00f3 de ser una mera existencia a un modelo de rendimiento. Si bien los dise\u00f1os de la \u00e9poca se considerar\u00edan simples seg\u00fan los est\u00e1ndares actuales, la d\u00e9cada se destaca como el momento en el que los calzados de running realmente cobraron importancia. El modelo 327 arroja nueva luz sobre los a\u00f1os 70 como una \u00e9poca de innovaci\u00f3n al reformular con audacia los elementos de dise\u00f1o cl\u00e1sicos con una perspectiva completamente contempor\u00e1nea. Con una reelaboraci\u00f3n angular de la silueta de cu\u00f1a probada y verdadera, la marca &#8220;N&#8221; de gran tama\u00f1o aplicada de forma asim\u00e9trica y una suela exterior con tacos envolventes inspirada en los senderos, el modelo 327 ofrece nada menos que una reinvenci\u00f3n completa de nuestra herencia del running.<\/span><\/p>\n<p><strong>Caracter\u00edsticas:<\/strong><\/p>\n<ul class=\"list-square pl-5\">\n<li>Parte superior de piel y sint\u00e9tico<\/li>\n<li>Cierre de cordones<\/li>\n<li>Forro textil<\/li>\n<li>Suela de goma<\/li>\n<li>Tobillo acolchado<\/li>\n<li>Entresuela acampanada<\/li>\n<li>Parte superior de gamuza, nailon y malla con dise\u00f1o de colmillos exagerados inspirado en 320, 355 y Supercomp<\/li>\n<li>Marca N de gran tama\u00f1o<\/li>\n<li>Texto lineal medial de la marca &#8216;New Balance&#8217;<\/li>\n<li>Suela con tacos inspirada en la zapatilla para trail running 355<\/li>\n<li>Envoltura de tal\u00f3n de goma inspirada en 320, 355 y Supercomp<\/li>\n<li>Leng\u00fceta de nailon de inspiraci\u00f3n retro<\/li>\n<li>Ojetes divididos<\/li>\n<\/ul>\n<p>&nbsp;<\/p>\n<p><strong>Detalles:<\/strong><\/p>\n<p>&nbsp;<\/p>\n<p><strong>Marca:<\/strong> New Balance.<\/p>\n<p><strong>Modelo:<\/strong> MS327VB.<\/p>\n<p><strong>G\u00e9nero:<\/strong> Masculino.<\/p>\n<p><strong>Color:<\/strong> Team Forest Green.<\/p>\n","protected":false},"excerpt":{"rendered":"<p>327. A medida que el running recreativo se hizo muy popular en la d\u00e9cada de 1970, el modelo de referencia<\/p>\n","protected":false},"featured_media":57525,"comment_status":"open","ping_status":"closed","template":"","meta":{"nf_dc_page":""},"product_brand":[],"product_cat":[76],"product_tag":[],"class_list":{"0":"post-57524","1":"product","2":"type-product","3":"status-publish","4":"has-post-thumbnail","6":"product_cat-masculino","8":"first","9":"instock","10":"shipping-taxable","11":"purchasable","12":"product-type-simple"},"_links":{"self":[{"href":"https:\/\/brandss.com.py\/index\/wp-json\/wp\/v2\/product\/57524","targetHints":{"allow":["GET"]}}],"collection":[{"href":"https:\/\/brandss.com.py\/index\/wp-json\/wp\/v2\/product"}],"about":[{"href":"https:\/\/brandss.com.py\/index\/wp-json\/wp\/v2\/types\/product"}],"replies":[{"embeddable":true,"href":"https:\/\/brandss.com.py\/index\/wp-json\/wp\/v2\/comments?post=57524"}],"version-history":[{"count":1,"href":"https:\/\/brandss.com.py\/index\/wp-json\/wp\/v2\/product\/57524\/revisions"}],"predecessor-version":[{"id":57538,"href":"https:\/\/brandss.com.py\/index\/wp-json\/wp\/v2\/product\/57524\/revisions\/57538"}],"wp:featuredmedia":[{"embeddable":true,"href":"https:\/\/brandss.com.py\/index\/wp-json\/wp\/v2\/media\/57525"}],"wp:attachment":[{"href":"https:\/\/brandss.com.py\/index\/wp-json\/wp\/v2\/media?parent=57524"}],"wp:term":[{"taxonomy":"product_brand","embeddable":true,"href":"https:\/\/brandss.com.py\/index\/wp-json\/wp\/v2\/product_brand?post=57524"},{"taxonomy":"product_cat","embeddable":true,"href":"https:\/\/brandss.com.py\/index\/wp-json\/wp\/v2\/product_cat?post=57524"},{"taxonomy":"product_tag","embeddable":true,"href":"https:\/\/brandss.com.py\/index\/wp-json\/wp\/v2\/product_tag?post=57524"}],"curies":[{"name":"wp","href":"https:\/\/api.w.org\/{rel}","templated":true}]}}