{"id":57539,"date":"2024-09-06T17:09:05","date_gmt":"2024-09-06T17:09:05","guid":{"rendered":"https:\/\/brandss.com.py\/index\/?post_type=product&#038;p=57539"},"modified":"2025-08-16T19:19:11","modified_gmt":"2025-08-16T19:19:11","slug":"calzado-deportivo-masculino-new-balance-coco-cg1","status":"publish","type":"product","link":"https:\/\/brandss.com.py\/index\/producto\/calzado-deportivo-masculino-new-balance-coco-cg1\/","title":{"rendered":"CALZADO DEPORTIVO MASCULINO NEW BALANCE COCO CG1"},"content":{"rendered":"<p><img loading=\"lazy\" decoding=\"async\" class=\"\" src=\"https:\/\/cdn.freebiesupply.com\/logos\/large\/2x\/new-balance-2-logo-black-and-white.png\" alt=\"New Balance Logo PNG Transparent &amp; SVG Vector - Freebie Supply\" width=\"58\" height=\"58\" \/><\/p>\n<h1>COCO CG1<\/h1>\n<p>La Coco CG1 es un golpe agresivo de New Balance y el calzado ofrece soporte y estabilidad para combinar con cualquier calzado de tenis. La CG1 fue dise\u00f1ada en colaboraci\u00f3n con la atleta de NB Coco Gauff. Un calzado exclusivo es m\u00e1s que un nombre. Su dise\u00f1o expresa las cualidades que hacen que una persona se destaque entre la multitud en su campo elegido. Es por eso que la Coco CG1 es una combinaci\u00f3n \u00fanica de estilo llamativo y alto rendimiento. Fuertemente influenciada por las siluetas de baloncesto y la est\u00e9tica de los a\u00f1os 90, la Coco CG1 presenta una construcci\u00f3n superior de varias piezas, equipada con un llamativo dise\u00f1o de bloques de colores. El aspecto distintivo se combina con la capacidad de respuesta din\u00e1mica de la amortiguaci\u00f3n FuelCell y la nueva tecnolog\u00eda Energy Arc, mientras que una parte superior tejida Fit Weave Lite proporciona un ajuste ligero pero firme.<\/p>\n<p><span>\u00a1Destaca entre la multitud con las New Balance Coco CG1! Este calzado exclusivo dise\u00f1ado con la estrella del tenis Coco Gauff combina el estilo de los a\u00f1os 90 con una capacidad de respuesta din\u00e1mica. La parte superior de varias piezas presenta un dise\u00f1o de bloques de colores llamativos y una sujeci\u00f3n firme en la cancha. La entresuela FuelCell y la tecnolog\u00eda Energy Arc a\u00f1aden explosividad a cada movimiento. Si quieres hacer una declaraci\u00f3n de estilo durante el partido, \u00a1elige las New Balance Coco CG1!<\/span><\/p>\n<p><strong><span>Tecnolog\u00eda del calzado<\/span><\/strong><\/p>\n<p><strong><span>Parte superior:<\/span><\/strong><span>\u00a0Fit Weave Lite conserva la forma para brindar elasticidad y soporte espec\u00edficos con una sensaci\u00f3n de ligereza adicional. La banda de refuerzo de sill\u00edn agrega soporte durante los movimientos laterales r\u00e1pidos. La protecci\u00f3n de dedos NDure brinda durabilidad superior en \u00e1reas de alto desgaste. Gr\u00e1ficos, logotipos y detalles de joyas de encaje inspirados en Coco Gauff.<\/span><\/p>\n<p><strong><span>Entresuela:<\/span><\/strong><span>\u00a0La espuma FuelCell brinda una sensaci\u00f3n de propulsi\u00f3n que te impulsa hacia adelante. Energy Arc combina una geometr\u00eda de placa de fibra de carbono espec\u00edfica para el deporte con cortes estrat\u00e9gicos en la entresuela para brindar un alto retorno de energ\u00eda.<\/span><\/p>\n<p><strong><span>Suela:<\/span><\/strong><span>\u00a0La suela de goma NDurance proporciona durabilidad para un uso prolongado.<\/span><\/p>\n<p><strong>Detalles:<\/strong><\/p>\n<p><strong>Marca:<\/strong> New Balance.<\/p>\n<p><strong>Modelo:<\/strong> <span>UCHCOCON.<\/span><\/p>\n<p><strong>G\u00e9nero:<\/strong> Masculino.<\/p>\n<p><strong>Color:<\/strong> <span>Eclipse\/Blanco<\/span><\/p>\n","protected":false},"excerpt":{"rendered":"<p>COCO CG1 La Coco CG1 es un golpe agresivo de New Balance y el calzado ofrece soporte y estabilidad para<\/p>\n","protected":false},"featured_media":57540,"comment_status":"open","ping_status":"closed","template":"","meta":{"nf_dc_page":""},"product_brand":[],"product_cat":[76],"product_tag":[],"class_list":{"0":"post-57539","1":"product","2":"type-product","3":"status-publish","4":"has-post-thumbnail","6":"product_cat-masculino","8":"first","9":"instock","10":"shipping-taxable","11":"purchasable","12":"product-type-simple"},"_links":{"self":[{"href":"https:\/\/brandss.com.py\/index\/wp-json\/wp\/v2\/product\/57539","targetHints":{"allow":["GET"]}}],"collection":[{"href":"https:\/\/brandss.com.py\/index\/wp-json\/wp\/v2\/product"}],"about":[{"href":"https:\/\/brandss.com.py\/index\/wp-json\/wp\/v2\/types\/product"}],"replies":[{"embeddable":true,"href":"https:\/\/brandss.com.py\/index\/wp-json\/wp\/v2\/comments?post=57539"}],"version-history":[{"count":1,"href":"https:\/\/brandss.com.py\/index\/wp-json\/wp\/v2\/product\/57539\/revisions"}],"predecessor-version":[{"id":57546,"href":"https:\/\/brandss.com.py\/index\/wp-json\/wp\/v2\/product\/57539\/revisions\/57546"}],"wp:featuredmedia":[{"embeddable":true,"href":"https:\/\/brandss.com.py\/index\/wp-json\/wp\/v2\/media\/57540"}],"wp:attachment":[{"href":"https:\/\/brandss.com.py\/index\/wp-json\/wp\/v2\/media?parent=57539"}],"wp:term":[{"taxonomy":"product_brand","embeddable":true,"href":"https:\/\/brandss.com.py\/index\/wp-json\/wp\/v2\/product_brand?post=57539"},{"taxonomy":"product_cat","embeddable":true,"href":"https:\/\/brandss.com.py\/index\/wp-json\/wp\/v2\/product_cat?post=57539"},{"taxonomy":"product_tag","embeddable":true,"href":"https:\/\/brandss.com.py\/index\/wp-json\/wp\/v2\/product_tag?post=57539"}],"curies":[{"name":"wp","href":"https:\/\/api.w.org\/{rel}","templated":true}]}}