{"id":57588,"date":"2024-09-07T14:10:51","date_gmt":"2024-09-07T14:10:51","guid":{"rendered":"https:\/\/brandss.com.py\/index\/?post_type=product&#038;p=57588"},"modified":"2025-09-16T19:14:01","modified_gmt":"2025-09-16T19:14:01","slug":"calzado-deportivo-masculino-new-balance-fresh-foam-860-v12","status":"publish","type":"product","link":"https:\/\/brandss.com.py\/index\/producto\/calzado-deportivo-masculino-new-balance-fresh-foam-860-v12\/","title":{"rendered":"CALZADO DEPORTIVO MASCULINO NEW BALANCE FRESH FOAM 860 V12"},"content":{"rendered":"<p><img loading=\"lazy\" decoding=\"async\" class=\"\" src=\"https:\/\/cdn.freebiesupply.com\/logos\/large\/2x\/new-balance-2-logo-black-and-white.png\" alt=\"New Balance Logo PNG Transparent &amp; SVG Vector - Freebie Supply\" width=\"74\" height=\"74\" \/><\/p>\n<h1>FRESH FOAM 860 V12<\/h1>\n<p><span>El New Balance 860 v12 se renueva con un aspecto elegante y una parte superior m\u00e1s c\u00f3moda, al mismo tiempo que brinda el mismo soporte confiable y la misma estabilidad que adoran los corredores y caminantes.<\/span><\/p>\n<p><span>El modelo 860 m\u00e1s nuevo es un calzado para correr con estabilidad que se siente un poco m\u00e1s suave bajo los pies en comparaci\u00f3n con las versiones anteriores, pero es lo suficientemente firme como para evitar la sobrepronaci\u00f3n excesiva y el giro del tobillo. La entresuela Fresh Foam de dos capas de New Balance y la espuma de doble densidad m\u00e1s firme ubicada debajo del mediopi\u00e9 y el arco brindan aterrizajes suaves en el tal\u00f3n y despegues con capacidad de respuesta que hacen de este calzado un calzado perfecto para el entrenamiento diario para cualquiera que busque un poco m\u00e1s de estabilidad o gu\u00eda en su calzado para correr.<\/span><\/p>\n<p><span>Tus pies se mantendr\u00e1n frescos y c\u00f3modos con el modelo 860 v12 gracias a una parte superior de jacquard doble transpirable. Los bordados estrat\u00e9gicos en los costados de la parte superior tambi\u00e9n le brindan al calzado un soporte adicional para el pie, mientras que un dise\u00f1o de tal\u00f3n renovado con detalles reflectantes sostiene el tal\u00f3n para una mejor estabilidad del tobillo.<\/span><\/p>\n<p><span>New Balance es conocida por su amplia puntera y la 860 v12 no es la excepci\u00f3n. Un mediopi\u00e9 c\u00f3modo mantiene el pie seguro y el generoso espacio en la parte delantera permite que los dedos se muevan durante carreras largas, ya sea que te guste correr con calcetines m\u00e1s gruesos o m\u00e1s finos.<\/span><\/p>\n<p><span>Duradera y confiable, la New Balance 860 v12 es perfecta para corredores que buscan una pisada suave y estable para los kil\u00f3metros diarios en la carretera.<\/span><\/p>\n<p><u><strong><span>Los beneficios incluyen:<\/span><\/strong><\/u><\/p>\n<ul>\n<li><span>Entresuela en capas con amortiguaci\u00f3n Fresh Foam en la parte superior<\/span><\/li>\n<li><span>Parte superior de malla dise\u00f1ada con bordado estrat\u00e9gico para brindar soporte.<\/span><\/li>\n<li><span>Acentos reflectantes dise\u00f1ados para captar la luz.<\/span><\/li>\n<\/ul>\n<p>&nbsp;<\/p>\n<p><strong>Detalles:<\/strong><\/p>\n<p><strong>Marca:<\/strong> New Balance.<\/p>\n<p><strong>Modelo:<\/strong> <span>M860G12.<\/span><\/p>\n<p><strong>G\u00e9nero:<\/strong> Masculino.<\/p>\n<p><strong>Color:<\/strong> Ocean Grey Light Slate.<\/p>\n","protected":false},"excerpt":{"rendered":"<p>FRESH FOAM 860 V12 El New Balance 860 v12 se renueva con un aspecto elegante y una parte superior m\u00e1s<\/p>\n","protected":false},"featured_media":57589,"comment_status":"open","ping_status":"closed","template":"","meta":{"nf_dc_page":""},"product_brand":[],"product_cat":[76],"product_tag":[],"class_list":{"0":"post-57588","1":"product","2":"type-product","3":"status-publish","4":"has-post-thumbnail","6":"product_cat-masculino","8":"first","9":"instock","10":"shipping-taxable","11":"purchasable","12":"product-type-simple"},"_links":{"self":[{"href":"https:\/\/brandss.com.py\/index\/wp-json\/wp\/v2\/product\/57588","targetHints":{"allow":["GET"]}}],"collection":[{"href":"https:\/\/brandss.com.py\/index\/wp-json\/wp\/v2\/product"}],"about":[{"href":"https:\/\/brandss.com.py\/index\/wp-json\/wp\/v2\/types\/product"}],"replies":[{"embeddable":true,"href":"https:\/\/brandss.com.py\/index\/wp-json\/wp\/v2\/comments?post=57588"}],"version-history":[{"count":1,"href":"https:\/\/brandss.com.py\/index\/wp-json\/wp\/v2\/product\/57588\/revisions"}],"predecessor-version":[{"id":57596,"href":"https:\/\/brandss.com.py\/index\/wp-json\/wp\/v2\/product\/57588\/revisions\/57596"}],"wp:featuredmedia":[{"embeddable":true,"href":"https:\/\/brandss.com.py\/index\/wp-json\/wp\/v2\/media\/57589"}],"wp:attachment":[{"href":"https:\/\/brandss.com.py\/index\/wp-json\/wp\/v2\/media?parent=57588"}],"wp:term":[{"taxonomy":"product_brand","embeddable":true,"href":"https:\/\/brandss.com.py\/index\/wp-json\/wp\/v2\/product_brand?post=57588"},{"taxonomy":"product_cat","embeddable":true,"href":"https:\/\/brandss.com.py\/index\/wp-json\/wp\/v2\/product_cat?post=57588"},{"taxonomy":"product_tag","embeddable":true,"href":"https:\/\/brandss.com.py\/index\/wp-json\/wp\/v2\/product_tag?post=57588"}],"curies":[{"name":"wp","href":"https:\/\/api.w.org\/{rel}","templated":true}]}}