{"id":57602,"date":"2024-09-07T17:30:20","date_gmt":"2024-09-07T17:30:20","guid":{"rendered":"https:\/\/brandss.com.py\/index\/?post_type=product&#038;p=57602"},"modified":"2026-03-14T14:14:37","modified_gmt":"2026-03-14T14:14:37","slug":"perfume-puccini-paris-beauty-edp-100ml","status":"publish","type":"product","link":"https:\/\/brandss.com.py\/index\/producto\/perfume-puccini-paris-beauty-edp-100ml\/","title":{"rendered":"PERFUME FEMENINO PUCCINI PARIS BEAUTY EDP 100ML"},"content":{"rendered":"<p><img loading=\"lazy\" decoding=\"async\" class=\"\" src=\"https:\/\/encrypted-tbn0.gstatic.com\/images?q=tbn:ANd9GcQjivzkgajjeGga-ufG7w2EPW4tv8AFJzV7VA&amp;s\" alt=\"pucciniparisperfumes | Paris\" width=\"85\" height=\"85\" \/><\/p>\n<h1>BEAUTY<\/h1>\n<p>Presentamos PUCCINI Beauty, nuestro perfume de ramo floral para mujer, una sinfon\u00eda de elegancia y lujo refinado.<\/p>\n<p>El\u00a0perfume\u00a0Puccini Paris Beauty\u00a0es una fragancia de la familia olfativa chipre frutal para mujeres.\u00a0Con una concentraci\u00f3n del tipo Eau de Parfum, ofrece una duradera y alta intensidad arom\u00e1tica en la piel. Sus notas est\u00e1n compuestas por los siguientes ingredientes.<\/p>\n<ul>\n<li><span dir=\"ltr\" lang=\"PT-BR\"><strong>Notas de salida:\u00a0<\/strong>Mandarinas, bergamota, ciruelas, melocotones, pi\u00f1as y grosellas negras.<\/span><\/li>\n<li><strong>Notas de coraz\u00f3n:\u00a0<\/strong>Rosas, colinas, jazm\u00edn y lirios.<\/li>\n<li><strong>Notas de fondo:\u00a0<\/strong>Vainilla, \u00e1mbar gris, almizcle, pachul\u00ed y musgo de \u00e1rbol.<\/li>\n<\/ul>\n","protected":false},"excerpt":{"rendered":"<p>BEAUTY Presentamos PUCCINI Beauty, nuestro perfume de ramo floral para mujer, una sinfon\u00eda de elegancia y lujo refinado. El\u00a0perfume\u00a0Puccini Paris<\/p>\n","protected":false},"featured_media":57603,"comment_status":"open","ping_status":"closed","template":"","meta":{"nf_dc_page":""},"product_brand":[1780],"product_cat":[84],"product_tag":[1782],"class_list":{"0":"post-57602","1":"product","2":"type-product","3":"status-publish","4":"has-post-thumbnail","6":"product_brand-puccini","7":"product_cat-perfumeria","8":"product_tag-1782","10":"first","11":"outofstock","12":"shipping-taxable","13":"purchasable","14":"product-type-simple"},"_links":{"self":[{"href":"https:\/\/brandss.com.py\/index\/wp-json\/wp\/v2\/product\/57602","targetHints":{"allow":["GET"]}}],"collection":[{"href":"https:\/\/brandss.com.py\/index\/wp-json\/wp\/v2\/product"}],"about":[{"href":"https:\/\/brandss.com.py\/index\/wp-json\/wp\/v2\/types\/product"}],"replies":[{"embeddable":true,"href":"https:\/\/brandss.com.py\/index\/wp-json\/wp\/v2\/comments?post=57602"}],"version-history":[{"count":2,"href":"https:\/\/brandss.com.py\/index\/wp-json\/wp\/v2\/product\/57602\/revisions"}],"predecessor-version":[{"id":61717,"href":"https:\/\/brandss.com.py\/index\/wp-json\/wp\/v2\/product\/57602\/revisions\/61717"}],"wp:featuredmedia":[{"embeddable":true,"href":"https:\/\/brandss.com.py\/index\/wp-json\/wp\/v2\/media\/57603"}],"wp:attachment":[{"href":"https:\/\/brandss.com.py\/index\/wp-json\/wp\/v2\/media?parent=57602"}],"wp:term":[{"taxonomy":"product_brand","embeddable":true,"href":"https:\/\/brandss.com.py\/index\/wp-json\/wp\/v2\/product_brand?post=57602"},{"taxonomy":"product_cat","embeddable":true,"href":"https:\/\/brandss.com.py\/index\/wp-json\/wp\/v2\/product_cat?post=57602"},{"taxonomy":"product_tag","embeddable":true,"href":"https:\/\/brandss.com.py\/index\/wp-json\/wp\/v2\/product_tag?post=57602"}],"curies":[{"name":"wp","href":"https:\/\/api.w.org\/{rel}","templated":true}]}}