{"id":58149,"date":"2024-09-20T14:25:13","date_gmt":"2024-09-20T14:25:13","guid":{"rendered":"https:\/\/brandss.com.py\/index\/?post_type=product&#038;p=58149"},"modified":"2024-09-20T14:30:00","modified_gmt":"2024-09-20T14:30:00","slug":"bateria-externa-joyroom-jr-l002-jelly-series-de-10-000mah-de-225w-con-cable-usb-c","status":"publish","type":"product","link":"https:\/\/brandss.com.py\/index\/producto\/bateria-externa-joyroom-jr-l002-jelly-series-de-10-000mah-de-225w-con-cable-usb-c\/","title":{"rendered":"BATER\u00cdA EXTERNA JOYROOM JR-L002 JELLY SERIES DE 10.000mAh DE 22,5W CON CABLE USB-C"},"content":{"rendered":"<p><img loading=\"lazy\" decoding=\"async\" class=\"\" src=\"https:\/\/apnabaazar.pk\/wp-content\/uploads\/2024\/01\/joyroom-brand-logo-apna-baazar.png\" alt=\"Joyroom Archives | Apna Baazar\" width=\"73\" height=\"73\" \/><\/p>\n<h1>JR-L002 JELLY SERIES<\/h1>\n<div class=\"ContentSection ProductDescription\" data-content-preview=\"true\" data-preview-height=\"300\">\n<p><span>\u00bfBuscas el compa\u00f1ero de viaje perfecto? El banco de energ\u00eda Joyroom Jelly Series JR-L002 de 10,000 mAh con cable USB C incorporado es una excelente opci\u00f3n. Ofrece muchas funciones en un formato compacto. Puede convertir el cable USB C en una pulsera con un solo movimiento, lo que le permitir\u00e1 conectar la fuente de alimentaci\u00f3n de respaldo a su mochila o maleta. El puerto USB puede cargar hasta 22,5 W, lo que acorta significativamente el tiempo de carga. Este banco de energ\u00eda port\u00e1til es compatible con la mayor\u00eda de los dispositivos del mercado, incluidos tel\u00e9fonos iOS y Android. Adem\u00e1s, gracias a su peso ligero, podr\u00e1s llevarlo contigo a cualquier lugar (incluso en un avi\u00f3n).<\/span><\/p>\n<\/div>\n<div class=\"ContentSection\">\n<div class=\"ProductTabs\">\n<div class=\"TabsNavigation\">\n<p><strong>Informaci\u00f3n adicional<\/strong><\/p>\n<\/div>\n<div class=\"Tabs\">\n<div id=\"ProductFullDesc\" class=\"Tab Current\">\n<div class=\"ProductDescription\" data-content-preview=\"true\" data-preview-height=\"160\">\n<div class=\"ContentWrap\">\n<p><span>Con esta fuente de alimentaci\u00f3n de respaldo Joyroom Jelly Series JR-L002 de 10,000 mAh, puede compartir energ\u00eda para tres dispositivos al mismo tiempo. La fuente de alimentaci\u00f3n de respaldo tiene un puerto USB C, un puerto USB y un cable USB C incorporado. No necesitas llevar cables adicionales, ya que el power bank Joyroom Jelly Series JR-L002 tiene un cable USB C incorporado que proporciona hasta 18 vatios de potencia. Un power bank completamente cargado proporciona energ\u00eda a tu dispositivo varias veces y tiene una capacidad de 10.000 mAh. Puede verificar el nivel de carga de la bater\u00eda de la fuente de energ\u00eda de respaldo r\u00e1pidamente con la ayuda de las luces LED, para saber cu\u00e1ndo es necesario cargar la fuente de energ\u00eda de respaldo.<\/span><\/p>\n<p><b>Especificaciones:<\/b><\/p>\n<ul>\n<li><span><strong>Marca:<\/strong> Joyroom<\/span><\/li>\n<li><span><strong>Modelo:<\/strong> JR-L002<\/span><\/li>\n<li><span><strong>Potencia total:<\/strong> hasta 22,5W<\/span><\/li>\n<li><span><strong>Capacidad:<\/strong> 10.000 mAh (37 Wh)<\/span><\/li>\n<li><strong>Corriente de entrada:<\/strong><\/li>\n<li><span><strong>USB C:<\/strong> 5V\/3A, 9V\/2A, 12V\/1,5A<\/span><\/li>\n<li><strong>Corriente de salida:<\/strong><\/li>\n<li><span><strong>USB C:<\/strong> 5V\/3A, 9V\/2,22A, 12V\/1,67A<\/span><\/li>\n<li><span><strong>USB:<\/strong> 5V\/3A, 4,5V\/5A (SCP), 5V\/4,5A (SCP), 9V\/2A, 12V\/1,5A<\/span><\/li>\n<li><span><strong>Cable USB C:<\/strong> 5V\/3A, 9V\/2A, 12V\/1,5A<\/span><\/li>\n<li><span><strong>Material:<\/strong> ABS, PC no inflamable<\/span><\/li>\n<li><strong>Dimensiones: <\/strong>90 x 81,3 x 27,5 mm<\/li>\n<li><span><strong>Peso:<\/strong> 225 gramos<\/span><\/li>\n<li><strong>Color:<\/strong> Azul claro<\/li>\n<\/ul>\n<\/div>\n<\/div>\n<\/div>\n<\/div>\n<\/div>\n<\/div>\n","protected":false},"excerpt":{"rendered":"<p>JR-L002 JELLY SERIES \u00bfBuscas el compa\u00f1ero de viaje perfecto? El banco de energ\u00eda Joyroom Jelly Series JR-L002 de 10,000 mAh<\/p>\n","protected":false},"featured_media":58150,"comment_status":"open","ping_status":"closed","template":"","meta":{"nf_dc_page":""},"product_brand":[],"product_cat":[89],"product_tag":[],"class_list":{"0":"post-58149","1":"product","2":"type-product","3":"status-publish","4":"has-post-thumbnail","6":"product_cat-electronicos","8":"first","9":"instock","10":"shipping-taxable","11":"purchasable","12":"product-type-simple"},"_links":{"self":[{"href":"https:\/\/brandss.com.py\/index\/wp-json\/wp\/v2\/product\/58149","targetHints":{"allow":["GET"]}}],"collection":[{"href":"https:\/\/brandss.com.py\/index\/wp-json\/wp\/v2\/product"}],"about":[{"href":"https:\/\/brandss.com.py\/index\/wp-json\/wp\/v2\/types\/product"}],"replies":[{"embeddable":true,"href":"https:\/\/brandss.com.py\/index\/wp-json\/wp\/v2\/comments?post=58149"}],"version-history":[{"count":1,"href":"https:\/\/brandss.com.py\/index\/wp-json\/wp\/v2\/product\/58149\/revisions"}],"predecessor-version":[{"id":58154,"href":"https:\/\/brandss.com.py\/index\/wp-json\/wp\/v2\/product\/58149\/revisions\/58154"}],"wp:featuredmedia":[{"embeddable":true,"href":"https:\/\/brandss.com.py\/index\/wp-json\/wp\/v2\/media\/58150"}],"wp:attachment":[{"href":"https:\/\/brandss.com.py\/index\/wp-json\/wp\/v2\/media?parent=58149"}],"wp:term":[{"taxonomy":"product_brand","embeddable":true,"href":"https:\/\/brandss.com.py\/index\/wp-json\/wp\/v2\/product_brand?post=58149"},{"taxonomy":"product_cat","embeddable":true,"href":"https:\/\/brandss.com.py\/index\/wp-json\/wp\/v2\/product_cat?post=58149"},{"taxonomy":"product_tag","embeddable":true,"href":"https:\/\/brandss.com.py\/index\/wp-json\/wp\/v2\/product_tag?post=58149"}],"curies":[{"name":"wp","href":"https:\/\/api.w.org\/{rel}","templated":true}]}}