{"id":58424,"date":"2024-09-23T17:12:36","date_gmt":"2024-09-23T17:12:36","guid":{"rendered":"https:\/\/brandss.com.py\/index\/?post_type=product&#038;p=58424"},"modified":"2026-03-06T13:03:56","modified_gmt":"2026-03-06T13:03:56","slug":"bateria-externa-joyroom-jr-t016-dazzling-series-de-12w-de-10000mah","status":"publish","type":"product","link":"https:\/\/brandss.com.py\/index\/producto\/bateria-externa-joyroom-jr-t016-dazzling-series-de-12w-de-10000mah\/","title":{"rendered":"BATER\u00cdA EXTERNA JOYROOM JR-T016 DAZZLING SERIES DE 12W DE 10000mAh"},"content":{"rendered":"<p><img loading=\"lazy\" decoding=\"async\" class=\"\" src=\"https:\/\/apnabaazar.pk\/wp-content\/uploads\/2024\/01\/joyroom-brand-logo-apna-baazar.png\" alt=\"Joyroom Archives | Apna Baazar\" width=\"78\" height=\"78\" \/><\/p>\n<h1>JR-T016 DAZZLING SERIES<\/h1>\n<p>Ahora puedes cargar c\u00f3modamente tus dispositivos all\u00e1 donde vayas. El powerbank Joyroom JR-T016 est\u00e1 equipado con 2 puertos USB-A y proporciona hasta 2,4 A de potencia. Con su ayuda podr\u00e1s cargar hasta 2 dispositivos simult\u00e1neamente en un abrir y cerrar de ojos. El producto tambi\u00e9n se distingue por su capacidad de 10.000 mAh y garantiza un uso seguro. Tambi\u00e9n cuenta con una amplia compatibilidad.<\/p>\n<p><strong>Capacidad de 10.000 mAh<\/strong><\/p>\n<p>Olv\u00eddate de la necesidad de cargar frecuentemente la powerbank. La JR-T016 tiene una capacidad de 10.000 mAh, por lo que podr\u00e1s utilizarla incluso varias veces antes de tener que volver a enchufarla. Adem\u00e1s, el dispositivo est\u00e1 equipado con indicadores LED en color que le permitir\u00e1n comprobar c\u00f3modamente el nivel de carga de su bater\u00eda.<\/p>\n<p><strong>Seguridad de uso<\/strong><\/p>\n<p>No se preocupe por la seguridad del powerbank o de los dispositivos conectados a \u00e9l. La JR-T016 est\u00e1 equipada con protecci\u00f3n multinivel contra sobrecalentamiento, sobrecorriente, cortocircuito, sobredescarga y sobretensi\u00f3n. As\u00ed no tendr\u00e1s que preocuparte de que se da\u00f1e!<\/p>\n<p><strong>Mayor eficiencia<\/strong><\/p>\n<p>Ya no tendr\u00e1s que esperar demasiado para que tu equipo se cargue. El powerbank JR-T016 proporciona una corriente de carga de hasta 2,4 A. \u00a1Esto significa que tu tableta o tel\u00e9fono pueden volver a funcionar en un abrir y cerrar de ojos! Es la soluci\u00f3n perfecta para cuando est\u00e1s fuera de casa y m\u00e1s all\u00e1. Con Joyroom ahorrar\u00e1s tiempo!<\/p>\n<p><strong>Carga 2 dispositivos al mismo tiempo<\/strong><\/p>\n<p>\u00bfNecesitas cargar tu tablet y tu tel\u00e9fono? O quiz\u00e1s quieres conectar 2 smartphones para cargarlos: \u00bfel tuyo y el de la otra persona? No hay problema: el powerbank JR-T016 est\u00e1 equipado con 2 puertos de salida USB-A. Esto te permite cargar hasta 2 dispositivos al mismo tiempo sin ning\u00fan problema. Ya nadie tendr\u00e1 que esperar su turno!<\/p>\n<p><strong>Amplia compatibilidad<\/strong><\/p>\n<p>La powerbank es compatible con los dispositivos m\u00e1s utilizados de fabricantes conocidos. Con su ayuda podr\u00e1s cargar f\u00e1cilmente, por ejemplo, un iPhone, un smartphone Samsung o Huawei, un iPad, un smartwatch, unos auriculares inal\u00e1mbricos o una consola Nintendo Switch. Olv\u00eddate de las limitaciones!<\/p>\n<p><strong>Especificaci\u00f3n:<\/strong><\/p>\n<p class=\"tgt color_text_0 un-step-trans\" data-section=\"0\"><span class=\"tgt color_text_0\" data-group=\"0-0\" data-sentence=\"0\" data-section=\"0\"><span><strong>Modelo:<\/strong> JR-T016<\/span><\/span><\/p>\n<p class=\"tgt color_text_0 un-step-trans\" data-section=\"3\"><span class=\"tgt color_text_0\" data-group=\"3-0\" data-sentence=\"0\" data-section=\"3\"><span><strong>Capacidad de la bater\u00eda de pol\u00edmero de litio:<\/strong> 10000 mAh, 3,7 V (37 Wh)<\/span><\/span><\/p>\n<p class=\"tgt color_text_0 un-step-trans\" data-section=\"4\"><span class=\"tgt color_text_0 highlight\" data-group=\"4-0\" data-sentence=\"0\" data-section=\"4\"><span><strong>Capacidad nominal:<\/strong> 6000 mAh (5 V = 2,4 A) <\/span><\/span><\/p>\n<p class=\"tgt color_text_0 un-step-trans\" data-section=\"4\"><span class=\"tgt color_text_0 highlight\" data-group=\"4-0\" data-sentence=\"0\" data-section=\"4\"><span><strong>Tasa de conversi\u00f3n de energ\u00eda:<\/strong> 80 % o superior<\/span><\/span><\/p>\n<p class=\"tgt color_text_0 un-step-trans\" data-section=\"5\"><span class=\"tgt color_text_0\" data-group=\"5-0\" data-sentence=\"0\" data-section=\"5\"><span><strong>Entrada tipo C:<\/strong> 5 V = 2 A<\/span><\/span><\/p>\n<p class=\"tgt color_text_0 un-step-trans\" data-section=\"6\"><span class=\"tgt color_text_0\" data-group=\"6-0\" data-sentence=\"0\" data-section=\"6\"><span><strong>Entrada micro:<\/strong> 5 V = 2 A<\/span><\/span><\/p>\n<p class=\"tgt color_text_0 un-step-trans\" data-section=\"7\"><span class=\"tgt color_text_0\" data-group=\"7-0\" data-sentence=\"0\" data-section=\"7\"><span><strong>Salida USB1\/USB2:<\/strong> 5 V = 2,4 A<\/span><\/span><\/p>\n<p class=\"tgt color_text_0 un-step-trans\" data-section=\"9\"><span class=\"tgt color_text_0\" data-group=\"9-0\" data-sentence=\"0\" data-section=\"9\"><span><strong>USB + Tipo &#8211; C Salida total:<\/strong> 5 v = 2,4 A <\/span><\/span><\/p>\n<p class=\"tgt color_text_0 un-step-trans\" data-section=\"9\"><span class=\"tgt color_text_0\" data-group=\"9-0\" data-sentence=\"0\" data-section=\"9\"><span><strong>Tama\u00f1o del producto:<\/strong> 146,5 * 70 * 16 mm (largo * ancho * alto)<\/span><\/span><\/p>\n<p class=\"tgt color_text_0 un-step-trans\" data-section=\"11\"><span class=\"tgt color_text_0\" data-group=\"11-0\" data-sentence=\"0\" data-section=\"11\"><span><strong>Tama\u00f1o del paquete:<\/strong> 95*25*158 mm (largo*ancho*alto)<\/span><\/span><\/p>\n<p class=\"tgt color_text_0 un-step-trans\" data-section=\"13\"><span class=\"tgt color_text_0\" data-group=\"13-0\" data-sentence=\"0\" data-section=\"13\"><span><strong>Material de la carcasa de goma:<\/strong> ABS + PC material ign\u00edfugo<\/span><\/span><\/p>\n<p class=\"tgt color_text_0 un-step-trans\" data-section=\"15\"><span class=\"tgt color_text_0\" data-group=\"15-0\" data-sentence=\"0\" data-section=\"15\"><span><strong>Peso desnudo:<\/strong> 237g <\/span><\/span><\/p>\n<p class=\"tgt color_text_0 un-step-trans\" data-section=\"15\"><span class=\"tgt color_text_0\" data-group=\"15-0\" data-sentence=\"0\" data-section=\"15\"><span><strong>Peso terminado:<\/strong> 296g<\/span><\/span><\/p>\n<p class=\"tgt color_text_0 un-step-trans\" data-section=\"15\"><span class=\"tgt color_text_0\" data-group=\"15-0\" data-sentence=\"0\" data-section=\"15\"><span><strong>Color:<\/strong> Negro.<\/span><\/span><\/p>\n<p data-section=\"15\">\n","protected":false},"excerpt":{"rendered":"<p>JR-T016 DAZZLING SERIES Ahora puedes cargar c\u00f3modamente tus dispositivos all\u00e1 donde vayas. El powerbank Joyroom JR-T016 est\u00e1 equipado con 2<\/p>\n","protected":false},"featured_media":58425,"comment_status":"open","ping_status":"closed","template":"","meta":{"nf_dc_page":""},"product_brand":[],"product_cat":[89],"product_tag":[],"class_list":{"0":"post-58424","1":"product","2":"type-product","3":"status-publish","4":"has-post-thumbnail","6":"product_cat-electronicos","8":"first","9":"outofstock","10":"shipping-taxable","11":"purchasable","12":"product-type-simple"},"_links":{"self":[{"href":"https:\/\/brandss.com.py\/index\/wp-json\/wp\/v2\/product\/58424","targetHints":{"allow":["GET"]}}],"collection":[{"href":"https:\/\/brandss.com.py\/index\/wp-json\/wp\/v2\/product"}],"about":[{"href":"https:\/\/brandss.com.py\/index\/wp-json\/wp\/v2\/types\/product"}],"replies":[{"embeddable":true,"href":"https:\/\/brandss.com.py\/index\/wp-json\/wp\/v2\/comments?post=58424"}],"version-history":[{"count":1,"href":"https:\/\/brandss.com.py\/index\/wp-json\/wp\/v2\/product\/58424\/revisions"}],"predecessor-version":[{"id":58437,"href":"https:\/\/brandss.com.py\/index\/wp-json\/wp\/v2\/product\/58424\/revisions\/58437"}],"wp:featuredmedia":[{"embeddable":true,"href":"https:\/\/brandss.com.py\/index\/wp-json\/wp\/v2\/media\/58425"}],"wp:attachment":[{"href":"https:\/\/brandss.com.py\/index\/wp-json\/wp\/v2\/media?parent=58424"}],"wp:term":[{"taxonomy":"product_brand","embeddable":true,"href":"https:\/\/brandss.com.py\/index\/wp-json\/wp\/v2\/product_brand?post=58424"},{"taxonomy":"product_cat","embeddable":true,"href":"https:\/\/brandss.com.py\/index\/wp-json\/wp\/v2\/product_cat?post=58424"},{"taxonomy":"product_tag","embeddable":true,"href":"https:\/\/brandss.com.py\/index\/wp-json\/wp\/v2\/product_tag?post=58424"}],"curies":[{"name":"wp","href":"https:\/\/api.w.org\/{rel}","templated":true}]}}