{"id":58508,"date":"2024-09-24T14:24:33","date_gmt":"2024-09-24T14:24:33","guid":{"rendered":"https:\/\/brandss.com.py\/index\/?post_type=product&#038;p=58508"},"modified":"2024-09-24T14:25:32","modified_gmt":"2024-09-24T14:25:32","slug":"cable-de-datos-joyroom-a29-de-silicona-liquida-de-30w-type-c-to-lightning-de-2m","status":"publish","type":"product","link":"https:\/\/brandss.com.py\/index\/producto\/cable-de-datos-joyroom-a29-de-silicona-liquida-de-30w-type-c-to-lightning-de-2m\/","title":{"rendered":"CABLE DE DATOS JOYROOM A29 DE SILICONA L\u00cdQUIDA DE 30W TYPE-C TO LIGHTNING DE 2M"},"content":{"rendered":"<p><img loading=\"lazy\" decoding=\"async\" class=\"\" src=\"https:\/\/apnabaazar.pk\/wp-content\/uploads\/2024\/01\/joyroom-brand-logo-apna-baazar.png\" alt=\"Joyroom Archives | Apna Baazar\" width=\"58\" height=\"58\" \/><\/p>\n<h1>A29<\/h1>\n<p>1. Material: silicona l\u00edquida<br \/>\n2. Potencia: 30W<br \/>\n3. Velocidad de transmisi\u00f3n: 480Mbps<br \/>\n4. Chip de carga r\u00e1pida PD, regulaci\u00f3n de corriente autom\u00e1tica, carga segura y menos generaci\u00f3n de calor<br \/>\n5. Cuerpo de silicona l\u00edquida, tacto suave, m\u00e1s seguro y m\u00e1s respetuoso con el medio ambiente.<br \/>\n6. El material es resistente a la suciedad y f\u00e1cil de limpiar.<br \/>\n7. Sin enredos, f\u00e1cil de almacenar.<br \/>\n8. Material ign\u00edfugo de grado V1, m\u00e1s seguro de usar<br \/>\n9. Se mantiene suave y el\u00e1stico a temperaturas de -60 grados a 200 grados<\/p>\n","protected":false},"excerpt":{"rendered":"<p>A29 1. Material: silicona l\u00edquida 2. Potencia: 30W 3. Velocidad de transmisi\u00f3n: 480Mbps 4. Chip de carga r\u00e1pida PD, regulaci\u00f3n<\/p>\n","protected":false},"featured_media":58509,"comment_status":"open","ping_status":"closed","template":"","meta":{"nf_dc_page":""},"product_brand":[],"product_cat":[89],"product_tag":[],"class_list":{"0":"post-58508","1":"product","2":"type-product","3":"status-publish","4":"has-post-thumbnail","6":"product_cat-electronicos","8":"first","9":"instock","10":"shipping-taxable","11":"purchasable","12":"product-type-simple"},"_links":{"self":[{"href":"https:\/\/brandss.com.py\/index\/wp-json\/wp\/v2\/product\/58508","targetHints":{"allow":["GET"]}}],"collection":[{"href":"https:\/\/brandss.com.py\/index\/wp-json\/wp\/v2\/product"}],"about":[{"href":"https:\/\/brandss.com.py\/index\/wp-json\/wp\/v2\/types\/product"}],"replies":[{"embeddable":true,"href":"https:\/\/brandss.com.py\/index\/wp-json\/wp\/v2\/comments?post=58508"}],"version-history":[{"count":1,"href":"https:\/\/brandss.com.py\/index\/wp-json\/wp\/v2\/product\/58508\/revisions"}],"predecessor-version":[{"id":58517,"href":"https:\/\/brandss.com.py\/index\/wp-json\/wp\/v2\/product\/58508\/revisions\/58517"}],"wp:featuredmedia":[{"embeddable":true,"href":"https:\/\/brandss.com.py\/index\/wp-json\/wp\/v2\/media\/58509"}],"wp:attachment":[{"href":"https:\/\/brandss.com.py\/index\/wp-json\/wp\/v2\/media?parent=58508"}],"wp:term":[{"taxonomy":"product_brand","embeddable":true,"href":"https:\/\/brandss.com.py\/index\/wp-json\/wp\/v2\/product_brand?post=58508"},{"taxonomy":"product_cat","embeddable":true,"href":"https:\/\/brandss.com.py\/index\/wp-json\/wp\/v2\/product_cat?post=58508"},{"taxonomy":"product_tag","embeddable":true,"href":"https:\/\/brandss.com.py\/index\/wp-json\/wp\/v2\/product_tag?post=58508"}],"curies":[{"name":"wp","href":"https:\/\/api.w.org\/{rel}","templated":true}]}}