{"id":59004,"date":"2024-10-02T12:57:01","date_gmt":"2024-10-02T12:57:01","guid":{"rendered":"https:\/\/brandss.com.py\/index\/?post_type=product&#038;p=59004"},"modified":"2026-02-03T10:16:54","modified_gmt":"2026-02-03T10:16:54","slug":"bolso-bandolera-mediano-karl-lagerfeld-k-ikonik","status":"publish","type":"product","link":"https:\/\/brandss.com.py\/index\/producto\/bolso-bandolera-mediano-karl-lagerfeld-k-ikonik\/","title":{"rendered":"BOLSO BANDOLERA MEDIANO FEMENINO KARL LAGERFELD K\/IKONIK"},"content":{"rendered":"<p><img loading=\"lazy\" decoding=\"async\" class=\"\" src=\"https:\/\/logos-world.net\/wp-content\/uploads\/2023\/01\/Karl-Lagerfeld-Logo.png\" alt=\"Karl Lagerfeld Logo, symbol, meaning, history, PNG, brand\" width=\"130\" height=\"73\" \/><\/p>\n<h1>K\/IKONIK<\/h1>\n<p>El Bolso Karl Lagerfeld K\/Ikonik refleja la sofisticaci\u00f3n y el estilo atemporal del dise\u00f1ador. Con su firma estilizada y detalles de lujo, es el complemento perfecto para cualquier conjunto.<\/p>\n<p>El Bolso Karl Lagerfeld K\/Ikonik es la definici\u00f3n de lujo y estilo. Con su dise\u00f1o elegante, adornado con la firma del dise\u00f1ador en metal dorado, este bolso se convierte en el punto focal de cualquier look. La combinaci\u00f3n del cuero de alta calidad y los detalles met\u00e1licos refleja la artesan\u00eda y la calidad por la que Karl Lagerfeld es conocido. Este bolso no solo es un accesorio, sino una declaraci\u00f3n de moda, dise\u00f1ado para la mujer que aprecia la moda y quiere llevar un pedazo del legado de Lagerfeld.<\/p>\n<p><strong>Posibles Combinaciones<\/strong>: Este bolso se combina perfectamente con un abrigo cl\u00e1sico para una salida nocturna, o con jeans y una chaqueta de cuero para un look diurno casual-chic. Eleva tu estilo con el Bolso Karl Lagerfeld K\/Ikonik, disponible en Brands. No pierdas la oportunidad de poseer un accesorio que define tendencias y honra la moda con cada detalle. Adquiere el tuyo y lleva el estilo de Lagerfeld a tus conjuntos diarios. \u00a1Compra ahora!<\/p>\n<p>&nbsp;<\/p>\n<div class=\"col-12 col-md-4\">\n<div class=\"text-center moreinfo-img\"><img decoding=\"async\" class=\"alignleft\" src=\"https:\/\/www.gallerycarrile.es\/media\/catalog\/product\/cache\/2\/masinfo_1_img\/200x\/9df78eab33525d08d6e5fb8d27136e95\/1\/2\/129112_masinfo-129112-1_.jpg\" alt=\"Dise\u00f1o Emblem\u00e1tico\" \/><\/div>\n<div class=\"moreinfo-name\">\n<div><\/div>\n<div><\/div>\n<div class=\"h2\"><strong>Dise\u00f1o Emblem\u00e1tico<\/strong><\/div>\n<p>La firma &#8216;Karl&#8217; en metal dorado brinda un toque de reconocimiento y distinci\u00f3n.<\/p>\n<\/div>\n<\/div>\n<div class=\"col-12 col-md-4\">\n<div class=\"text-center moreinfo-img\"><img decoding=\"async\" class=\"alignleft\" src=\"https:\/\/www.gallerycarrile.es\/media\/catalog\/product\/cache\/2\/masinfo_2_img\/200x\/9df78eab33525d08d6e5fb8d27136e95\/1\/2\/129112_masinfo-129112-2_.jpg\" alt=\"Construcci\u00f3n de Calidad\" \/><\/div>\n<div class=\"moreinfo-name\">\n<div><\/div>\n<div><\/div>\n<div class=\"h2\"><strong>Construcci\u00f3n de Calidad<\/strong><\/div>\n<p>Elaborado con cuero premium, garantiza durabilidad y un tacto suave.<\/p>\n<\/div>\n<\/div>\n<div class=\"col-12 col-md-4\">\n<div class=\"text-center moreinfo-img\"><img decoding=\"async\" class=\"alignleft\" src=\"https:\/\/www.gallerycarrile.es\/media\/catalog\/product\/cache\/2\/masinfo_3_img\/200x\/9df78eab33525d08d6e5fb8d27136e95\/1\/2\/129112_masinfo-129112-3_.jpg\" alt=\"Funcionalidad Elegante\" \/><\/div>\n<div class=\"moreinfo-name\">\n<div><\/div>\n<div><\/div>\n<div class=\"h2\"><strong>Funcionalidad Elegante<\/strong><\/div>\n<p>Incluye un asa superior y una correa de hombro desmontable para versatilidad en el uso.<\/p>\n<\/div>\n<\/div>\n<p>&nbsp;<\/p>\n<p><strong>Caracter\u00edticas:<\/strong><\/p>\n<ul>\n<li class=\"\">Cierre con solapa magn\u00e9tica<\/li>\n<li class=\"\">Asa superior<\/li>\n<li class=\"\">Correa cruzada ajustable y extra\u00edble<\/li>\n<li class=\"\">Detalles de KARL Signature en la solapa delantera<\/li>\n<li class=\"\">Composici\u00f3n:\u00a0100% Piel De Vaca<\/li>\n<li class=\"\">Material:\u00a0Cuero<\/li>\n<li>\u00a0Logo: Met\u00e1lico<\/li>\n<li>\u00a0Materiales: Piel<\/li>\n<li>Modelo: Mano, Bandolera<\/li>\n<li>Cierre: Con solapa y bot\u00f3n magn\u00e9tico<\/li>\n<li>Mango: Parte superior<\/li>\n<li>Correa de hombro: Ajustable y extra\u00edble, Malla met\u00e1lica<\/li>\n<li>Dimensiones: altura 17 cm, longitud 25,5 cm, anchura 11 cm y peso 1670 gm.<\/li>\n<\/ul>\n<p><strong>Sostenibilidad:<\/strong><\/p>\n<p>Los productos de KARL LAGERFELD apoyan la fabricaci\u00f3n responsable a trav\u00e9s del Leather Working Group. El LWG certifica a las curtidur\u00edas en funci\u00f3n de su consumo de agua y energ\u00eda, gesti\u00f3n de productos qu\u00edmicos, desechos s\u00f3lidos y aguas residuales.<\/p>\n<p><strong>Detalles:<\/strong><\/p>\n<ul>\n<li class=\"col-12 col-md-6\">Marca:\u00a0<strong>KARL LAGERFELD.<\/strong><\/li>\n<li class=\"col-12 col-md-6\">Modelo: <strong>240W3003.<\/strong><\/li>\n<li>G\u00e9nero: <strong>Femenino.<\/strong><\/li>\n<li>Colores: <strong>Negro.<\/strong><\/li>\n<\/ul>\n","protected":false},"excerpt":{"rendered":"<p>K\/IKONIK El Bolso Karl Lagerfeld K\/Ikonik refleja la sofisticaci\u00f3n y el estilo atemporal del dise\u00f1ador. Con su firma estilizada y<\/p>\n","protected":false},"featured_media":59005,"comment_status":"open","ping_status":"closed","template":"","meta":{"nf_dc_page":""},"product_brand":[],"product_cat":[74],"product_tag":[2555],"class_list":{"0":"post-59004","1":"product","2":"type-product","3":"status-publish","4":"has-post-thumbnail","6":"product_cat-accesorios-fem","7":"product_tag-2555","9":"first","10":"instock","11":"shipping-taxable","12":"purchasable","13":"product-type-simple"},"_links":{"self":[{"href":"https:\/\/brandss.com.py\/index\/wp-json\/wp\/v2\/product\/59004","targetHints":{"allow":["GET"]}}],"collection":[{"href":"https:\/\/brandss.com.py\/index\/wp-json\/wp\/v2\/product"}],"about":[{"href":"https:\/\/brandss.com.py\/index\/wp-json\/wp\/v2\/types\/product"}],"replies":[{"embeddable":true,"href":"https:\/\/brandss.com.py\/index\/wp-json\/wp\/v2\/comments?post=59004"}],"version-history":[{"count":2,"href":"https:\/\/brandss.com.py\/index\/wp-json\/wp\/v2\/product\/59004\/revisions"}],"predecessor-version":[{"id":59033,"href":"https:\/\/brandss.com.py\/index\/wp-json\/wp\/v2\/product\/59004\/revisions\/59033"}],"wp:featuredmedia":[{"embeddable":true,"href":"https:\/\/brandss.com.py\/index\/wp-json\/wp\/v2\/media\/59005"}],"wp:attachment":[{"href":"https:\/\/brandss.com.py\/index\/wp-json\/wp\/v2\/media?parent=59004"}],"wp:term":[{"taxonomy":"product_brand","embeddable":true,"href":"https:\/\/brandss.com.py\/index\/wp-json\/wp\/v2\/product_brand?post=59004"},{"taxonomy":"product_cat","embeddable":true,"href":"https:\/\/brandss.com.py\/index\/wp-json\/wp\/v2\/product_cat?post=59004"},{"taxonomy":"product_tag","embeddable":true,"href":"https:\/\/brandss.com.py\/index\/wp-json\/wp\/v2\/product_tag?post=59004"}],"curies":[{"name":"wp","href":"https:\/\/api.w.org\/{rel}","templated":true}]}}