{"id":59114,"date":"2024-10-05T19:21:46","date_gmt":"2024-10-05T19:21:46","guid":{"rendered":"https:\/\/brandss.com.py\/index\/?post_type=product&#038;p=59114"},"modified":"2025-03-27T16:12:39","modified_gmt":"2025-03-27T16:12:39","slug":"bermuda-masculino-doppelganger-clasico","status":"publish","type":"product","link":"https:\/\/brandss.com.py\/index\/producto\/bermuda-masculino-doppelganger-clasico\/","title":{"rendered":"BERMUDA MASCULINO DOPPELG\u00c4NGER CL\u00c1SICO"},"content":{"rendered":"<p><img loading=\"lazy\" decoding=\"async\" class=\"\" src=\"https:\/\/maximoshopping.it\/wp-content\/uploads\/media\/negozi\/logo\/logo-doppelganger.png\" alt=\"Doppelg\u00e4nger - Maximo Shopping\" width=\"102\" height=\"77\" \/><\/p>\n<p>Las bermudas son sin\u00f3nimo de frescura y comodidad. El modelo cl\u00e1sico de lino acent\u00faa estas dos caracter\u00edsticas, dando vida a este s\u00edmbolo del armario masculino de verano. Los botones con efecto cuerno y el cord\u00f3n interior se combinan para crear una prenda de verano elegante por fuera y c\u00f3moda y f\u00e1cil de llevar por dentro.<\/p>\n<div id=\"heading-3\" class=\"card-header\"><strong>Detalles:<\/strong><\/div>\n<div><strong>Marca:<\/strong> DOPPELG\u00c4NGER.<\/div>\n<div><strong>Modelo:<\/strong> 36BE4602BE.<\/div>\n<div><strong>G\u00e9nero:<\/strong> Masculino.<\/div>\n<div>\n<div class=\"relax-message\"><b>Estado de \u00e1nimo<\/b><strong>:<\/strong> ic\u00f3nico, b\u00e1sico, informal<\/div>\n<div class=\"relax-message\"><b>Tipo<\/b><strong>:<\/strong> Bolsillo para monedas, botones de repuesto, cord\u00f3n en el interior de la cintura<\/div>\n<div><strong>Color:<\/strong> Beige.<\/div>\n<div class=\"relax-message\"><b>Temporada<\/b><strong>:<\/strong> Primavera Verano 23<\/div>\n<div><b>Estilo<\/b><strong>:<\/strong> Deportivo, Esencial<\/div>\n<\/div>\n<div id=\"collapse-3\" class=\"ml-4 collapse show\" data-parent=\"#accordion\" aria-labelledby=\"heading-3\">\n<div class=\"relax-message\"><b><span>Composici\u00f3n<\/span><\/b><span><strong>:<\/strong> 100% lino<\/span><\/div>\n<div class=\"relax-message\"><b><span>Material<\/span><\/b><span><strong>:<\/strong> Lino<\/span><\/div>\n<div class=\"relax-message\"><\/div>\n<\/div>\n","protected":false},"excerpt":{"rendered":"<p>Las bermudas son sin\u00f3nimo de frescura y comodidad. El modelo cl\u00e1sico de lino acent\u00faa estas dos caracter\u00edsticas, dando vida a<\/p>\n","protected":false},"featured_media":59115,"comment_status":"open","ping_status":"closed","template":"","meta":{"nf_dc_page":""},"product_brand":[],"product_cat":[76],"product_tag":[],"class_list":{"0":"post-59114","1":"product","2":"type-product","3":"status-publish","4":"has-post-thumbnail","6":"product_cat-masculino","8":"first","9":"instock","10":"shipping-taxable","11":"purchasable","12":"product-type-simple"},"_links":{"self":[{"href":"https:\/\/brandss.com.py\/index\/wp-json\/wp\/v2\/product\/59114","targetHints":{"allow":["GET"]}}],"collection":[{"href":"https:\/\/brandss.com.py\/index\/wp-json\/wp\/v2\/product"}],"about":[{"href":"https:\/\/brandss.com.py\/index\/wp-json\/wp\/v2\/types\/product"}],"replies":[{"embeddable":true,"href":"https:\/\/brandss.com.py\/index\/wp-json\/wp\/v2\/comments?post=59114"}],"version-history":[{"count":1,"href":"https:\/\/brandss.com.py\/index\/wp-json\/wp\/v2\/product\/59114\/revisions"}],"predecessor-version":[{"id":59121,"href":"https:\/\/brandss.com.py\/index\/wp-json\/wp\/v2\/product\/59114\/revisions\/59121"}],"wp:featuredmedia":[{"embeddable":true,"href":"https:\/\/brandss.com.py\/index\/wp-json\/wp\/v2\/media\/59115"}],"wp:attachment":[{"href":"https:\/\/brandss.com.py\/index\/wp-json\/wp\/v2\/media?parent=59114"}],"wp:term":[{"taxonomy":"product_brand","embeddable":true,"href":"https:\/\/brandss.com.py\/index\/wp-json\/wp\/v2\/product_brand?post=59114"},{"taxonomy":"product_cat","embeddable":true,"href":"https:\/\/brandss.com.py\/index\/wp-json\/wp\/v2\/product_cat?post=59114"},{"taxonomy":"product_tag","embeddable":true,"href":"https:\/\/brandss.com.py\/index\/wp-json\/wp\/v2\/product_tag?post=59114"}],"curies":[{"name":"wp","href":"https:\/\/api.w.org\/{rel}","templated":true}]}}