{"id":59500,"date":"2024-10-14T17:08:47","date_gmt":"2024-10-14T17:08:47","guid":{"rendered":"https:\/\/brandss.com.py\/index\/?post_type=product&#038;p=59500"},"modified":"2026-03-14T11:39:29","modified_gmt":"2026-03-14T11:39:29","slug":"perfume-masculino-carolina-herrera-bad-boy-le-parfum-100-ml","status":"publish","type":"product","link":"https:\/\/brandss.com.py\/index\/producto\/perfume-masculino-carolina-herrera-bad-boy-le-parfum-100-ml\/","title":{"rendered":"PERFUME MASCULINO CAROLINA HERRERA BAD BOY LE PARFUM 100 ML"},"content":{"rendered":"<p><img loading=\"lazy\" decoding=\"async\" class=\"\" src=\"https:\/\/1000marcas.net\/wp-content\/uploads\/2019\/12\/logo-Carolina-Herrer.png\" alt=\"Logo de Carolina Herrera: la historia y el significado del logotipo, la  marca y el s\u00edmbolo. | png, vector\" width=\"119\" height=\"67\" \/><\/p>\n<h1>BAD BOY LE PARFUM<\/h1>\n<p><span>Presentamos\u00a0<\/span><strong><span>Carolina Herrera Bad Boy Le Parfum for Men,<\/span><\/strong><span> una fragancia atrevida y seductora que captura la esencia del hombre moderno, rebelde y seguro.\u00a0<\/span><span>Este aroma cautivador es perfecto para la persona carism\u00e1tica que busca una fragancia audaz e inolvidable para expresar su personalidad \u00fanica. <\/span><span>Sum\u00e9rgete en el atractivo mundo de Bad Boy Le Parfum y descubre la sorprendente mezcla de notas que crean esta experiencia olfativa verdaderamente magn\u00e9tica.<\/span><\/p>\n<p><span>Comienza tu viaje a trav\u00e9s de la audaz composici\u00f3n olfativa de<\/span> Bad Boy Le Parfum<span>, que se abre con una poderosa y tentadora mezcla de pimienta negra, manzana verde y bergamota, creando una sensaci\u00f3n inmediata de intensidad y encanto. <\/span><span>El coraz\u00f3n de la fragancia presenta una fusi\u00f3n seductora de salvia, lavanda y geranio, evocando una sensaci\u00f3n de elegancia masculina y encanto irresistible. <\/span><span>La fragancia culmina en una base sensual y potente de haba tonka, madera de \u00e1mbar y cacao, dejando un rastro de magnetismo y encanto innegables.<img loading=\"lazy\" decoding=\"async\" class=\"alignleft\" src=\"https:\/\/www.eclair-parfumeries.com\/43637-large_default\/bad-boy-le-parfum-150-ml.jpg\" width=\"519\" height=\"519\" \/><\/span><\/p>\n<p>Carolina Herrera Bad Boy Le Parfum for Men<span>\u00a0es una fragancia vers\u00e1til y duradera, lo que la convierte en la opci\u00f3n perfecta tanto para uso diurno aventurero como para ocasiones nocturnas cautivadoras.<\/span><\/p>\n<p><span>Su fascinante aroma realzar\u00e1 tu presencia, captando la atenci\u00f3n y admiraci\u00f3n de quienes te rodean. El frasco de hermoso dise\u00f1o, inspirado en el mundo de las atrevidas creaciones de Carolina Herrera, es un testimonio de la fuerza y \u200b\u200bla audacia que definen a esta fragancia excepcional.<\/span><\/p>\n<p><span>Experimente el encanto cautivador de\u00a0<\/span><strong><span>Bad Boy Le Parfum for Men de Carolina Herrera<\/span><\/strong><span>\u00a0y del\u00e9itese con la m\u00e1xima expresi\u00f3n de audacia, seducci\u00f3n y atractivo magn\u00e9tico. Incorpore esta fragancia atrevida a su colecci\u00f3n de aromas exclusivos hoy mismo.<\/span><\/p>\n<h3>Notoas Olfativas:<\/h3>\n<p><strong><span>Familia olfativa:\u00a0<\/span><\/strong><span>\u00a0AROM\u00c1TICA Amaderada \u00c1mbar<\/span><\/p>\n<p>Carolina Herrera Bad Boy Le Parfum for Men abre con una atractiva combinaci\u00f3n de pimienta negra, manzana verde y bergamota, que crea una sensaci\u00f3n de intensidad y encanto. El coraz\u00f3n revela una seductora fusi\u00f3n de salvia, lavanda y geranio, que evoca elegancia masculina y encanto irresistible. El aroma termina con una base sensual y potente de haba tonka, madera de \u00e1mbar y cacao, creando una fragancia cautivadora que encarna la esencia de la osad\u00eda, la seducci\u00f3n y el encanto magn\u00e9tico.<\/p>\n<p><strong>Notas de salida:<\/strong> Pimienta negra, manzana verde y bergamota.<\/p>\n<p><strong>Notas de coraz\u00f3n:<\/strong> Salvia, lavanda y geranio.<\/p>\n<p><strong>Notas de fondo:<\/strong> Haba honka, madera de ambar, cacao y cuero<\/p>\n","protected":false},"excerpt":{"rendered":"<p>BAD BOY LE PARFUM Presentamos\u00a0Carolina Herrera Bad Boy Le Parfum for Men, una fragancia atrevida y seductora que captura la<\/p>\n","protected":false},"featured_media":59501,"comment_status":"open","ping_status":"closed","template":"","meta":{"nf_dc_page":""},"product_brand":[128],"product_cat":[84],"product_tag":[841],"class_list":{"0":"post-59500","1":"product","2":"type-product","3":"status-publish","4":"has-post-thumbnail","6":"product_brand-carolina-herrera","7":"product_cat-perfumeria","8":"product_tag-841","10":"first","11":"outofstock","12":"shipping-taxable","13":"purchasable","14":"product-type-simple"},"_links":{"self":[{"href":"https:\/\/brandss.com.py\/index\/wp-json\/wp\/v2\/product\/59500","targetHints":{"allow":["GET"]}}],"collection":[{"href":"https:\/\/brandss.com.py\/index\/wp-json\/wp\/v2\/product"}],"about":[{"href":"https:\/\/brandss.com.py\/index\/wp-json\/wp\/v2\/types\/product"}],"replies":[{"embeddable":true,"href":"https:\/\/brandss.com.py\/index\/wp-json\/wp\/v2\/comments?post=59500"}],"version-history":[{"count":1,"href":"https:\/\/brandss.com.py\/index\/wp-json\/wp\/v2\/product\/59500\/revisions"}],"predecessor-version":[{"id":59510,"href":"https:\/\/brandss.com.py\/index\/wp-json\/wp\/v2\/product\/59500\/revisions\/59510"}],"wp:featuredmedia":[{"embeddable":true,"href":"https:\/\/brandss.com.py\/index\/wp-json\/wp\/v2\/media\/59501"}],"wp:attachment":[{"href":"https:\/\/brandss.com.py\/index\/wp-json\/wp\/v2\/media?parent=59500"}],"wp:term":[{"taxonomy":"product_brand","embeddable":true,"href":"https:\/\/brandss.com.py\/index\/wp-json\/wp\/v2\/product_brand?post=59500"},{"taxonomy":"product_cat","embeddable":true,"href":"https:\/\/brandss.com.py\/index\/wp-json\/wp\/v2\/product_cat?post=59500"},{"taxonomy":"product_tag","embeddable":true,"href":"https:\/\/brandss.com.py\/index\/wp-json\/wp\/v2\/product_tag?post=59500"}],"curies":[{"name":"wp","href":"https:\/\/api.w.org\/{rel}","templated":true}]}}