{"id":59765,"date":"2024-10-17T17:41:16","date_gmt":"2024-10-17T17:41:16","guid":{"rendered":"https:\/\/brandss.com.py\/index\/?post_type=product&#038;p=59765"},"modified":"2024-10-17T17:42:09","modified_gmt":"2024-10-17T17:42:09","slug":"calzado-deportivo-femenino-on-running-cloudultra-fluorita","status":"publish","type":"product","link":"https:\/\/brandss.com.py\/index\/producto\/calzado-deportivo-femenino-on-running-cloudultra-fluorita\/","title":{"rendered":"CALZADO DEPORTIVO FEMENINO ON-RUNNING CLOUDULTRA FLUORITA"},"content":{"rendered":"<p><img loading=\"lazy\" decoding=\"async\" class=\"\" src=\"https:\/\/upload.wikimedia.org\/wikipedia\/commons\/thumb\/9\/92\/On-cloud-logo-white-background.svg\/1200px-On-cloud-logo-white-background.svg.png\" alt=\"Archivo:On-cloud-logo-white-background.svg - Wikipedia, la enciclopedia  libre\" width=\"55\" height=\"71\" \/><\/p>\n<h1>CLOUDULTRA FLUORITA<\/h1>\n<p>On presenta los calzados Cloudultra Fluorite de edici\u00f3n limitada, un estilo llamativo para un rendimiento visible durante todo el d\u00eda y la noche. Dise\u00f1adas para una m\u00e1xima visibilidad y rendimiento, cuentan con una parte superior transpirable con materiales reflectantes, un ajuste adaptable al calcet\u00edn y el ajustador de cordones FlipRelease\u2122 para un ajuste m\u00e1s amplio cuando lo necesitas. Toma nota de la superespuma doble CloudTec\u00ae y doble Helion\u2122 para una comodidad a largo plazo y la tracci\u00f3n Missiongrip\u2122 para manejar m\u00faltiples terrenos.<\/p>\n<p><span>Este Cloudultra Fluorite est\u00e1 hecho para ser visto. Es parte de una edici\u00f3n especial, dise\u00f1ado para m\u00e1xima visibilidad y rendimiento. Su paleta inspirada en Gem en blanco y morado pastel, su ajuste adaptable y la parte superior transpirable y reflectante, las correas y los cordones hacen que sea dif\u00edcil pasarlo por alto.\u00a0<\/span><\/p>\n<div class=\"Materials_wrapper_3DRez\">\n<div class=\"PropertyItem_wrapper_1GZ_b\"><span class=\"PropertyItem_label_39ZZn\"><strong><span>\u00danico<\/span><\/strong><\/span><\/p>\n<p class=\"\"><span class=\"PropertyItem_value_2D-vk\"><span>Tecnolog\u00eda CloudTec\u00ae<\/span><\/span><span>:\u00a0<\/span><span>Tecnolog\u00eda desarrollada por la empresa suiza On que est\u00e1 dise\u00f1ada para mejorar el rendimiento de las zapatillas de running. Incorpora unos elementos cil\u00edndricos huecos \u00fanicos en la suela exterior, conocidos como Clouds, que se comprimen vertical y horizontalmente para proporcionar un aterrizaje suave y un despegue potente.<\/span><\/p>\n<\/div>\n<\/div>\n<div class=\"FancyDescription_wrapper_1wKh2\">\n<div class=\"FancyDescription_content_3krFZ\">\n<h5><span>La etiqueta ecol\u00f3gica<\/span><\/h5>\n<p><span>Se utiliza para productos que se fabrican mediante procesos m\u00e1s respetuosos con el medio ambiente que utilizan menos agua, energ\u00eda y productos qu\u00edmicos. Bajo esta etiqueta se encuentran los productos con certificaciones internacionales como bluesign\u00ae, the 100 standard by OEKO-TEX\u00ae y MADE IN GREEN by OEKO-TEX\u00ae.<\/span><\/p>\n<\/div>\n<\/div>\n<div class=\"FancyDescription_wrapper_1wKh2\">\n<div class=\"FancyDescription_content_3krFZ\">\n<h5><span>Reciclado<\/span><\/h5>\n<p><span>Los productos con esta etiqueta est\u00e1n fabricados principalmente con materiales reciclados, en su mayor\u00eda procedentes de residuos viejos, como botellas de pl\u00e1stico y ropa. Estos productos tienen una huella ambiental menor gracias al procesamiento de m\u00e1s materiales de desecho que de materiales v\u00edrgenes.<\/span><\/p>\n<\/div>\n<\/div>\n<h3>Beneficios:<\/h3>\n<ul>\n<li style=\"list-style-type: none\">\n<ul>\n<li><span>Colecci\u00f3n de gemas ocultas.<\/span><\/li>\n<li><span>Doble superespuma CloudTec y doble Helion.<\/span><\/li>\n<li><span>Suela de canal cerrado.<\/span><\/li>\n<li><span>Tracci\u00f3n Missiongrip.<\/span><\/li>\n<li><span>Ajustador de cordones FlipRelease.<\/span><\/li>\n<li>Materiales:<br \/>\n<strong>Superior: <\/strong>Textil\/ Sintetika<\/li>\n<\/ul>\n<\/li>\n<\/ul>\n<ul>\n<li style=\"list-style-type: none\"><\/li>\n<\/ul>\n<ul>\n<li style=\"list-style-type: none\"><\/li>\n<\/ul>\n<ul>\n<li style=\"list-style-type: none\"><\/li>\n<\/ul>\n<div>\n<div class=\"summary__title\">\n<h2 class=\"u-16 uppercase accordion__title\"><span>Detalles del producto<\/span><\/h2>\n<\/div>\n<\/div>\n<div id=\"ProductAccordion-407c7a83-7dd3-4481-b68e-a8ff0a804372-template--16711576289544__main\" class=\"accordion__content rte product_accordion_metafield\">\n<p><b><span>Modelo: <\/span><\/b><span>96.98411.<\/span><\/p>\n<p><b><span>Marca: <\/span><\/b><span>ON-RUNNING.<\/span><\/p>\n<p><b><span>Combinaci\u00f3n de colores: <\/span><\/b><span>Lirio\/ Blanco.<\/span><\/p>\n<p><b><span>Tipo: <\/span><\/b><span>Calzado Deportivo.<\/span><\/p>\n<p><b><span>Extras del calzado: <\/span><\/b><span>Edici\u00f3n limitada, Umweltfreundlich, Vegano.<\/span><\/p>\n<p><b><span>Funci\u00f3n: <\/span><\/b><span>Correr.<\/span><\/p>\n<p><b><span>Tipo: <\/span><\/b><span>Parte superior baja.<\/span><\/p>\n<p><b><span>Sistema \u00danico: <\/span><\/b><span>Tecnolog\u00eda en la nube.<\/span><\/p>\n<p><b><span>Cierre: <\/span><\/b><span>Apretar.<\/span><\/p>\n<p><b><span>Material superior: <\/span><\/b><span>Malla.<\/span><\/p>\n<p><b><span>Material de la suela: <\/span><\/b><span>Goma de mascar.<\/span><\/p>\n<\/div>\n","protected":false},"excerpt":{"rendered":"<p>CLOUDULTRA FLUORITA On presenta los calzados Cloudultra Fluorite de edici\u00f3n limitada, un estilo llamativo para un rendimiento visible durante todo<\/p>\n","protected":false},"featured_media":59766,"comment_status":"open","ping_status":"closed","template":"","meta":{"nf_dc_page":""},"product_brand":[],"product_cat":[73],"product_tag":[],"class_list":{"0":"post-59765","1":"product","2":"type-product","3":"status-publish","4":"has-post-thumbnail","6":"product_cat-femenino","8":"first","9":"instock","10":"shipping-taxable","11":"purchasable","12":"product-type-simple"},"_links":{"self":[{"href":"https:\/\/brandss.com.py\/index\/wp-json\/wp\/v2\/product\/59765","targetHints":{"allow":["GET"]}}],"collection":[{"href":"https:\/\/brandss.com.py\/index\/wp-json\/wp\/v2\/product"}],"about":[{"href":"https:\/\/brandss.com.py\/index\/wp-json\/wp\/v2\/types\/product"}],"replies":[{"embeddable":true,"href":"https:\/\/brandss.com.py\/index\/wp-json\/wp\/v2\/comments?post=59765"}],"version-history":[{"count":1,"href":"https:\/\/brandss.com.py\/index\/wp-json\/wp\/v2\/product\/59765\/revisions"}],"predecessor-version":[{"id":59777,"href":"https:\/\/brandss.com.py\/index\/wp-json\/wp\/v2\/product\/59765\/revisions\/59777"}],"wp:featuredmedia":[{"embeddable":true,"href":"https:\/\/brandss.com.py\/index\/wp-json\/wp\/v2\/media\/59766"}],"wp:attachment":[{"href":"https:\/\/brandss.com.py\/index\/wp-json\/wp\/v2\/media?parent=59765"}],"wp:term":[{"taxonomy":"product_brand","embeddable":true,"href":"https:\/\/brandss.com.py\/index\/wp-json\/wp\/v2\/product_brand?post=59765"},{"taxonomy":"product_cat","embeddable":true,"href":"https:\/\/brandss.com.py\/index\/wp-json\/wp\/v2\/product_cat?post=59765"},{"taxonomy":"product_tag","embeddable":true,"href":"https:\/\/brandss.com.py\/index\/wp-json\/wp\/v2\/product_tag?post=59765"}],"curies":[{"name":"wp","href":"https:\/\/api.w.org\/{rel}","templated":true}]}}