{"id":59778,"date":"2024-10-17T18:13:35","date_gmt":"2024-10-17T18:13:35","guid":{"rendered":"https:\/\/brandss.com.py\/index\/?post_type=product&#038;p=59778"},"modified":"2024-10-17T18:14:16","modified_gmt":"2024-10-17T18:14:16","slug":"calzado-deportivo-femenino-on-running-cloudultra","status":"publish","type":"product","link":"https:\/\/brandss.com.py\/index\/producto\/calzado-deportivo-femenino-on-running-cloudultra\/","title":{"rendered":"CALZADO DEPORTIVO FEMENINO ON-RUNNING CLOUDULTRA"},"content":{"rendered":"<p><img loading=\"lazy\" decoding=\"async\" class=\"\" src=\"https:\/\/upload.wikimedia.org\/wikipedia\/commons\/thumb\/9\/92\/On-cloud-logo-white-background.svg\/1200px-On-cloud-logo-white-background.svg.png\" alt=\"Archivo:On-cloud-logo-white-background.svg - Wikipedia, la enciclopedia  libre\" width=\"50\" height=\"64\" \/><\/p>\n<h1>CLOUDULTRA<\/h1>\n<p><span>Las Cloudultra est\u00e1n listas para conquistar todos los senderos. Con m\u00e1s agarre, una suela de construcci\u00f3n de canal cerrado y Missiongrip que proporciona la tracci\u00f3n que necesitas para dominar todos los terrenos mixtos, estas zapatillas son unas zapatillas de trail running duraderas y confiables. Una doble capa de superespuma Helion combinada con dos capas de CloudTec brindan una amortiguaci\u00f3n insuperable y una comodidad duradera.<\/span><\/p>\n<div>\n<div class=\"summary__title\">\n<h2 class=\"u-16 uppercase accordion__title\"><span>Beneficios:<\/span><\/h2>\n<\/div>\n<\/div>\n<div id=\"ProductAccordion-ade64b92-17ac-463f-833c-facef1c0c768-template--16711576289544__main\" class=\"accordion__content rte\">\n<ul>\n<li>Parte superior de malla de poli\u00e9ster reciclado transpirable<\/li>\n<li>Interior textil<\/li>\n<li>Entresuela con amortiguaci\u00f3n CloudTec y Helion<\/li>\n<li>Suela Speedboard con Missiongrip<\/li>\n<li>Refuerzo de TPU en la parte superior<\/li>\n<li>Construcci\u00f3n tipo calcet\u00edn<\/li>\n<li>Tal\u00f3n estable<\/li>\n<li>Logotipo de On Running en el lateral y la leng\u00fceta<\/li>\n<li>Peso: 8,64 oz<\/li>\n<li>Desnivel del tal\u00f3n a la punta: 8 mm<\/li>\n<li>Ideal para: carreras largas por senderos, entrenamiento todoterreno en senderos forestales y caminos de grava.<\/li>\n<\/ul>\n<div>\n<div class=\"summary__title\">\n<h2 class=\"u-16 uppercase accordion__title\"><span>Detalles del producto<\/span><\/h2>\n<\/div>\n<\/div>\n<div id=\"ProductAccordion-407c7a83-7dd3-4481-b68e-a8ff0a804372-template--16711576289544__main\" class=\"accordion__content rte product_accordion_metafield\">\n<p><b><span>Modelo: <\/span><\/b><span>44.99537<\/span><\/p>\n<p><b><span>Marca: <\/span><\/b>ON-RUNNING<\/p>\n<p><b><span>Color:<\/span><\/b><b><span>\u00a0<\/span><\/b>Moss \/ Eclipse<\/p>\n<p><b><span>G\u00e9nero: <\/span><\/b><span>Femenino.<\/span><\/p>\n<p><b><span>Tipo: <\/span><\/b>Calzado deportivo<\/p>\n<p><b><span>Sistema \u00danico: <\/span><\/b><span>Tecnolog\u00eda en la nube<\/span><\/p>\n<p><b><span>Cierre: <\/span><\/b><span>Apretar<\/span><\/p>\n<p><b><span>Material superior: <\/span><\/b><span>Textil<\/span><\/p>\n<p><b><span>Material de la suela: <\/span><\/b><span>Goma de mascar<\/span><\/p>\n<\/div>\n<\/div>\n","protected":false},"excerpt":{"rendered":"<p>CLOUDULTRA Las Cloudultra est\u00e1n listas para conquistar todos los senderos. Con m\u00e1s agarre, una suela de construcci\u00f3n de canal cerrado<\/p>\n","protected":false},"featured_media":59779,"comment_status":"open","ping_status":"closed","template":"","meta":{"nf_dc_page":""},"product_brand":[],"product_cat":[73],"product_tag":[],"class_list":{"0":"post-59778","1":"product","2":"type-product","3":"status-publish","4":"has-post-thumbnail","6":"product_cat-femenino","8":"first","9":"instock","10":"shipping-taxable","11":"purchasable","12":"product-type-simple"},"_links":{"self":[{"href":"https:\/\/brandss.com.py\/index\/wp-json\/wp\/v2\/product\/59778","targetHints":{"allow":["GET"]}}],"collection":[{"href":"https:\/\/brandss.com.py\/index\/wp-json\/wp\/v2\/product"}],"about":[{"href":"https:\/\/brandss.com.py\/index\/wp-json\/wp\/v2\/types\/product"}],"replies":[{"embeddable":true,"href":"https:\/\/brandss.com.py\/index\/wp-json\/wp\/v2\/comments?post=59778"}],"version-history":[{"count":1,"href":"https:\/\/brandss.com.py\/index\/wp-json\/wp\/v2\/product\/59778\/revisions"}],"predecessor-version":[{"id":59787,"href":"https:\/\/brandss.com.py\/index\/wp-json\/wp\/v2\/product\/59778\/revisions\/59787"}],"wp:featuredmedia":[{"embeddable":true,"href":"https:\/\/brandss.com.py\/index\/wp-json\/wp\/v2\/media\/59779"}],"wp:attachment":[{"href":"https:\/\/brandss.com.py\/index\/wp-json\/wp\/v2\/media?parent=59778"}],"wp:term":[{"taxonomy":"product_brand","embeddable":true,"href":"https:\/\/brandss.com.py\/index\/wp-json\/wp\/v2\/product_brand?post=59778"},{"taxonomy":"product_cat","embeddable":true,"href":"https:\/\/brandss.com.py\/index\/wp-json\/wp\/v2\/product_cat?post=59778"},{"taxonomy":"product_tag","embeddable":true,"href":"https:\/\/brandss.com.py\/index\/wp-json\/wp\/v2\/product_tag?post=59778"}],"curies":[{"name":"wp","href":"https:\/\/api.w.org\/{rel}","templated":true}]}}