{"id":59812,"date":"2024-10-18T12:38:49","date_gmt":"2024-10-18T12:38:49","guid":{"rendered":"https:\/\/brandss.com.py\/index\/?post_type=product&#038;p=59812"},"modified":"2024-10-18T12:39:45","modified_gmt":"2024-10-18T12:39:45","slug":"calzado-deportivo-femenino-on-running-cloudflyer","status":"publish","type":"product","link":"https:\/\/brandss.com.py\/index\/producto\/calzado-deportivo-femenino-on-running-cloudflyer\/","title":{"rendered":"CALZADO DEPORTIVO FEMENINO ON-RUNNING CLOUDFLYER"},"content":{"rendered":"<p><img loading=\"lazy\" decoding=\"async\" class=\"\" src=\"https:\/\/upload.wikimedia.org\/wikipedia\/commons\/thumb\/9\/92\/On-cloud-logo-white-background.svg\/1200px-On-cloud-logo-white-background.svg.png\" alt=\"Archivo:On-cloud-logo-white-background.svg - Wikipedia, la enciclopedia  libre\" width=\"57\" height=\"74\" \/><\/p>\n<h1>CLOUDFLYER<\/h1>\n<p>El calzado On-Running Cloudflyer \u00a0para mujer est\u00e1 destinada a corredoras\u00a0con\u00a0zancada\u00a0pronadora\u00a0universal\u00a0en\u00a0carreteras\u00a0y\u00a0senderos se\u00f1alizados.\u00a0<span>Tus sesiones\u00a0<\/span>de running ganan en estabilidad gracias al dise\u00f1o del calzado On-Running Cloudflyer. Sus doce\u00a0nubes\u00a0de espuma Zero-Gravit\u00a0proporcionan\u00a0una excelente\u00a0amortiguaci\u00f3n\u00a0contra impactos a la vez que te proporcionan una\u00a0estabilidad \u00f3ptima. Llega m\u00e1s lejos con la\u00a0zapatilla On-Running Cloudflyer\u00a0gracias a su suela patentada\u00a0CloudTec\u00a0que ofrece\u00a0una ligereza extraordinaria. Su\u00a0parte superior\u00a0de malla te brinda m\u00e1xima\u00a0transpirabilidad\u00a0para mayor comodidad durante tu entrenamiento\u00a0de carrera.<\/p>\n<h3>En resumen: tiradas largas<strong><span>.<\/span><\/strong><span>\u00a0<\/span><\/h3>\n<p><span>Por primera vez, la estabilidad y el soporte vienen en un paquete ultraligero. El nuevo sistema Cloudflyer aporta m\u00e1xima amortiguaci\u00f3n y estabilidad a tu carrera. Su sistema patentado CloudTec\u00ae est\u00e1 construido con espuma Zero-Gravity. Esto significa que el zapato pesa menos de 300 g, lo que convierte al Cloudflyer en uno de los modelos m\u00e1s ligeros de su categor\u00eda y con la m\u00e1xima estabilidad. Es ultraligero pero muy funcional. <\/span><span>Una suela m\u00e1s ancha con 12 Clouds proporciona una postura estable y una amortiguaci\u00f3n inteligente, exactamente donde y cuando se necesita. Las nubes especialmente dise\u00f1adas en la parte posterior del pie ayudan a evitar la rotaci\u00f3n del pie hacia adentro y permiten una zancada estable pero natural. Prep\u00e1rate para un impacto sorprendentemente suave y un rebote explosivo. Las carreras largas nunca se hab\u00edan sentido tan cortas con Cloudflyer.<\/span><\/p>\n<ul>\n<li><strong><span>Perfil de corredor:<\/span><\/strong><span> para quienes buscan un calzado con amortiguaci\u00f3n y estabilidad superior a la media manteniendo una pisada ligera y \u00e1gil<\/span><\/li>\n<li><strong><span>Ca\u00edda:<\/span><\/strong><span>\u00a07 mm\/0,28 pulgadas<\/span><\/li>\n<li><strong><span>Peso:<\/span><\/strong><span>\u00a0Hombres (US 8.5) 280 g, Mujeres (US 7) 220 g<\/span><\/li>\n<\/ul>\n<h3><span>La parte superior del zapato<\/span><\/h3>\n<ul>\n<li><span>El material superior es sin costuras y est\u00e1 tejido con material 100% antibacteriano.<\/span><\/li>\n<li><span>La forma del tal\u00f3n permite un movimiento suave y una sensaci\u00f3n similar al algod\u00f3n.<\/span><\/li>\n<li><span>Los detalles reflectantes garantizan una mejor visibilidad en la oscuridad.<\/span><\/li>\n<\/ul>\n<h3><span>\u00danico<\/span><\/h3>\n<ul>\n<li><span>La suela CloudTec\u00ae hecha de espuma Zero-Gravity proporciona una absorci\u00f3n de impactos superior.<\/span><\/li>\n<li><span>El surco central y la suela con curvatura el\u00edptica aumentan la flexibilidad y fluidez de la pisada.<\/span><\/li>\n<li><span>Las almohadillas de goma extendidas en las Nubes en el \u00e1rea de impacto aumentan la durabilidad y la longevidad.<\/span><\/li>\n<\/ul>\n<h3><span>Tecnolog\u00eda<\/span><\/h3>\n<ul>\n<li><span>Las nubes especialmente dise\u00f1adas en la parte posterior son m\u00e1s anchas y ayudan a suprimir la rotaci\u00f3n del pie hacia adentro. Son estables y permiten un paso natural.<\/span><\/li>\n<li><span>La tecnolog\u00eda Cloudtech con \u00e9nfasis en la estabilidad y la m\u00e1xima amortiguaci\u00f3n impresionar\u00e1 a los atletas m\u00e1s pesados \u200b\u200by a los corredores principiantes.<\/span><\/li>\n<li><span>Los cordones en forma de estrella sobre una c\u00f3moda leng\u00fceta favorecen las carreras de larga distancia.<\/span><\/li>\n<\/ul>\n<div class=\"detail-tab__technology__item\">\n<h3><span>NubeTec\u00ae<\/span><\/h3>\n<p><span>La tecnolog\u00eda CloudTec\u00ae patentada de On est\u00e1 dise\u00f1ada para garantizar un aterrizaje suave seguido de un despegue explosivo. \u00bfResultado? Sensaci\u00f3n de carrera incre\u00edblemente ligera. Y sin comprometer la amortiguaci\u00f3n y la protecci\u00f3n contra impactos. En otras palabras, correr sobre las nubes.<\/span><\/p>\n<\/div>\n<div class=\"detail-tab__technology__item\">\n<h3>Espuma de gravedad cero<\/h3>\n<p>La espuma Zero-Gravity ofrece la m\u00e1xima ligereza. Los agarres avanzados resistentes a la abrasi\u00f3n garantizan un agarre excelente y aportan longevidad a este peso ligero.<\/p>\n<p>&nbsp;<\/p>\n<p><strong>Puntos clave de los calzados Cloudflyer para correr<br \/>\n<\/strong><\/p>\n<ul>\n<li><strong><span>Zapato estable adecuado para todas las distancias.<\/span><\/strong><\/li>\n<li><strong><span>12 nubes de espuma Zero-Gravity<\/span><\/strong><span> : amortiguaci\u00f3n y estabilidad.<\/span><\/li>\n<li><strong><span>Suela CloudTec patentada<\/span><\/strong><span> : estabilidad y ligereza.<\/span><\/li>\n<li><strong><span>Parte superior de malla<\/span><\/strong><span> : transpirabilidad.<\/span><\/li>\n<li><strong><span>Plantilla extra\u00edble<\/span><\/strong><span>\u00a0: comodidad e higiene.<\/span><\/li>\n<li><strong><span>Ca\u00edda<\/span><\/strong><span> : 7 mm.<\/span><\/li>\n<li><b>Modelo<\/b>: 11.4206.<\/li>\n<li><strong><span>Colores<\/span><\/strong><span> : gris y coral.<\/span><\/li>\n<\/ul>\n<\/div>\n","protected":false},"excerpt":{"rendered":"<p>CLOUDFLYER El calzado On-Running Cloudflyer \u00a0para mujer est\u00e1 destinada a corredoras\u00a0con\u00a0zancada\u00a0pronadora\u00a0universal\u00a0en\u00a0carreteras\u00a0y\u00a0senderos se\u00f1alizados.\u00a0Tus sesiones\u00a0de running ganan en estabilidad gracias al dise\u00f1o<\/p>\n","protected":false},"featured_media":59813,"comment_status":"open","ping_status":"closed","template":"","meta":{"nf_dc_page":""},"product_brand":[],"product_cat":[73],"product_tag":[],"class_list":{"0":"post-59812","1":"product","2":"type-product","3":"status-publish","4":"has-post-thumbnail","6":"product_cat-femenino","8":"first","9":"instock","10":"shipping-taxable","11":"purchasable","12":"product-type-simple"},"_links":{"self":[{"href":"https:\/\/brandss.com.py\/index\/wp-json\/wp\/v2\/product\/59812","targetHints":{"allow":["GET"]}}],"collection":[{"href":"https:\/\/brandss.com.py\/index\/wp-json\/wp\/v2\/product"}],"about":[{"href":"https:\/\/brandss.com.py\/index\/wp-json\/wp\/v2\/types\/product"}],"replies":[{"embeddable":true,"href":"https:\/\/brandss.com.py\/index\/wp-json\/wp\/v2\/comments?post=59812"}],"version-history":[{"count":1,"href":"https:\/\/brandss.com.py\/index\/wp-json\/wp\/v2\/product\/59812\/revisions"}],"predecessor-version":[{"id":59818,"href":"https:\/\/brandss.com.py\/index\/wp-json\/wp\/v2\/product\/59812\/revisions\/59818"}],"wp:featuredmedia":[{"embeddable":true,"href":"https:\/\/brandss.com.py\/index\/wp-json\/wp\/v2\/media\/59813"}],"wp:attachment":[{"href":"https:\/\/brandss.com.py\/index\/wp-json\/wp\/v2\/media?parent=59812"}],"wp:term":[{"taxonomy":"product_brand","embeddable":true,"href":"https:\/\/brandss.com.py\/index\/wp-json\/wp\/v2\/product_brand?post=59812"},{"taxonomy":"product_cat","embeddable":true,"href":"https:\/\/brandss.com.py\/index\/wp-json\/wp\/v2\/product_cat?post=59812"},{"taxonomy":"product_tag","embeddable":true,"href":"https:\/\/brandss.com.py\/index\/wp-json\/wp\/v2\/product_tag?post=59812"}],"curies":[{"name":"wp","href":"https:\/\/api.w.org\/{rel}","templated":true}]}}