{"id":59907,"date":"2024-10-19T18:01:36","date_gmt":"2024-10-19T18:01:36","guid":{"rendered":"https:\/\/brandss.com.py\/index\/?post_type=product&#038;p=59907"},"modified":"2025-11-06T19:11:26","modified_gmt":"2025-11-06T19:11:26","slug":"calzado-deportivo-masculino-on-running-cloudwander-waterproof","status":"publish","type":"product","link":"https:\/\/brandss.com.py\/index\/producto\/calzado-deportivo-masculino-on-running-cloudwander-waterproof\/","title":{"rendered":"CALZADO DEPORTIVO MASCULINO ON-RUNNING CLOUDWANDER WATERPROOF"},"content":{"rendered":"<p><img loading=\"lazy\" decoding=\"async\" class=\"\" src=\"https:\/\/upload.wikimedia.org\/wikipedia\/commons\/thumb\/9\/92\/On-cloud-logo-white-background.svg\/1200px-On-cloud-logo-white-background.svg.png\" alt=\"Archivo:On-cloud-logo-white-background.svg - Wikipedia, la enciclopedia  libre\" width=\"52\" height=\"67\" \/><\/p>\n<h1>CLOUDWANDER WATERPROOF<\/h1>\n<p>Experimente On Cloudwander Waterproof: la fusi\u00f3n perfecta de estilo y funcionalidad. Estos innovadores zapatos no solo ofrecen m\u00e1xima comodidad, sino tambi\u00e9n tecnolog\u00eda impermeable para aventuras en cualquier clima. La suela liviana como una pluma y el dise\u00f1o moderno los convierten en el compa\u00f1ero ideal para los exploradores activos. On Cloudwander Waterproof: rendimiento y estilo para cualquier clima.<\/p>\n<p><span>Estos calzados de alto rendimiento para exteriores, dise\u00f1adas para uso diario, son ligeras y \u00e1giles, pero ofrecen el soporte suficiente para que te sientas c\u00f3modo en caminatas largas. Con la agilidad de las Cloudventure y la tracci\u00f3n de las Cloudrock, las Cloudwander son los calzados ideales para usar durante todo el d\u00eda.<\/span><\/p>\n<p><span>El zapato de senderismo multifuncional para aventuras diarias al aire libre, en cualquier clima.<\/span><\/p>\n<h4>\n<span>Tecnolog\u00eda: Se necesitan tres<\/span><\/h4>\n<p><span>Inspirado en la comodidad de la colecci\u00f3n Cloud, la agilidad de Cloudventure y la tracci\u00f3n de Cloudrock, el Cloudwander Waterproof es tu zapato ideal para un rendimiento durante todo el d\u00eda en cualquier aventura al aire libre.<\/span><\/p>\n<h4><span>Materiales: Agarre en esta<\/span><\/h4>\n<p><span>Nueva goma Missiongrip\u2122 mejorada que proporciona un agarre confiable en condiciones secas y h\u00famedas, en cualquier terreno en el que te encuentres. Combinado con amortiguaci\u00f3n CloudTec\u00ae y un balanc\u00edn m\u00e1s grande para un movimiento de rodadura c\u00f3modo durante todo el d\u00eda.<\/span><\/p>\n<h4><span>Dise\u00f1o: Ll\u00e9valo al exterior<\/span><\/h4>\n<p><span>Hecho para el d\u00eda a d\u00eda, para exteriores extraordinarios. Un zapato de rendimiento para exteriores que es liviano y \u00e1gil, pero lo suficientemente resistente para soportar una caminata m\u00e1s larga si tu perro decide que simplemente tiene que seguir ese d\u00eda. Y tambi\u00e9n es impermeable. Porque llueve.<\/span><\/p>\n<h3><strong><span data-contrast=\"none\">Caracter\u00edsticas:<\/span><\/strong><\/h3>\n<ul>\n<li><span data-contrast=\"none\">Impermeable y transpirable: membrana impermeable 20% reciclada.<\/span><\/li>\n<li><span data-contrast=\"none\">Ligero.<\/span><\/li>\n<li><span data-contrast=\"none\">Mucha amortiguaci\u00f3n: CloudTec\u00ae<\/span> .<\/li>\n<li><span data-contrast=\"none\">Agarre en varios tipos de superficies, desde barro hasta terreno rocoso.<\/span><\/li>\n<li><span data-contrast=\"none\">\u00c1gil.<\/span><\/li>\n<li><span data-contrast=\"none\">Estabilizador del tal\u00f3n para una estabilidad y soporte \u00f3ptimos.<\/span><\/li>\n<li><span data-contrast=\"none\">Nariz reforzada con borde protector.<\/span><\/li>\n<li><span>Adecuado para uso diario y para paseos por senderos f\u00e1ciles.\u00a0<\/span><\/li>\n<li><span data-contrast=\"none\">390 gramos<\/span><span> \u00a0por zapato.<\/span><\/li>\n<li><span data-contrast=\"none\">Ca\u00edda del tal\u00f3n a la punta: 9 mm.<\/span><\/li>\n<li><span data-ccp-props=\"{\">Categor\u00eda A.<\/span><\/li>\n<li><span>Parte superior textil y sint\u00e9tica.<\/span><\/li>\n<li><span>Forro y plantilla de tela.<\/span><\/li>\n<li><span>Suela sint\u00e9tica.<\/span><\/li>\n<li><span>Cierre de encaje.<\/span><\/li>\n<li><span>Plantilla extra\u00edble.<\/span><\/li>\n<li>MissionGrip para un agarre confiable en climas h\u00famedos y secos.<\/li>\n<li><span>Modelo: 73.98606.<\/span><\/li>\n<li>Color: Negro\/ Eclipse.<\/li>\n<\/ul>\n","protected":false},"excerpt":{"rendered":"<p>CLOUDWANDER WATERPROOF Experimente On Cloudwander Waterproof: la fusi\u00f3n perfecta de estilo y funcionalidad. Estos innovadores zapatos no solo ofrecen m\u00e1xima<\/p>\n","protected":false},"featured_media":59908,"comment_status":"open","ping_status":"closed","template":"","meta":{"nf_dc_page":""},"product_brand":[],"product_cat":[76],"product_tag":[],"class_list":{"0":"post-59907","1":"product","2":"type-product","3":"status-publish","4":"has-post-thumbnail","6":"product_cat-masculino","8":"first","9":"instock","10":"shipping-taxable","11":"purchasable","12":"product-type-simple"},"_links":{"self":[{"href":"https:\/\/brandss.com.py\/index\/wp-json\/wp\/v2\/product\/59907","targetHints":{"allow":["GET"]}}],"collection":[{"href":"https:\/\/brandss.com.py\/index\/wp-json\/wp\/v2\/product"}],"about":[{"href":"https:\/\/brandss.com.py\/index\/wp-json\/wp\/v2\/types\/product"}],"replies":[{"embeddable":true,"href":"https:\/\/brandss.com.py\/index\/wp-json\/wp\/v2\/comments?post=59907"}],"version-history":[{"count":1,"href":"https:\/\/brandss.com.py\/index\/wp-json\/wp\/v2\/product\/59907\/revisions"}],"predecessor-version":[{"id":59920,"href":"https:\/\/brandss.com.py\/index\/wp-json\/wp\/v2\/product\/59907\/revisions\/59920"}],"wp:featuredmedia":[{"embeddable":true,"href":"https:\/\/brandss.com.py\/index\/wp-json\/wp\/v2\/media\/59908"}],"wp:attachment":[{"href":"https:\/\/brandss.com.py\/index\/wp-json\/wp\/v2\/media?parent=59907"}],"wp:term":[{"taxonomy":"product_brand","embeddable":true,"href":"https:\/\/brandss.com.py\/index\/wp-json\/wp\/v2\/product_brand?post=59907"},{"taxonomy":"product_cat","embeddable":true,"href":"https:\/\/brandss.com.py\/index\/wp-json\/wp\/v2\/product_cat?post=59907"},{"taxonomy":"product_tag","embeddable":true,"href":"https:\/\/brandss.com.py\/index\/wp-json\/wp\/v2\/product_tag?post=59907"}],"curies":[{"name":"wp","href":"https:\/\/api.w.org\/{rel}","templated":true}]}}