{"id":60012,"date":"2024-10-22T12:18:50","date_gmt":"2024-10-22T12:18:50","guid":{"rendered":"https:\/\/brandss.com.py\/index\/?post_type=product&#038;p=60012"},"modified":"2025-10-16T19:15:50","modified_gmt":"2025-10-16T19:15:50","slug":"calzado-deportivo-masculino-on-running-cloudventure-peak-3","status":"publish","type":"product","link":"https:\/\/brandss.com.py\/index\/producto\/calzado-deportivo-masculino-on-running-cloudventure-peak-3\/","title":{"rendered":"CALZADO DEPORTIVO MASCULINO ON-RUNNING CLOUD HI EDGE"},"content":{"rendered":"<p><img loading=\"lazy\" decoding=\"async\" class=\"\" src=\"https:\/\/upload.wikimedia.org\/wikipedia\/commons\/thumb\/9\/92\/On-cloud-logo-white-background.svg\/1200px-On-cloud-logo-white-background.svg.png\" alt=\"Archivo:On-cloud-logo-white-background.svg - Wikipedia, la enciclopedia libre\" width=\"50\" height=\"64\" \/><\/p>\n<h1>CLOUD HI EDGE<\/h1>\n<div class=\"n58676\">\n<div id=\"tabs_58676\">\n<h3><\/h3>\n<p class=\"activTab hoverTab\">Los calzados On no solo son conocidos por su dise\u00f1o \u00fanico, sino tambi\u00e9n por su ajuste c\u00f3modo. Esto se debe a la tecnolog\u00eda CloudTec incorporada. El sistema de amortiguaci\u00f3n patentado reduce el impacto al correr y proporciona un rebote explosivo.<\/p>\n<p><main id=\"MainContent\" class=\"content-for-layout focus-none\" role=\"main\"><\/p>\n<section id=\"shopify-section-template--23219122766092__main\" class=\"shopify-section section cc-product-margin\">\n<section id=\"MainProduct-template--23219122766092__main\" class=\"page-width section-template--23219122766092__main-padding\" data-section=\"template--23219122766092__main\">\n<div class=\"cc-product-grid product\">\n<div class=\"product__info-container flex__last-margin\">\n<div class=\"product__description rte quick-add-hidden\">\n<p>\u00a1Perfecto para los d\u00edas m\u00e1s fr\u00edos! Los calzados altos \u201cCloud Hi Edge\u201d convencen por su dise\u00f1o hasta el tobillo, que no s\u00f3lo garantiza una estabilidad \u00f3ptima en cada paso, sino que tambi\u00e9n convence por su aspecto realmente moderno. La distintiva suela con perfil apoya perfectamente nuestros pies en su movimiento, mientras que podemos variar f\u00e1cilmente el ancho de los zapatos de hombre con los cordones. \u00a1Con estos todoterreno de ON RUNNING pueden llegar los d\u00edas de carrera intensa!<\/p>\n<div>\n<div class=\"summary__title\">\n<h4 class=\"u-16 uppercase accordion__title\">Caracter\u00edsticas:<\/h4>\n<\/div>\n<\/div>\n<div id=\"ProductAccordion-ade64b92-17ac-463f-833c-facef1c0c768-template--16711576289544__main\" class=\"accordion__content rte\">\n<ul>\n<li>Parte superior de malla Engineered Mesh especialmente ligera y gamuza sint\u00e9tica<\/li>\n<li>Amortiguaci\u00f3n suave CloudTec de Helion Superfoam<\/li>\n<li>Suela de goma antideslizante con perfil.<\/li>\n<li>Sistema de cordones especial<\/li>\n<li>Logotipo de On Running en el lateral<\/li>\n<\/ul>\n<h4>Detalles:<\/h4>\n<table>\n<tbody>\n<tr>\n<th scope=\"row\"><span>Modelo<\/span><\/th>\n<td><span>\u00a028.99469<\/span><\/td>\n<\/tr>\n<tr>\n<th scope=\"row\"><span>Color<\/span><\/th>\n<td><span>\u00a0Aloe \/ Pecan<\/span><\/td>\n<\/tr>\n<tr>\n<th scope=\"row\"><span>G\u00e9nero<\/span><\/th>\n<td><span>\u00a0Masculino<\/span><\/td>\n<\/tr>\n<tr>\n<th scope=\"row\"><span>Material<\/span><\/th>\n<td><span>\u00a0Sint\u00e9tico, Textil<\/span><\/td>\n<\/tr>\n<tr>\n<th scope=\"row\"><span>Suela exterior<\/span><\/th>\n<td><span>\u00a0Goma<\/span><\/td>\n<\/tr>\n<tr>\n<th scope=\"row\"><span>Marca<\/span><\/th>\n<td><span>\u00a0ON-RUNNING<\/span><\/td>\n<\/tr>\n<tr>\n<th scope=\"row\"><span>Amortiguaci\u00f3n<\/span><\/th>\n<td><span>\u00a0Tecnolog\u00eda en la nube<\/span><\/td>\n<\/tr>\n<tr>\n<th scope=\"row\"><span>Cortar<\/span><\/th>\n<td><span>\u00a0Corte bajo<\/span><\/td>\n<\/tr>\n<tr>\n<th scope=\"row\"><span>Entresuela<\/span><\/th>\n<td><span>\u00a0Tecnolog\u00eda en la nube<\/span><\/td>\n<\/tr>\n<tr>\n<th scope=\"row\"><span>Estilo<\/span><\/th>\n<td><span>\u00a0Calzado deportivo<\/span><\/td>\n<\/tr>\n<tr>\n<th scope=\"row\"><span>Disciplina<\/span><\/th>\n<td><span>\u00a0Running<\/span><\/td>\n<\/tr>\n<\/tbody>\n<\/table>\n<\/div>\n<\/div>\n<\/div>\n<\/div>\n<\/section>\n<\/section>\n<p><\/main><\/div>\n<\/div>\n","protected":false},"excerpt":{"rendered":"<p>CLOUD HI EDGE Los calzados On no solo son conocidos por su dise\u00f1o \u00fanico, sino tambi\u00e9n por su ajuste c\u00f3modo.<\/p>\n","protected":false},"featured_media":60024,"comment_status":"open","ping_status":"closed","template":"","meta":{"nf_dc_page":""},"product_brand":[],"product_cat":[76],"product_tag":[],"class_list":{"0":"post-60012","1":"product","2":"type-product","3":"status-publish","4":"has-post-thumbnail","6":"product_cat-masculino","8":"first","9":"instock","10":"shipping-taxable","11":"purchasable","12":"product-type-simple"},"_links":{"self":[{"href":"https:\/\/brandss.com.py\/index\/wp-json\/wp\/v2\/product\/60012","targetHints":{"allow":["GET"]}}],"collection":[{"href":"https:\/\/brandss.com.py\/index\/wp-json\/wp\/v2\/product"}],"about":[{"href":"https:\/\/brandss.com.py\/index\/wp-json\/wp\/v2\/types\/product"}],"replies":[{"embeddable":true,"href":"https:\/\/brandss.com.py\/index\/wp-json\/wp\/v2\/comments?post=60012"}],"version-history":[{"count":3,"href":"https:\/\/brandss.com.py\/index\/wp-json\/wp\/v2\/product\/60012\/revisions"}],"predecessor-version":[{"id":60034,"href":"https:\/\/brandss.com.py\/index\/wp-json\/wp\/v2\/product\/60012\/revisions\/60034"}],"wp:featuredmedia":[{"embeddable":true,"href":"https:\/\/brandss.com.py\/index\/wp-json\/wp\/v2\/media\/60024"}],"wp:attachment":[{"href":"https:\/\/brandss.com.py\/index\/wp-json\/wp\/v2\/media?parent=60012"}],"wp:term":[{"taxonomy":"product_brand","embeddable":true,"href":"https:\/\/brandss.com.py\/index\/wp-json\/wp\/v2\/product_brand?post=60012"},{"taxonomy":"product_cat","embeddable":true,"href":"https:\/\/brandss.com.py\/index\/wp-json\/wp\/v2\/product_cat?post=60012"},{"taxonomy":"product_tag","embeddable":true,"href":"https:\/\/brandss.com.py\/index\/wp-json\/wp\/v2\/product_tag?post=60012"}],"curies":[{"name":"wp","href":"https:\/\/api.w.org\/{rel}","templated":true}]}}