{"id":60172,"date":"2024-10-24T14:36:27","date_gmt":"2024-10-24T14:36:27","guid":{"rendered":"https:\/\/brandss.com.py\/index\/?post_type=product&#038;p=60172"},"modified":"2025-10-27T14:09:27","modified_gmt":"2025-10-27T14:09:27","slug":"calzado-deportivo-masculino-on-running-cloud-5-push","status":"publish","type":"product","link":"https:\/\/brandss.com.py\/index\/producto\/calzado-deportivo-masculino-on-running-cloud-5-push\/","title":{"rendered":"CALZADO DEPORTIVO MASCULINO ON-RUNNING CLOUD 5 PUSH"},"content":{"rendered":"<p><img loading=\"lazy\" decoding=\"async\" class=\"\" src=\"https:\/\/upload.wikimedia.org\/wikipedia\/commons\/thumb\/9\/92\/On-cloud-logo-white-background.svg\/1200px-On-cloud-logo-white-background.svg.png\" alt=\"Archivo:On-cloud-logo-white-background.svg - Wikipedia, la enciclopedia  libre\" width=\"62\" height=\"80\" \/><\/p>\n<h1>CLOUD 5 PUSH<\/h1>\n<p class=\"PDPDescHighLight-Description\">El ic\u00f3nico calzado se presenta nuevamente con a\u00fan m\u00e1s comodidad. Dise\u00f1ado para rendir todo el d\u00eda, todos los d\u00edas, con mayor estabilidad. La parte superior deportiva se ajusta mejor para brindar mayor seguridad y una sensaci\u00f3n de pisada m\u00e1s c\u00f3moda. Una tela de malla en capas en la leng\u00fceta ofrece una circulaci\u00f3n de aire \u00f3ptima. La exclusiva funci\u00f3n el\u00e1stica funciona en una estructura de red para brindar mucha elasticidad y transpirabilidad. La On Cloud 5 es un innovador calzado para correr desarrollado por la marca suiza On. Es parte de la popular serie Cloud y ofrece a los corredores una experiencia de carrera \u00fanica. El Cloud 5 presenta una construcci\u00f3n liviana y la tecnolog\u00eda de amortiguaci\u00f3n CloudTec que brinda un aterrizaje receptivo pero acolchado. El material exterior es de malla transpirable, que garantiza una ventilaci\u00f3n \u00f3ptima y mantiene el pie agradablemente fresco. La suela exterior flexible con sus elementos de nube ofrece una excelente tracci\u00f3n y permite un comportamiento de rodadura natural. El Cloud 5 no s\u00f3lo es funcional, sino tambi\u00e9n est\u00e9ticamente agradable, con diferentes opciones de color para elegir. Ya seas un corredor experimentado o un atleta ocasional, definitivamente vale la pena echarle un vistazo a las On Cloud 5 si buscas un calzado para correr liviano y c\u00f3modo.<\/p>\n<div class=\"sc-bdnxRM cgtQzt sc-pNWdM\"><span>Mejora tu estilo deportivo con las On Running Cloud 5 Push. Con una comodidad superior y un dise\u00f1o elegante, estos calzados On son perfectos para usar a diario. Mejora tu estilo mientras disfrutas del soporte y la amortiguaci\u00f3n que necesitas.<\/span><\/div>\n<div><\/div>\n<h3>Caracter\u00edsticas:<\/h3>\n<div><\/div>\n<div>\n<ul class=\"cdr-list_13-3-1 cdr-list--unordered_13-3-1 product-features__list\" data-ui=\"product-features-list\" data-v-2fd787b6=\"\">\n<li data-v-2fd787b6=\"\"><span>La parte superior de malla transpirable y antimicrobiana te mantiene fresco y fresco; los refuerzos con cinta sin costuras aseguran un ajuste perfecto.<\/span><\/li>\n<li data-v-2fd787b6=\"\"><span>El sistema de cordones r\u00e1pidos con manos libres te asegura el ajuste al instante; si quieres cordones cl\u00e1sicos, tambi\u00e9n hay un par de ellos en la caja.<\/span><\/li>\n<li data-v-2fd787b6=\"\"><span>La espuma CloudTec\u00ae Zero-Gravity y el Speedboard\u00ae de alta propulsi\u00f3n te mantienen ligero de pies; las entresuelas m\u00e1s altas y un antepi\u00e9 de canal cerrado garantizan aterrizajes suaves y estables.<\/span><\/li>\n<li data-v-2fd787b6=\"\"><span>El dise\u00f1o del tal\u00f3n moldeado mantiene tu pie firmemente en su lugar para que puedas concentrarte en llegar a donde necesitas estar.<\/span><\/li>\n<li data-v-2fd787b6=\"\"><span>Las almohadillas antiabrasi\u00f3n en las suelas a\u00f1aden tracci\u00f3n.<\/span><\/li>\n<\/ul>\n<h3>Detalles:<\/h3>\n<\/div>\n<div class=\"sc-bdnxRM sc-gtsrHT sc-jSFjdj kIzPuz gfuSqG sm-above\">\n<div class=\"sc-bdnxRM sc-iCoGMd sc-gGLxEB fzUdiI dGJRan\">\n<div class=\"sc-bdnxRM kCNNfV sc-pNWdM\"><span><strong>Marca:<\/strong> ON-RUNNING.<\/span><\/div>\n<div><strong>Modelo:<\/strong> 69.98356.<\/div>\n<div><strong>G\u00e9nero:<\/strong> Masculino.<\/div>\n<\/div>\n<div class=\"sc-bdnxRM sc-iCoGMd sc-gGLxEB fzUdiI dGJRan\">\n<div class=\"sc-bdnxRM kCNNfV sc-pNWdM\"><span><strong>Color:<\/strong> Undyed-White\/ Glacier.<\/span><\/div>\n<div class=\"sc-bdnxRM dSYbuU sc-pNWdM ldCtBF tappable\"><strong>Categor\u00eda de Producto:<\/strong> Calzados para correr.<\/div>\n<\/div>\n<div class=\"sc-bdnxRM sc-iCoGMd sc-gGLxEB fzUdiI dGJRan\"><\/div>\n<div class=\"sc-bdnxRM sc-iCoGMd sc-gGLxEB fzUdiI dGJRan\">\n<div class=\"sc-bdnxRM dSYbuU sc-pNWdM\">\n<div class=\"sc-bdnxRM kCNNfV sc-pNWdM\"><\/div>\n<\/div>\n<\/div>\n<\/div>\n","protected":false},"excerpt":{"rendered":"<p>CLOUD 5 PUSH El ic\u00f3nico calzado se presenta nuevamente con a\u00fan m\u00e1s comodidad. Dise\u00f1ado para rendir todo el d\u00eda, todos<\/p>\n","protected":false},"featured_media":60173,"comment_status":"open","ping_status":"closed","template":"","meta":{"nf_dc_page":""},"product_brand":[],"product_cat":[76],"product_tag":[],"class_list":{"0":"post-60172","1":"product","2":"type-product","3":"status-publish","4":"has-post-thumbnail","6":"product_cat-masculino","8":"first","9":"instock","10":"shipping-taxable","11":"purchasable","12":"product-type-simple"},"_links":{"self":[{"href":"https:\/\/brandss.com.py\/index\/wp-json\/wp\/v2\/product\/60172","targetHints":{"allow":["GET"]}}],"collection":[{"href":"https:\/\/brandss.com.py\/index\/wp-json\/wp\/v2\/product"}],"about":[{"href":"https:\/\/brandss.com.py\/index\/wp-json\/wp\/v2\/types\/product"}],"replies":[{"embeddable":true,"href":"https:\/\/brandss.com.py\/index\/wp-json\/wp\/v2\/comments?post=60172"}],"version-history":[{"count":1,"href":"https:\/\/brandss.com.py\/index\/wp-json\/wp\/v2\/product\/60172\/revisions"}],"predecessor-version":[{"id":60185,"href":"https:\/\/brandss.com.py\/index\/wp-json\/wp\/v2\/product\/60172\/revisions\/60185"}],"wp:featuredmedia":[{"embeddable":true,"href":"https:\/\/brandss.com.py\/index\/wp-json\/wp\/v2\/media\/60173"}],"wp:attachment":[{"href":"https:\/\/brandss.com.py\/index\/wp-json\/wp\/v2\/media?parent=60172"}],"wp:term":[{"taxonomy":"product_brand","embeddable":true,"href":"https:\/\/brandss.com.py\/index\/wp-json\/wp\/v2\/product_brand?post=60172"},{"taxonomy":"product_cat","embeddable":true,"href":"https:\/\/brandss.com.py\/index\/wp-json\/wp\/v2\/product_cat?post=60172"},{"taxonomy":"product_tag","embeddable":true,"href":"https:\/\/brandss.com.py\/index\/wp-json\/wp\/v2\/product_tag?post=60172"}],"curies":[{"name":"wp","href":"https:\/\/api.w.org\/{rel}","templated":true}]}}