{"id":60186,"date":"2024-10-24T16:50:01","date_gmt":"2024-10-24T16:50:01","guid":{"rendered":"https:\/\/brandss.com.py\/index\/?post_type=product&#038;p=60186"},"modified":"2025-06-19T19:17:49","modified_gmt":"2025-06-19T19:17:49","slug":"calzado-deportivo-masculino-on-running-cloud-dip-2","status":"publish","type":"product","link":"https:\/\/brandss.com.py\/index\/producto\/calzado-deportivo-masculino-on-running-cloud-dip-2\/","title":{"rendered":"CALZADO DEPORTIVO MASCULINO ON-RUNNING CLOUD DIP"},"content":{"rendered":"<p><img loading=\"lazy\" decoding=\"async\" class=\"\" src=\"https:\/\/upload.wikimedia.org\/wikipedia\/commons\/thumb\/9\/92\/On-cloud-logo-white-background.svg\/1200px-On-cloud-logo-white-background.svg.png\" alt=\"Archivo:On-cloud-logo-white-background.svg - Wikipedia, la enciclopedia  libre\" width=\"76\" height=\"99\" \/><\/p>\n<h1>CLOUD DIP<\/h1>\n<div class=\"zp8uy2\" data-hook=\"info-section-description\">\n<p><span>El zapato ligero y resistente listo para cualquier aventura, todos los d\u00edas. Zapato resistente y liviano que est\u00e1 listo para cualquier aventura.<br \/>\nPresentamos Cloud Dip, la variante m\u00e1s potente de Cloud hasta la fecha. Ad\u00e9ntrate en territorio inexplorado con guardabarros de goma pintados a mano de 360\u00b0. La espuma Zero-Gravity y CloudTec en la suela exterior te brindan un aterrizaje suave y acolchado, mientras que el Speedboard propulsor te impulsa hacia adelante sin cesar. La parte superior est\u00e1 confeccionada con algod\u00f3n bal\u00edstico de inspiraci\u00f3n militar que es perfecta para cualquier situaci\u00f3n. Resistente a la abrasi\u00f3n y duradero, a\u00f1ade protecci\u00f3n al rendimiento refinado del Cloud original. Este es el primer tipo de zapato de On. Es un fuerte aliado que funcionar\u00e1 bien bajo su supervisi\u00f3n durante mucho tiempo.<\/span><\/p>\n<p><strong><span>Tecnolog\u00eda<\/span><\/strong><\/p>\n<p><span>Robusto y listo<\/span><\/p>\n<p><span>Descubre el Cloud Dip, el Cloud m\u00e1s robusto actualmente. Con un guardabarros de goma de 360\u00b0, est\u00e1 dise\u00f1ado para llegar donde otros no se atreven.<\/span><\/p>\n<p><span>La suela con espuma Zero-Gravity y CloudTec\u00ae proporciona aterrizajes suaves y acolchados.<\/span><\/p>\n<p><span>El Speedboard\u2122 de alta propulsi\u00f3n te empuja sin descanso.<\/span><\/p>\n<\/div>\n<h2 class=\"sNipX2_ ojo6Ou4---typography-11-runningText ojo6Ou4---priority-7-primary _HOcyB JUtQCP sxbtulv\" aria-hidden=\"false\" data-hook=\"info-section-title\"><span>Presupuesto<\/span><\/h2>\n<div class=\"zp8uy2\" data-hook=\"info-section-description\">\n<div>\n<p><strong>Materiales<\/strong><\/p>\n<p>Parte superior bal\u00edstica<\/p>\n<p>Mant\u00e9n el control de cualquier situaci\u00f3n con la parte superior de algod\u00f3n bal\u00edstico de inspiraci\u00f3n militar. De alta resistencia, aporta una protecci\u00f3n s\u00f3lida al brillante rendimiento del Cloud original. Una primicia para On, dise\u00f1ada para durar<\/p>\n<p><strong>Dise\u00f1o<\/strong><\/p>\n<p>La nube fortalecida<\/p>\n<p>Con su parte superior bal\u00edstica y su guardabarros de 360\u00b0 inspirado en las zapatillas de trail, las Cloud Dip llevan el dise\u00f1o de culto de las Cloud a nuevos territorios, con la misma tecnolog\u00eda de vanguardia. Avent\u00farate sin miedo, empuja sin descanso. La aventura te espera. El Cloud Dip estar\u00e1 listo cuando usted lo est\u00e9.<\/p>\n<h3>Caracter\u00edsticas:<\/h3>\n<p><strong>Actividad:<\/strong> Diaria.<\/p>\n<p><strong>Superficie:<\/strong> Carretera.<\/p>\n<p><strong>Amortiguaci\u00f3n:<\/strong> Directa.<\/p>\n<p><strong>Estabilidad:<\/strong> Neutro.<\/p>\n<p><strong>Ancho:<\/strong> Normal.<\/p>\n<p><strong>Excelente para:<\/strong> Uso diario, exploraci\u00f3n urbana y aventuras.<\/p>\n<p><strong>Distancia tal\u00f3n-punta:<\/strong> 46mm.<\/p>\n<\/div>\n<\/div>\n<h3>Detalles:<\/h3>\n<table class=\"n54117_dictionary\">\n<tbody>\n<tr class=\"element\">\n<td class=\"n54117_item_a1\"><strong>Marca:<\/strong><\/td>\n<td class=\"n54117_item_b1\">\n<div class=\"n54117_item_b_sub\">\u00a0ON-RUNNING<\/div>\n<\/td>\n<\/tr>\n<tr class=\"element\">\n<td class=\"n54117_item_a2\"><strong><span class=\"n67256colon\">Modelo:<\/span><\/strong><\/td>\n<td class=\"n54117_item_b2\">\n<div class=\"n54117_item_b_sub\">\u00a018.99876<\/div>\n<\/td>\n<\/tr>\n<tr class=\"element\">\n<td class=\"n54117_item_a1\"><strong>G\u00e9nero<span class=\"n67256colon\">:<\/span><\/strong><\/td>\n<td class=\"n54117_item_b1\">\n<div class=\"n54117_item_b_sub\">\u00a0Masculino<\/div>\n<\/td>\n<\/tr>\n<tr class=\"element\">\n<td class=\"n54117_item_a2\"><strong>Material Superior<span class=\"n67256colon\">:<\/span><\/strong><\/td>\n<td class=\"n54117_item_b2\">\n<div class=\"n54117_item_b_sub\">\u00a0Material <span style=\"font-family: inherit;font-size: inherit\">Sint\u00e9tico<\/span>,\u00a0 <span style=\"font-family: inherit;font-size: inherit\">material textil<\/span><\/div>\n<\/td>\n<\/tr>\n<tr class=\"element\">\n<td class=\"n54117_item_a1\"><strong>Material de la suela<span class=\"n67256colon\">:<\/span><\/strong><\/td>\n<td class=\"n54117_item_b1\">\n<div class=\"n54117_item_b_sub\">\u00a0Caucho<\/div>\n<\/td>\n<\/tr>\n<tr class=\"element\">\n<td class=\"n54117_item_a2\"><strong>Color<span class=\"n67256colon\">:<\/span><\/strong><\/td>\n<td class=\"n54117_item_b2\">\n<div class=\"n54117_item_b_sub\">\u00a0Grey\/ Shadow<\/div>\n<\/td>\n<\/tr>\n<tr class=\"element\">\n<td class=\"n54117_item_a1\"><strong>Tipo<span class=\"n67256colon\">:<\/span><\/strong><\/td>\n<td class=\"n54117_item_b1\">\n<div class=\"n54117_item_b_sub\">\u00a0Calzado Deportivo<\/div>\n<\/td>\n<\/tr>\n<tr class=\"element\">\n<td class=\"n54117_item_a2\"><strong><span class=\"n67256colon\">Disciplina:<\/span><\/strong><\/td>\n<td class=\"n54117_item_b2\">\n<div class=\"n54117_item_b_sub\">\u00a0Running<\/div>\n<\/td>\n<\/tr>\n<tr class=\"element\">\n<td class=\"n54117_item_a1\"><strong>Temporada<span class=\"n67256colon\">:<\/span><\/strong><\/td>\n<td class=\"n54117_item_b1\">\n<div class=\"n54117_item_b_sub\">\u00a0Todo el a\u00f1o<\/div>\n<\/td>\n<\/tr>\n<tr class=\"element\">\n<td class=\"n54117_item_a2\"><strong>Categor\u00eda<span class=\"n67256colon\">:<\/span><\/strong><\/td>\n<td class=\"n54117_item_b2\">\n<div class=\"n54117_item_b_sub\">\u00a0Calzado<\/div>\n<\/td>\n<\/tr>\n<tr class=\"element\">\n<td class=\"n54117_item_a1\"><strong>Altura de los zapatos<span class=\"n67256colon\">:<\/span><\/strong><\/td>\n<td class=\"n54117_item_b1\">\n<div class=\"n54117_item_b_sub\">\u00a0Low Top<\/div>\n<\/td>\n<\/tr>\n<\/tbody>\n<\/table>\n","protected":false},"excerpt":{"rendered":"<p>CLOUD DIP El zapato ligero y resistente listo para cualquier aventura, todos los d\u00edas. Zapato resistente y liviano que est\u00e1<\/p>\n","protected":false},"featured_media":60187,"comment_status":"open","ping_status":"closed","template":"","meta":{"nf_dc_page":""},"product_brand":[],"product_cat":[76],"product_tag":[],"class_list":{"0":"post-60186","1":"product","2":"type-product","3":"status-publish","4":"has-post-thumbnail","6":"product_cat-masculino","8":"first","9":"instock","10":"shipping-taxable","11":"purchasable","12":"product-type-simple"},"_links":{"self":[{"href":"https:\/\/brandss.com.py\/index\/wp-json\/wp\/v2\/product\/60186","targetHints":{"allow":["GET"]}}],"collection":[{"href":"https:\/\/brandss.com.py\/index\/wp-json\/wp\/v2\/product"}],"about":[{"href":"https:\/\/brandss.com.py\/index\/wp-json\/wp\/v2\/types\/product"}],"replies":[{"embeddable":true,"href":"https:\/\/brandss.com.py\/index\/wp-json\/wp\/v2\/comments?post=60186"}],"version-history":[{"count":1,"href":"https:\/\/brandss.com.py\/index\/wp-json\/wp\/v2\/product\/60186\/revisions"}],"predecessor-version":[{"id":60195,"href":"https:\/\/brandss.com.py\/index\/wp-json\/wp\/v2\/product\/60186\/revisions\/60195"}],"wp:featuredmedia":[{"embeddable":true,"href":"https:\/\/brandss.com.py\/index\/wp-json\/wp\/v2\/media\/60187"}],"wp:attachment":[{"href":"https:\/\/brandss.com.py\/index\/wp-json\/wp\/v2\/media?parent=60186"}],"wp:term":[{"taxonomy":"product_brand","embeddable":true,"href":"https:\/\/brandss.com.py\/index\/wp-json\/wp\/v2\/product_brand?post=60186"},{"taxonomy":"product_cat","embeddable":true,"href":"https:\/\/brandss.com.py\/index\/wp-json\/wp\/v2\/product_cat?post=60186"},{"taxonomy":"product_tag","embeddable":true,"href":"https:\/\/brandss.com.py\/index\/wp-json\/wp\/v2\/product_tag?post=60186"}],"curies":[{"name":"wp","href":"https:\/\/api.w.org\/{rel}","templated":true}]}}