{"id":60307,"date":"2024-10-26T13:32:29","date_gmt":"2024-10-26T13:32:29","guid":{"rendered":"https:\/\/brandss.com.py\/index\/?post_type=product&#038;p=60307"},"modified":"2024-10-26T13:33:10","modified_gmt":"2024-10-26T13:33:10","slug":"calzado-deportivo-masculino-adidas-lite-racer-adapt-5-0-wide","status":"publish","type":"product","link":"https:\/\/brandss.com.py\/index\/producto\/calzado-deportivo-masculino-adidas-lite-racer-adapt-5-0-wide\/","title":{"rendered":"CALZADO DEPORTIVO MASCULINO ADIDAS LITE RACER ADAPT 5.0 WIDE"},"content":{"rendered":"<p><img loading=\"lazy\" decoding=\"async\" class=\"\" src=\"https:\/\/upload.wikimedia.org\/wikipedia\/commons\/2\/20\/Adidas_Logo.svg\" alt=\"Archivo:Adidas Logo.svg - Wikipedia, la enciclopedia libre\" width=\"108\" height=\"75\" \/><\/p>\n<h1>LITE RACER ADAPT 5.0 WIDE<\/h1>\n<h3 class=\"subtitle___9ljbp\"><span>Calzados elegantes inspiradas en el running, fabricadas en parte con materiales reciclados.<\/span><\/h3>\n<p class=\"gl-vspace\"><span>Estos calzados adidas de corte ancho est\u00e1n confeccionadas con una entresuela Cloudfoam y una plantilla acolchada para una sensaci\u00f3n ligera y el\u00e1stica. Est\u00e1n inspirados en los calzados para correr, pero funcionan igual de bien para hacer malabarismos con las tareas diarias que para trotar. Fabricadas con una serie de materiales reciclados, esta parte superior presenta al menos un 50 % de contenido reciclado. Este producto representa solo una de nuestras soluciones para ayudar a terminar con los desechos pl\u00e1sticos.<\/span><\/p>\n<div class=\"accordion__header-text___2o9Im\">\n<h2 class=\"accordion-title___2sTgR\"><span>Detalles<\/span><\/h2>\n<\/div>\n<div class=\"accordion__header-icon___2FuRa\"><\/div>\n<div class=\"accordion__content___29x9h\">\n<div class=\"content-padding___2kVWQ\">\n<div class=\"bullets___3bsSs\" data-auto-id=\"specifications-section\">\n<ul class=\"gl-list\">\n<li class=\"gl-vspace-bpall-small\"><span>Ajuste amplio.<\/span><\/li>\n<li class=\"gl-vspace-bpall-small\"><span>Sin cordones.<\/span><\/li>\n<li class=\"gl-vspace-bpall-small\"><span>Parte superior textil.<\/span><\/li>\n<li class=\"gl-vspace-bpall-small\"><span>Ligero.<\/span><\/li>\n<li class=\"gl-vspace-bpall-small\"><span>Plantilla OrthoLite\u00ae.<\/span><\/li>\n<li class=\"gl-vspace-bpall-small\"><span>Entresuela de espuma de nube.<\/span><\/li>\n<li class=\"gl-vspace-bpall-small\"><span>Suela de goma.<\/span><\/li>\n<li class=\"gl-vspace-bpall-small\"><span>La parte superior contiene un m\u00ednimo de 50% de contenido reciclado.<\/span><\/li>\n<li class=\"gl-vspace-bpall-small\"><span>Importado.<\/span><\/li>\n<li class=\"gl-vspace-bpall-small\"><span>Color: Blanco nube \/ Negro n\u00facleo \/ Blanco nube.<\/span><\/li>\n<li class=\"gl-vspace-bpall-small\"><span>Modelo: HR1798.<\/span><\/li>\n<\/ul>\n<\/div>\n<\/div>\n<\/div>\n","protected":false},"excerpt":{"rendered":"<p>LITE RACER ADAPT 5.0 WIDE Calzados elegantes inspiradas en el running, fabricadas en parte con materiales reciclados. Estos calzados adidas<\/p>\n","protected":false},"featured_media":60308,"comment_status":"open","ping_status":"closed","template":"","meta":{"nf_dc_page":""},"product_brand":[],"product_cat":[76],"product_tag":[],"class_list":{"0":"post-60307","1":"product","2":"type-product","3":"status-publish","4":"has-post-thumbnail","6":"product_cat-masculino","8":"first","9":"instock","10":"shipping-taxable","11":"purchasable","12":"product-type-simple"},"_links":{"self":[{"href":"https:\/\/brandss.com.py\/index\/wp-json\/wp\/v2\/product\/60307","targetHints":{"allow":["GET"]}}],"collection":[{"href":"https:\/\/brandss.com.py\/index\/wp-json\/wp\/v2\/product"}],"about":[{"href":"https:\/\/brandss.com.py\/index\/wp-json\/wp\/v2\/types\/product"}],"replies":[{"embeddable":true,"href":"https:\/\/brandss.com.py\/index\/wp-json\/wp\/v2\/comments?post=60307"}],"version-history":[{"count":1,"href":"https:\/\/brandss.com.py\/index\/wp-json\/wp\/v2\/product\/60307\/revisions"}],"predecessor-version":[{"id":60316,"href":"https:\/\/brandss.com.py\/index\/wp-json\/wp\/v2\/product\/60307\/revisions\/60316"}],"wp:featuredmedia":[{"embeddable":true,"href":"https:\/\/brandss.com.py\/index\/wp-json\/wp\/v2\/media\/60308"}],"wp:attachment":[{"href":"https:\/\/brandss.com.py\/index\/wp-json\/wp\/v2\/media?parent=60307"}],"wp:term":[{"taxonomy":"product_brand","embeddable":true,"href":"https:\/\/brandss.com.py\/index\/wp-json\/wp\/v2\/product_brand?post=60307"},{"taxonomy":"product_cat","embeddable":true,"href":"https:\/\/brandss.com.py\/index\/wp-json\/wp\/v2\/product_cat?post=60307"},{"taxonomy":"product_tag","embeddable":true,"href":"https:\/\/brandss.com.py\/index\/wp-json\/wp\/v2\/product_tag?post=60307"}],"curies":[{"name":"wp","href":"https:\/\/api.w.org\/{rel}","templated":true}]}}