{"id":60339,"date":"2024-10-26T14:49:41","date_gmt":"2024-10-26T14:49:41","guid":{"rendered":"https:\/\/brandss.com.py\/index\/?post_type=product&#038;p=60339"},"modified":"2024-10-26T14:50:23","modified_gmt":"2024-10-26T14:50:23","slug":"calzado-deportivo-masculino-adidas-equipment-10-u","status":"publish","type":"product","link":"https:\/\/brandss.com.py\/index\/producto\/calzado-deportivo-masculino-adidas-equipment-10-u\/","title":{"rendered":"CALZADO DEPORTIVO MASCULINO ADIDAS EQUIPMENT 10 U"},"content":{"rendered":"<p><img loading=\"lazy\" decoding=\"async\" class=\"\" src=\"https:\/\/upload.wikimedia.org\/wikipedia\/commons\/2\/20\/Adidas_Logo.svg\" alt=\"Archivo:Adidas Logo.svg - Wikipedia, la enciclopedia libre\" width=\"115\" height=\"79\" \/><\/p>\n<h1>EQUIPMENT 10 U<\/h1>\n<div class=\"sc-bdnxRM cgtQzt sc-pNWdM\"><span>Mejora tu experiencia de running con los ic\u00f3nicos calzados adidas Equipment 10 U. Estos calzados, confeccionados meticulosamente en blanco y negro, cuentan con una parte superior de malla transpirable para una ventilaci\u00f3n \u00f3ptima. El sistema Torsion proporciona estabilidad y soporte inigualables, mientras que la amortiguaci\u00f3n Adiprene garantiza una pisada reactiva y c\u00f3moda. Ya sea que est\u00e9s corriendo por el pavimento o conquistando senderos, los calzados adidas Equipment 10 U ofrecen una combinaci\u00f3n perfecta de estilo y rendimiento. Experimenta la legendaria comodidad y soporte que han hecho de estos calzados un favorito atemporal.<\/span><\/div>\n<div class=\"sc-bdnxRM sc-gtsrHT sc-jSFjdj kIzPuz gfuSqG sm-above\">\n<div class=\"sc-bdnxRM sc-iCoGMd sc-gGLxEB fzUdiI dGJRan\"><\/div>\n<div class=\"sc-bdnxRM sc-iCoGMd sc-gGLxEB fzUdiI dGJRan\">\n<div class=\"sc-bdnxRM dSYbuU sc-pNWdM\">\n<div class=\"sc-bdnxRM kCNNfV sc-pNWdM\"><\/div>\n<div>\n<h4 class=\"offset-l-1 col-l-22 offset-xl-2 col-xl-20 offset-hg-3 col-hg-18\"><span>Detalles<\/span><\/h4>\n<div>\n<div class=\"desktop_product_specifications___6-NJX\">\n<div class=\"specifications_content___S8feh row\">\n<div class=\"bullet_list___1JjG2 offset-l-1 col-l-22 offset-xl-2 col-xl-20 offset-hg-3 col-hg-18\">\n<div class=\"bullet_list_wrapper___2O_YU\">\n<ul class=\"bullet_list___1JjG2 gl-list bullet_list--half-width___35Abt\">\n<li class=\"gl-vspace\"><span>Bloque est\u00e1ndar<\/span><\/li>\n<li class=\"gl-vspace\"><span>Cordones<\/span><\/li>\n<li class=\"gl-vspace\"><span>Parte superior antidesgarro<\/span><\/li>\n<li class=\"gl-vspace\"><span>El dise\u00f1o ajustado proporciona una sensaci\u00f3n de seguridad<\/span><\/li>\n<li class=\"gl-vspace\"><span>Zapatilla para correr cl\u00e1sica de 3 rayas<\/span><\/li>\n<li class=\"gl-vspace\"><span>Amortiguaci\u00f3n Adiprene+ en el antepi\u00e9<\/span><\/li>\n<li class=\"gl-vspace\"><span>Dise\u00f1o especial del tal\u00f3n Formotion.<\/span><\/li>\n<li class=\"gl-vspace\"><span>Color: n\u00facleo negro\/n\u00facleo blanco\/n\u00facleo negro<\/span><\/li>\n<li class=\"gl-vspace\"><span>Modelo: GZ5297<\/span><\/li>\n<\/ul>\n<\/div>\n<\/div>\n<\/div>\n<\/div>\n<\/div>\n<\/div>\n<\/div>\n<\/div>\n<\/div>\n","protected":false},"excerpt":{"rendered":"<p>EQUIPMENT 10 U Mejora tu experiencia de running con los ic\u00f3nicos calzados adidas Equipment 10 U. Estos calzados, confeccionados meticulosamente<\/p>\n","protected":false},"featured_media":60340,"comment_status":"open","ping_status":"closed","template":"","meta":{"nf_dc_page":""},"product_brand":[],"product_cat":[76],"product_tag":[],"class_list":{"0":"post-60339","1":"product","2":"type-product","3":"status-publish","4":"has-post-thumbnail","6":"product_cat-masculino","8":"first","9":"instock","10":"shipping-taxable","11":"purchasable","12":"product-type-simple"},"_links":{"self":[{"href":"https:\/\/brandss.com.py\/index\/wp-json\/wp\/v2\/product\/60339","targetHints":{"allow":["GET"]}}],"collection":[{"href":"https:\/\/brandss.com.py\/index\/wp-json\/wp\/v2\/product"}],"about":[{"href":"https:\/\/brandss.com.py\/index\/wp-json\/wp\/v2\/types\/product"}],"replies":[{"embeddable":true,"href":"https:\/\/brandss.com.py\/index\/wp-json\/wp\/v2\/comments?post=60339"}],"version-history":[{"count":1,"href":"https:\/\/brandss.com.py\/index\/wp-json\/wp\/v2\/product\/60339\/revisions"}],"predecessor-version":[{"id":60348,"href":"https:\/\/brandss.com.py\/index\/wp-json\/wp\/v2\/product\/60339\/revisions\/60348"}],"wp:featuredmedia":[{"embeddable":true,"href":"https:\/\/brandss.com.py\/index\/wp-json\/wp\/v2\/media\/60340"}],"wp:attachment":[{"href":"https:\/\/brandss.com.py\/index\/wp-json\/wp\/v2\/media?parent=60339"}],"wp:term":[{"taxonomy":"product_brand","embeddable":true,"href":"https:\/\/brandss.com.py\/index\/wp-json\/wp\/v2\/product_brand?post=60339"},{"taxonomy":"product_cat","embeddable":true,"href":"https:\/\/brandss.com.py\/index\/wp-json\/wp\/v2\/product_cat?post=60339"},{"taxonomy":"product_tag","embeddable":true,"href":"https:\/\/brandss.com.py\/index\/wp-json\/wp\/v2\/product_tag?post=60339"}],"curies":[{"name":"wp","href":"https:\/\/api.w.org\/{rel}","templated":true}]}}