{"id":60435,"date":"2024-10-28T12:59:46","date_gmt":"2024-10-28T12:59:46","guid":{"rendered":"https:\/\/brandss.com.py\/index\/?post_type=product&#038;p=60435"},"modified":"2024-10-28T13:00:24","modified_gmt":"2024-10-28T13:00:24","slug":"calzado-deportivo-femenino-adidas-swift-run-23","status":"publish","type":"product","link":"https:\/\/brandss.com.py\/index\/producto\/calzado-deportivo-femenino-adidas-swift-run-23\/","title":{"rendered":"CALZADO DEPORTIVO FEMENINO ADIDAS SWIFT RUN 23"},"content":{"rendered":"<p><img loading=\"lazy\" decoding=\"async\" class=\"\" src=\"https:\/\/upload.wikimedia.org\/wikipedia\/commons\/2\/20\/Adidas_Logo.svg\" alt=\"Archivo:Adidas Logo.svg - Wikipedia, la enciclopedia libre\" width=\"113\" height=\"78\" \/><\/p>\n<h1>SWIFT RUN 23<\/h1>\n<p><span>Se nota por su nombre. Estos calzados adidas te brindan una sensaci\u00f3n de ligereza en todo lo que hagas. La parte superior tejida abraza el pie como un calcet\u00edn. La tecnolog\u00eda de amortiguaci\u00f3n Bounce proporciona flexibilidad y comodidad a medida que aceleras el ritmo. Por muy r\u00e1pidos que sean los ritmos de tu vida diaria, t\u00fa vas m\u00e1s r\u00e1pido. Estos calzados Adidas te brindan una sensaci\u00f3n \u00fanica y te hacen destacar con estilo. La suave parte superior tejida tipo calcet\u00edn mantiene el pie en su lugar. La tecnolog\u00eda de amortiguaci\u00f3n Bounce y el acolchado de apoyo en el tal\u00f3n te mantienen c\u00f3modo durante todo el d\u00eda. Fabricada con materiales reciclados, con una parte superior hecha con al menos un 50 % de contenido reciclado.<\/span><\/p>\n<p><strong><span>Caracter\u00edsticas:<\/span><\/strong><\/p>\n<ul>\n<li>Ajuste regular.<\/li>\n<li>Cordones.<\/li>\n<li><span>Parte superior tejida.<\/span><\/li>\n<li><span>Entresuela Bounce.<\/span><\/li>\n<li><span>Forro textil.<\/span><\/li>\n<li><span>\u00a0Suela de goma.<\/span><\/li>\n<li>Modelo: IG0565.<\/li>\n<li>Color: Gris.<\/li>\n<\/ul>\n","protected":false},"excerpt":{"rendered":"<p>SWIFT RUN 23 Se nota por su nombre. Estos calzados adidas te brindan una sensaci\u00f3n de ligereza en todo lo<\/p>\n","protected":false},"featured_media":60436,"comment_status":"open","ping_status":"closed","template":"","meta":{"nf_dc_page":""},"product_brand":[],"product_cat":[73],"product_tag":[],"class_list":{"0":"post-60435","1":"product","2":"type-product","3":"status-publish","4":"has-post-thumbnail","6":"product_cat-femenino","8":"first","9":"instock","10":"shipping-taxable","11":"purchasable","12":"product-type-simple"},"_links":{"self":[{"href":"https:\/\/brandss.com.py\/index\/wp-json\/wp\/v2\/product\/60435","targetHints":{"allow":["GET"]}}],"collection":[{"href":"https:\/\/brandss.com.py\/index\/wp-json\/wp\/v2\/product"}],"about":[{"href":"https:\/\/brandss.com.py\/index\/wp-json\/wp\/v2\/types\/product"}],"replies":[{"embeddable":true,"href":"https:\/\/brandss.com.py\/index\/wp-json\/wp\/v2\/comments?post=60435"}],"version-history":[{"count":1,"href":"https:\/\/brandss.com.py\/index\/wp-json\/wp\/v2\/product\/60435\/revisions"}],"predecessor-version":[{"id":60445,"href":"https:\/\/brandss.com.py\/index\/wp-json\/wp\/v2\/product\/60435\/revisions\/60445"}],"wp:featuredmedia":[{"embeddable":true,"href":"https:\/\/brandss.com.py\/index\/wp-json\/wp\/v2\/media\/60436"}],"wp:attachment":[{"href":"https:\/\/brandss.com.py\/index\/wp-json\/wp\/v2\/media?parent=60435"}],"wp:term":[{"taxonomy":"product_brand","embeddable":true,"href":"https:\/\/brandss.com.py\/index\/wp-json\/wp\/v2\/product_brand?post=60435"},{"taxonomy":"product_cat","embeddable":true,"href":"https:\/\/brandss.com.py\/index\/wp-json\/wp\/v2\/product_cat?post=60435"},{"taxonomy":"product_tag","embeddable":true,"href":"https:\/\/brandss.com.py\/index\/wp-json\/wp\/v2\/product_tag?post=60435"}],"curies":[{"name":"wp","href":"https:\/\/api.w.org\/{rel}","templated":true}]}}