{"id":60648,"date":"2024-10-29T17:36:58","date_gmt":"2024-10-29T17:36:58","guid":{"rendered":"https:\/\/brandss.com.py\/index\/?post_type=product&#038;p=60648"},"modified":"2024-10-29T17:39:56","modified_gmt":"2024-10-29T17:39:56","slug":"calzado-deportivo-femenino-adidas-runfalcon","status":"publish","type":"product","link":"https:\/\/brandss.com.py\/index\/producto\/calzado-deportivo-femenino-adidas-runfalcon\/","title":{"rendered":"CALZADO DEPORTIVO FEMENINO ADIDAS RUNFALCON"},"content":{"rendered":"<p><img loading=\"lazy\" decoding=\"async\" class=\"\" src=\"https:\/\/upload.wikimedia.org\/wikipedia\/commons\/2\/20\/Adidas_Logo.svg\" alt=\"Archivo:Adidas Logo.svg - Wikipedia, la enciclopedia libre\" width=\"87\" height=\"60\" \/><\/p>\n<h1>RUNFALCON<\/h1>\n<h3 class=\"subtitle___9ljbp\">Calzados de running para entrenar<\/h3>\n<p class=\"gl-vspace\">Estos calzados de running vers\u00e1tiles est\u00e1n dise\u00f1ados para corredores con objetivos ambiciosos. Su dise\u00f1o incorpora un exterior de cuero sint\u00e9tico y malla resistente al desgaste, con refuerzo en el mediopi\u00e9 para mayor estabilidad y sujeci\u00f3n. Adem\u00e1s, ofrecen amortiguaci\u00f3n y ligereza para una mayor sensaci\u00f3n de comodidad.<\/p>\n<div class=\"accordion__header-text___2o9Im\">\n<h2 class=\"accordion-title___2sTgR\">Detalles<\/h2>\n<\/div>\n<div class=\"accordion__header-icon___2FuRa\"><\/div>\n<div class=\"accordion__content___29x9h\">\n<div class=\"content-padding___2kVWQ\">\n<div class=\"bullets___3bsSs\" data-auto-id=\"specifications-section\">\n<ul class=\"gl-list\">\n<li class=\"gl-vspace-bpall-small\">Corte cl\u00e1sico<\/li>\n<li class=\"gl-vspace-bpall-small\">Sistema de amarre de cordones<\/li>\n<li class=\"gl-vspace-bpall-small\">Exterior en malla y cuero sint\u00e9tico<\/li>\n<li class=\"gl-vspace-bpall-small\">Suela de caucho. Refuerzo sint\u00e9tico sobre el mediopi\u00e9. Refuerzo de tal\u00f3n sint\u00e9tico<\/li>\n<li class=\"gl-vspace-bpall-small\">Mediasuela liviana de EVA<\/li>\n<li class=\"gl-vspace-bpall-small\">Dise\u00f1o ligero<\/li>\n<li class=\"gl-vspace-bpall-small\">Color: Core Black \/ Core Black \/ Core Black<\/li>\n<li class=\"gl-vspace-bpall-small\">Modelo: F36549<\/li>\n<\/ul>\n<\/div>\n<\/div>\n<\/div>\n","protected":false},"excerpt":{"rendered":"<p>RUNFALCON Calzados de running para entrenar Estos calzados de running vers\u00e1tiles est\u00e1n dise\u00f1ados para corredores con objetivos ambiciosos. Su dise\u00f1o<\/p>\n","protected":false},"featured_media":60649,"comment_status":"open","ping_status":"closed","template":"","meta":{"nf_dc_page":""},"product_brand":[],"product_cat":[73],"product_tag":[],"class_list":{"0":"post-60648","1":"product","2":"type-product","3":"status-publish","4":"has-post-thumbnail","6":"product_cat-femenino","8":"first","9":"instock","10":"shipping-taxable","11":"purchasable","12":"product-type-simple"},"_links":{"self":[{"href":"https:\/\/brandss.com.py\/index\/wp-json\/wp\/v2\/product\/60648","targetHints":{"allow":["GET"]}}],"collection":[{"href":"https:\/\/brandss.com.py\/index\/wp-json\/wp\/v2\/product"}],"about":[{"href":"https:\/\/brandss.com.py\/index\/wp-json\/wp\/v2\/types\/product"}],"replies":[{"embeddable":true,"href":"https:\/\/brandss.com.py\/index\/wp-json\/wp\/v2\/comments?post=60648"}],"version-history":[{"count":1,"href":"https:\/\/brandss.com.py\/index\/wp-json\/wp\/v2\/product\/60648\/revisions"}],"predecessor-version":[{"id":60659,"href":"https:\/\/brandss.com.py\/index\/wp-json\/wp\/v2\/product\/60648\/revisions\/60659"}],"wp:featuredmedia":[{"embeddable":true,"href":"https:\/\/brandss.com.py\/index\/wp-json\/wp\/v2\/media\/60649"}],"wp:attachment":[{"href":"https:\/\/brandss.com.py\/index\/wp-json\/wp\/v2\/media?parent=60648"}],"wp:term":[{"taxonomy":"product_brand","embeddable":true,"href":"https:\/\/brandss.com.py\/index\/wp-json\/wp\/v2\/product_brand?post=60648"},{"taxonomy":"product_cat","embeddable":true,"href":"https:\/\/brandss.com.py\/index\/wp-json\/wp\/v2\/product_cat?post=60648"},{"taxonomy":"product_tag","embeddable":true,"href":"https:\/\/brandss.com.py\/index\/wp-json\/wp\/v2\/product_tag?post=60648"}],"curies":[{"name":"wp","href":"https:\/\/api.w.org\/{rel}","templated":true}]}}