{"id":60660,"date":"2024-10-29T18:05:20","date_gmt":"2024-10-29T18:05:20","guid":{"rendered":"https:\/\/brandss.com.py\/index\/?post_type=product&#038;p=60660"},"modified":"2024-10-29T18:07:18","modified_gmt":"2024-10-29T18:07:18","slug":"calzado-deportivo-femenino-adidas-puremotion-adapt-2","status":"publish","type":"product","link":"https:\/\/brandss.com.py\/index\/producto\/calzado-deportivo-femenino-adidas-puremotion-adapt-2\/","title":{"rendered":"CALZADO DEPORTIVO FEMENINO ADIDAS PUREMOTION ADAPT"},"content":{"rendered":"<p><img loading=\"lazy\" decoding=\"async\" class=\"\" src=\"https:\/\/upload.wikimedia.org\/wikipedia\/commons\/2\/20\/Adidas_Logo.svg\" alt=\"Archivo:Adidas Logo.svg - Wikipedia, la enciclopedia libre\" width=\"120\" height=\"83\" \/><\/p>\n<h1>PUREMOTION ADAPT<\/h1>\n<h3 class=\"subtitle___9ljbp\">Calzados inspirados en el running sin cordones y con tiras el\u00e1sticas<\/h3>\n<p class=\"gl-vspace\">Dise\u00f1ados para correr. Renovados para el mundo de hoy. Su dise\u00f1o sin cordones es sencillo y estilizado, perfecto para tu look minimalista. Estos tenis adidas inspirados en el running lucen un exterior textil con tiras para un look distintivo. El ajuste ce\u00f1ido, tipo calcet\u00edn, le brinda una sensaci\u00f3n de ligereza a tus pies. Deja atr\u00e1s todo lo innecesario, mant\u00e9n solo la actitud.<\/p>\n<div class=\"accordion__header-text___2o9Im\">\n<h2><\/h2>\n<h2 class=\"accordion-title___2sTgR\">Detalles<\/h2>\n<\/div>\n<div class=\"accordion__content___29x9h\">\n<div class=\"content-padding___2kVWQ\">\n<div class=\"bullets___3bsSs\" data-auto-id=\"specifications-section\">\n<ul class=\"gl-list\">\n<li class=\"gl-vspace-bpall-small\">Horma cl\u00e1sica<\/li>\n<li class=\"gl-vspace-bpall-small\">Dise\u00f1o de calce f\u00e1cil<\/li>\n<li class=\"gl-vspace-bpall-small\">Exterior textil con tiras el\u00e1sticas<\/li>\n<li class=\"gl-vspace-bpall-small\">Ajuste ce\u00f1ido, tipo calcet\u00edn<\/li>\n<li class=\"gl-vspace-bpall-small\">Tenis sin cordones inspirados en el running<\/li>\n<li class=\"gl-vspace-bpall-small\">Mediasuela con amortiguaci\u00f3n Cloudfoam<\/li>\n<li class=\"gl-vspace-bpall-small\">Suela sint\u00e9tica<\/li>\n<li class=\"gl-vspace-bpall-small\">Color: Cloud White \/ Core Black \/ Dove Grey<\/li>\n<li class=\"gl-vspace-bpall-small\">Modelo: FX7325<\/li>\n<\/ul>\n<\/div>\n<\/div>\n<\/div>\n","protected":false},"excerpt":{"rendered":"<p>PUREMOTION ADAPT Calzados inspirados en el running sin cordones y con tiras el\u00e1sticas Dise\u00f1ados para correr. Renovados para el mundo<\/p>\n","protected":false},"featured_media":60661,"comment_status":"open","ping_status":"closed","template":"","meta":{"nf_dc_page":""},"product_brand":[],"product_cat":[73],"product_tag":[],"class_list":{"0":"post-60660","1":"product","2":"type-product","3":"status-publish","4":"has-post-thumbnail","6":"product_cat-femenino","8":"first","9":"instock","10":"shipping-taxable","11":"purchasable","12":"product-type-simple"},"_links":{"self":[{"href":"https:\/\/brandss.com.py\/index\/wp-json\/wp\/v2\/product\/60660","targetHints":{"allow":["GET"]}}],"collection":[{"href":"https:\/\/brandss.com.py\/index\/wp-json\/wp\/v2\/product"}],"about":[{"href":"https:\/\/brandss.com.py\/index\/wp-json\/wp\/v2\/types\/product"}],"replies":[{"embeddable":true,"href":"https:\/\/brandss.com.py\/index\/wp-json\/wp\/v2\/comments?post=60660"}],"version-history":[{"count":1,"href":"https:\/\/brandss.com.py\/index\/wp-json\/wp\/v2\/product\/60660\/revisions"}],"predecessor-version":[{"id":60671,"href":"https:\/\/brandss.com.py\/index\/wp-json\/wp\/v2\/product\/60660\/revisions\/60671"}],"wp:featuredmedia":[{"embeddable":true,"href":"https:\/\/brandss.com.py\/index\/wp-json\/wp\/v2\/media\/60661"}],"wp:attachment":[{"href":"https:\/\/brandss.com.py\/index\/wp-json\/wp\/v2\/media?parent=60660"}],"wp:term":[{"taxonomy":"product_brand","embeddable":true,"href":"https:\/\/brandss.com.py\/index\/wp-json\/wp\/v2\/product_brand?post=60660"},{"taxonomy":"product_cat","embeddable":true,"href":"https:\/\/brandss.com.py\/index\/wp-json\/wp\/v2\/product_cat?post=60660"},{"taxonomy":"product_tag","embeddable":true,"href":"https:\/\/brandss.com.py\/index\/wp-json\/wp\/v2\/product_tag?post=60660"}],"curies":[{"name":"wp","href":"https:\/\/api.w.org\/{rel}","templated":true}]}}