{"id":60790,"date":"2024-10-30T18:47:22","date_gmt":"2024-10-30T18:47:22","guid":{"rendered":"https:\/\/brandss.com.py\/index\/?post_type=product&#038;p=60790"},"modified":"2025-09-24T14:30:13","modified_gmt":"2025-09-24T14:30:13","slug":"calzado-deportivo-femenino-adidas-questar","status":"publish","type":"product","link":"https:\/\/brandss.com.py\/index\/producto\/calzado-deportivo-femenino-adidas-questar\/","title":{"rendered":"CALZADO DEPORTIVO FEMENINO ADIDAS QUESTAR"},"content":{"rendered":"<p><img loading=\"lazy\" decoding=\"async\" class=\"\" src=\"https:\/\/upload.wikimedia.org\/wikipedia\/commons\/2\/20\/Adidas_Logo.svg\" alt=\"Archivo:Adidas Logo.svg - Wikipedia, la enciclopedia libre\" width=\"97\" height=\"67\" \/><\/p>\n<h1>QUESTAR<\/h1>\n<h4 class=\"subtitle___9ljbp\">Calzado de running con amortiguaci\u00f3n hechos parcialmente con materiales reciclados.<\/h4>\n<p class=\"gl-vspace\">Cuanto m\u00e1s larga sea la carrera, m\u00e1s tiempo podr\u00e1s pasar al aire libre. Llega m\u00e1s lejos en tu rutina de running con la comodidad y amortiguaci\u00f3n de estos calzados de running adidas. La mediasuela Bounce absorbe los impactos y garantiza una amortiguaci\u00f3n excelente en cada paso. La parte superior de malla liviana envuelve tu pie con comodidad y frescura, a la vez que brinda sujeci\u00f3n y soporte donde m\u00e1s se necesita. Confeciconada con una serie de materiales reciclados, la parte superior incorpora al menos un 50% de contenido reciclado. Este producto representa solo una de nuestras soluciones para ayudar a poner fin a los residuos pl\u00e1sticos.<\/p>\n<div class=\"highlight___3fa4r\">\n<div class=\"highlight-text___lgoJI\">\n<h4 class=\"highlight-text__headline___25B2G\">Producto hecho parcialmente con materiales reciclados.<\/h4>\n<p>La parte superior contiene al menos un 50% de materiales reciclados. Este producto representa solo una de nuestras soluciones para ayudar a poner fin a los residuos pl\u00e1sticos.<\/p>\n<\/div>\n<\/div>\n<div class=\"highlight___3fa4r\">\n<div class=\"highlight-text___lgoJI\">\n<h4 class=\"highlight-text__headline___25B2G\">Amortiguaci\u00f3n Bounce.<\/h4>\n<p>La amortiguaci\u00f3n Bounce es liviana y flexible para brindarte m\u00e1xima comodidad.<\/p>\n<\/div>\n<\/div>\n<div class=\"highlight___3fa4r\">\n<div class=\"highlight-text___lgoJI\">\n<h4 class=\"highlight-text__headline___25B2G\">Parte superior de malla.<\/h4>\n<p>La parte superior transpirable ofrece flexibilidad y soporte.<\/p>\n<div class=\"accordion__header-text___2o9Im\">\n<h3 class=\"accordion-title___2sTgR\">Tecnolog\u00eda<\/h3>\n<\/div>\n<div class=\"accordion__header-icon___2FuRa\"><\/div>\n<div class=\"accordion__content___29x9h\">\n<div class=\"content-padding___2kVWQ\">\n<div class=\"technologies-section___3gZqW technologies-section--no-img___B_YZF\">\n<div class=\"technologies-content-container--no-img___wNKqW\">\n<div class=\"technologies-content-name___kkx_0\">BOUNCE (CLOUDFOAM +)<\/div>\n<div class=\"technologies-content-title___moWj6\">Comodidad en todo momento y en todo lugar<\/div>\n<p class=\"technologies-content-subtitle___2bGCf\">Una mediasuela con amortiguaci\u00f3n suave y din\u00e1mica para m\u00e1xima comodidad.<\/p>\n<div class=\"accordion__header-text___2o9Im\">\n<h3 class=\"accordion-title___2sTgR\">Caracter\u00edsticas<\/h3>\n<\/div>\n<div class=\"accordion__header-icon___2FuRa\"><\/div>\n<div class=\"accordion__content___29x9h\">\n<div class=\"content-padding___2kVWQ\">\n<div class=\"features-section___1pumR\">\n<div class=\"item___1X-1_\"><img decoding=\"async\" class=\"img_with_fallback___2aHBu feature-icon___3S9eQ\" src=\"https:\/\/brand.assets.adidas.com\/image\/upload\/road_24f719a743.png\" alt=\"\" data-auto-id=\"image\" \/><\/p>\n<p class=\"feature-icon-text___3Owgv\">Correr en asfalto<\/p>\n<\/div>\n<div class=\"item___1X-1_\"><img decoding=\"async\" class=\"img_with_fallback___2aHBu feature-icon___3S9eQ\" src=\"https:\/\/brand.assets.adidas.com\/image\/upload\/neutral_16b16d1637.png\" alt=\"\" data-auto-id=\"image\" \/><\/p>\n<p class=\"feature-icon-text___3Owgv\">Neutro<\/p>\n<\/div>\n<div class=\"item___1X-1_\"><img decoding=\"async\" class=\"img_with_fallback___2aHBu feature-icon___3S9eQ\" src=\"https:\/\/brand.assets.adidas.com\/image\/upload\/regular_a176d1f2d6.png\" alt=\"\" data-auto-id=\"image\" \/><\/p>\n<p class=\"feature-icon-text___3Owgv\">Horma cl\u00e1sica Mujer<\/p>\n<\/div>\n<div class=\"special-item___2Ohsx\">\n<h1 class=\"feature-icon-title___v-KQG\">10mm<\/h1>\n<p class=\"feature-icon-summary-small___31Rc0\">Ca\u00edda del tal\u00f3n a la punta<\/p>\n<p class=\"feature-icon-summary-small___31Rc0\">30mm \/ 20mm<\/p>\n<\/div>\n<div class=\"special-item___2Ohsx\">\n<h1 class=\"feature-icon-title___v-KQG\">271.5g<\/h1>\n<p class=\"feature-icon-summary-small___31Rc0\">Talla UK 5.5<\/p>\n<div class=\"accordion__header-text___2o9Im\">\n<h3 class=\"accordion-title___2sTgR\">Detalles<\/h3>\n<\/div>\n<div class=\"accordion__header-icon___2FuRa\"><\/div>\n<div class=\"accordion__content___29x9h\">\n<div class=\"content-padding___2kVWQ\">\n<div class=\"bullets___3bsSs\" data-auto-id=\"specifications-section\">\n<ul class=\"gl-list\">\n<li class=\"gl-vspace-bpall-small\">Ajuste cl\u00e1sico<\/li>\n<li class=\"gl-vspace-bpall-small\">Sistema de amarre de cordones<\/li>\n<li class=\"gl-vspace-bpall-small\">Parte superior textil<\/li>\n<li class=\"gl-vspace-bpall-small\">Sensaci\u00f3n de m\u00e1xima sujeci\u00f3n y amortiguaci\u00f3n<\/li>\n<li class=\"gl-vspace-bpall-small\">Forro interno textil<\/li>\n<li class=\"gl-vspace-bpall-small\">Mediasuela Bounce<\/li>\n<li class=\"gl-vspace-bpall-small\">Peso: 272 gramos (talla CO 37,5)<\/li>\n<li class=\"gl-vspace-bpall-small\">Ca\u00edda mediasuela: 10 mm (tal\u00f3n: 30 mm \/ antepi\u00e9: 20 mm)<\/li>\n<li class=\"gl-vspace-bpall-small\">Suela de caucho<\/li>\n<li class=\"gl-vspace-bpall-small\">La parte superior contiene al menos un 50% de material reciclado<\/li>\n<li class=\"gl-vspace-bpall-small\">Color: Wonder Quartz \/ Flash Aqua \/ Wonder White<\/li>\n<li class=\"gl-vspace-bpall-small\">Modelo: IF2243<\/li>\n<\/ul>\n<\/div>\n<\/div>\n<\/div>\n<\/div>\n<\/div>\n<\/div>\n<\/div>\n<\/div>\n<\/div>\n<\/div>\n<\/div>\n<\/div>\n<\/div>\n","protected":false},"excerpt":{"rendered":"<p>QUESTAR Calzado de running con amortiguaci\u00f3n hechos parcialmente con materiales reciclados. Cuanto m\u00e1s larga sea la carrera, m\u00e1s tiempo podr\u00e1s<\/p>\n","protected":false},"featured_media":60791,"comment_status":"open","ping_status":"closed","template":"","meta":{"nf_dc_page":""},"product_brand":[],"product_cat":[73],"product_tag":[],"class_list":{"0":"post-60790","1":"product","2":"type-product","3":"status-publish","4":"has-post-thumbnail","6":"product_cat-femenino","8":"first","9":"instock","10":"shipping-taxable","11":"purchasable","12":"product-type-simple"},"_links":{"self":[{"href":"https:\/\/brandss.com.py\/index\/wp-json\/wp\/v2\/product\/60790","targetHints":{"allow":["GET"]}}],"collection":[{"href":"https:\/\/brandss.com.py\/index\/wp-json\/wp\/v2\/product"}],"about":[{"href":"https:\/\/brandss.com.py\/index\/wp-json\/wp\/v2\/types\/product"}],"replies":[{"embeddable":true,"href":"https:\/\/brandss.com.py\/index\/wp-json\/wp\/v2\/comments?post=60790"}],"version-history":[{"count":1,"href":"https:\/\/brandss.com.py\/index\/wp-json\/wp\/v2\/product\/60790\/revisions"}],"predecessor-version":[{"id":60800,"href":"https:\/\/brandss.com.py\/index\/wp-json\/wp\/v2\/product\/60790\/revisions\/60800"}],"wp:featuredmedia":[{"embeddable":true,"href":"https:\/\/brandss.com.py\/index\/wp-json\/wp\/v2\/media\/60791"}],"wp:attachment":[{"href":"https:\/\/brandss.com.py\/index\/wp-json\/wp\/v2\/media?parent=60790"}],"wp:term":[{"taxonomy":"product_brand","embeddable":true,"href":"https:\/\/brandss.com.py\/index\/wp-json\/wp\/v2\/product_brand?post=60790"},{"taxonomy":"product_cat","embeddable":true,"href":"https:\/\/brandss.com.py\/index\/wp-json\/wp\/v2\/product_cat?post=60790"},{"taxonomy":"product_tag","embeddable":true,"href":"https:\/\/brandss.com.py\/index\/wp-json\/wp\/v2\/product_tag?post=60790"}],"curies":[{"name":"wp","href":"https:\/\/api.w.org\/{rel}","templated":true}]}}