{"id":60864,"date":"2024-10-31T13:25:22","date_gmt":"2024-10-31T13:25:22","guid":{"rendered":"https:\/\/brandss.com.py\/index\/?post_type=product&#038;p=60864"},"modified":"2024-10-31T13:26:07","modified_gmt":"2024-10-31T13:26:07","slug":"calzado-deportivo-femenino-adidas-swift-run-22-3","status":"publish","type":"product","link":"https:\/\/brandss.com.py\/index\/producto\/calzado-deportivo-femenino-adidas-swift-run-22-3\/","title":{"rendered":"CALZADO DEPORTIVO FEMENINO ADIDAS SWIFT RUN 22"},"content":{"rendered":"<p><img loading=\"lazy\" decoding=\"async\" class=\"\" src=\"https:\/\/upload.wikimedia.org\/wikipedia\/commons\/2\/20\/Adidas_Logo.svg\" alt=\"Archivo:Adidas Logo.svg - Wikipedia, la enciclopedia libre\" width=\"116\" height=\"80\" \/><\/p>\n<h1>SWIFT RUN 22<\/h1>\n<h3 class=\"subtitle___9ljbp\">Siempre a punto<\/h3>\n<p class=\"gl-vspace\">\u00bfRecuerdas el primer par de calzados del que te enamoraste? Revive aquel momento cada vez que te pongas esta adidas Swift Run 22 para j\u00f3venes incondicionales de la moda. Inspirada en el running pero dise\u00f1ada para tu d\u00eda a d\u00eda, este calzado te ofrece una absoluta comodidad gracias a su parte superior de malla tejida y a su mediasuela de EVA. El estilo tambi\u00e9n est\u00e1 garantizado. Qui\u00e9n lo dudaba. La parte superior contiene al menos un 50% de materiales reciclados. Su objetivo es plantear otra soluci\u00f3n m\u00e1s que ayude a eliminar los residuos pl\u00e1sticos.<\/p>\n<div class=\"accordion__header-text___2o9Im\">\n<h2 class=\"accordion-title___2sTgR\">Detalles<\/h2>\n<\/div>\n<div class=\"accordion__header-icon___2FuRa\"><\/div>\n<div class=\"accordion__content___29x9h\">\n<div class=\"content-padding___2kVWQ\">\n<div class=\"bullets___3bsSs\" data-auto-id=\"specifications-section\">\n<ul class=\"gl-list\">\n<li class=\"gl-vspace-bpall-small\">Ajuste c\u00f3modo.<\/li>\n<li class=\"gl-vspace-bpall-small\">Cierre de cordones.<\/li>\n<li class=\"gl-vspace-bpall-small\">Parte superior de malla tejida.<\/li>\n<li class=\"gl-vspace-bpall-small\">Dise\u00f1o envolvente.<\/li>\n<li class=\"gl-vspace-bpall-small\">Mediasuela de EVA.<\/li>\n<li class=\"gl-vspace-bpall-small\">Plantilla OrthoLite\u00ae.<\/li>\n<li class=\"gl-vspace-bpall-small\">Suela de goma.<\/li>\n<li class=\"gl-vspace-bpall-small\">La parte superior contiene al menos un 50% de material reciclado.<\/li>\n<li class=\"gl-vspace-bpall-small\">Color: Core Black \/ Grey Five \/ Cloud White.<\/li>\n<li class=\"gl-vspace-bpall-small\">Modelo: GW8166.<\/li>\n<\/ul>\n<\/div>\n<\/div>\n<\/div>\n","protected":false},"excerpt":{"rendered":"<p>SWIFT RUN 22 Siempre a punto \u00bfRecuerdas el primer par de calzados del que te enamoraste? Revive aquel momento cada<\/p>\n","protected":false},"featured_media":60865,"comment_status":"open","ping_status":"closed","template":"","meta":{"nf_dc_page":""},"product_brand":[],"product_cat":[73],"product_tag":[],"class_list":{"0":"post-60864","1":"product","2":"type-product","3":"status-publish","4":"has-post-thumbnail","6":"product_cat-femenino","8":"first","9":"instock","10":"shipping-taxable","11":"purchasable","12":"product-type-simple"},"_links":{"self":[{"href":"https:\/\/brandss.com.py\/index\/wp-json\/wp\/v2\/product\/60864","targetHints":{"allow":["GET"]}}],"collection":[{"href":"https:\/\/brandss.com.py\/index\/wp-json\/wp\/v2\/product"}],"about":[{"href":"https:\/\/brandss.com.py\/index\/wp-json\/wp\/v2\/types\/product"}],"replies":[{"embeddable":true,"href":"https:\/\/brandss.com.py\/index\/wp-json\/wp\/v2\/comments?post=60864"}],"version-history":[{"count":1,"href":"https:\/\/brandss.com.py\/index\/wp-json\/wp\/v2\/product\/60864\/revisions"}],"predecessor-version":[{"id":60874,"href":"https:\/\/brandss.com.py\/index\/wp-json\/wp\/v2\/product\/60864\/revisions\/60874"}],"wp:featuredmedia":[{"embeddable":true,"href":"https:\/\/brandss.com.py\/index\/wp-json\/wp\/v2\/media\/60865"}],"wp:attachment":[{"href":"https:\/\/brandss.com.py\/index\/wp-json\/wp\/v2\/media?parent=60864"}],"wp:term":[{"taxonomy":"product_brand","embeddable":true,"href":"https:\/\/brandss.com.py\/index\/wp-json\/wp\/v2\/product_brand?post=60864"},{"taxonomy":"product_cat","embeddable":true,"href":"https:\/\/brandss.com.py\/index\/wp-json\/wp\/v2\/product_cat?post=60864"},{"taxonomy":"product_tag","embeddable":true,"href":"https:\/\/brandss.com.py\/index\/wp-json\/wp\/v2\/product_tag?post=60864"}],"curies":[{"name":"wp","href":"https:\/\/api.w.org\/{rel}","templated":true}]}}