{"id":61090,"date":"2024-11-02T19:21:18","date_gmt":"2024-11-02T19:21:18","guid":{"rendered":"https:\/\/brandss.com.py\/index\/?post_type=product&#038;p=61090"},"modified":"2025-12-04T17:34:04","modified_gmt":"2025-12-04T17:34:04","slug":"perfume-masculino-al-wataniah-eternal-kayaan-gold-edp-100ml","status":"publish","type":"product","link":"https:\/\/brandss.com.py\/index\/producto\/perfume-masculino-al-wataniah-eternal-kayaan-gold-edp-100ml\/","title":{"rendered":"PERFUME MASCULINO AL WATANIAH ETERNAL KAYAAN GOLD EDP 100ML"},"content":{"rendered":"<p><img loading=\"lazy\" decoding=\"async\" class=\"\" src=\"https:\/\/www.shoppingchina.com.py\/rails\/active_storage\/blobs\/redirect\/eyJfcmFpbHMiOnsibWVzc2FnZSI6IkJBaHBBLzdoQ0E9PSIsImV4cCI6bnVsbCwicHVyIjoiYmxvYl9pZCJ9fQ==--1b945dbbe78e43af5449364aa01e10ce1fdc4fe4\/al%20wataniah.webp\" alt=\"Al wataniah no Paraguai | Shopping China\" width=\"116\" height=\"116\" \/><\/p>\n<h1>ETERNAL KAYAAN GOLD<\/h1>\n<p><span class=\"postbody\"><span>Kayaan\u00a0<\/span><strong><span>Gold Eau de Parfum 100 ml de Al Wataniah<\/span><\/strong><span>\u00a0es una fragancia que irradia opulencia y sofisticaci\u00f3n.<\/span><\/span><\/p>\n<p><span class=\"postbody\"><span>Kayaan Gold abre con una explosi\u00f3n de frescura gracias a las notas altas de bergamota, mandarina vibrante y la jugosa dulzura de la pera madura.<\/span><\/span><\/p>\n<p><span class=\"postbody\"><span>Estas notas iniciales crean una introducci\u00f3n atractiva y energizante a la fragancia, preparando el escenario para lo que est\u00e1 por venir.<\/span><\/span><\/p>\n<p><span class=\"postbody\"><span>A medida que se desarrolla el aroma, encontrar\u00e1 notas de coraz\u00f3n ricas y lujosas.<\/span><\/span><\/p>\n<p><span class=\"postbody\"><span>Nardo, flor de naranjo, jazm\u00edn y un toque de caramelo se combinan para formar una sinfon\u00eda floral con un toque de dulzura.<\/span><\/span><\/p>\n<p><span class=\"postbody\"><span>Este acorde central es elegante y cautivador, a\u00f1adiendo profundidad y complejidad a la composici\u00f3n.<\/span><\/span><\/p>\n<p><span class=\"postbody\"><span>La fragancia alcanza su punto m\u00e1ximo con las notas de fondo, donde se encuentran l\u00e1dano, cachemira, \u00e1mbar y cuero.<\/span><\/span><\/p>\n<p><span class=\"postbody\"><span>Estas notas de fondo aportan calidez, sensualidad y un toque terroso a Kayaan Gold, creando una estela seductora y duradera que perdura en la piel, dejando una impresi\u00f3n inolvidable.<\/span><\/span><\/p>\n<p><span class=\"postbody\"><span>Es perfecto para esas ocasiones especiales en las que quieres destacar y dejar una huella memorable.<\/span><\/span><\/p>\n<p><span class=\"postbody\"><span>La combinaci\u00f3n de notas frutales, florales y orientales lo hace vers\u00e1til y apto tanto para el d\u00eda como para la noche.<\/span><\/span><\/p>\n<p><span class=\"postbody\"><span>Este frasco de 100 ml de Eau de Parfum no es s\u00f3lo un perfume, es un s\u00edmbolo de elegancia y gracia.<\/span><\/span><\/p>\n<p><span class=\"postbody\"><span>Con Kayaan Gold podr\u00e1s adornarte con una fragancia que refleje tu impecable gusto y sofisticaci\u00f3n.<\/span><\/span><\/p>\n<p><span class=\"postbody\"><span>Es una fragancia que cuenta una historia de belleza y atractivo atemporal.<\/span><\/span><\/p>\n<h3>Notas Olfativas:<\/h3>\n<p><span class=\"postbody\">Este exquisito aroma es una mezcla armoniosa de notas cuidadosamente seleccionadas que se unen para crear una experiencia olfativa cautivadora.<\/span><\/p>\n<ul>\n<li><span class=\"postbody\"><strong>Notas de salida:<\/strong> bergamota, mandarina, pera<\/span><\/li>\n<li><span class=\"postbody\"><strong>Notas de coraz\u00f3n:<\/strong> nardo, flor de naranjo, jazm\u00edn, caramelo<\/span><\/li>\n<li><span class=\"postbody\"><strong>Notas de fondo:<\/strong> l\u00e1dano, cachemira, \u00e1mbar, cuero.<\/span><\/li>\n<\/ul>\n","protected":false},"excerpt":{"rendered":"<p>ETERNAL KAYAAN GOLD Kayaan\u00a0Gold Eau de Parfum 100 ml de Al Wataniah\u00a0es una fragancia que irradia opulencia y sofisticaci\u00f3n. Kayaan<\/p>\n","protected":false},"featured_media":61091,"comment_status":"open","ping_status":"closed","template":"","meta":{"nf_dc_page":""},"product_brand":[105],"product_cat":[84],"product_tag":[1491],"class_list":{"0":"post-61090","1":"product","2":"type-product","3":"status-publish","4":"has-post-thumbnail","6":"product_brand-al-wataniah","7":"product_cat-perfumeria","8":"product_tag-1491","10":"first","11":"outofstock","12":"sale","13":"shipping-taxable","14":"purchasable","15":"product-type-simple"},"_links":{"self":[{"href":"https:\/\/brandss.com.py\/index\/wp-json\/wp\/v2\/product\/61090","targetHints":{"allow":["GET"]}}],"collection":[{"href":"https:\/\/brandss.com.py\/index\/wp-json\/wp\/v2\/product"}],"about":[{"href":"https:\/\/brandss.com.py\/index\/wp-json\/wp\/v2\/types\/product"}],"replies":[{"embeddable":true,"href":"https:\/\/brandss.com.py\/index\/wp-json\/wp\/v2\/comments?post=61090"}],"version-history":[{"count":1,"href":"https:\/\/brandss.com.py\/index\/wp-json\/wp\/v2\/product\/61090\/revisions"}],"predecessor-version":[{"id":61095,"href":"https:\/\/brandss.com.py\/index\/wp-json\/wp\/v2\/product\/61090\/revisions\/61095"}],"wp:featuredmedia":[{"embeddable":true,"href":"https:\/\/brandss.com.py\/index\/wp-json\/wp\/v2\/media\/61091"}],"wp:attachment":[{"href":"https:\/\/brandss.com.py\/index\/wp-json\/wp\/v2\/media?parent=61090"}],"wp:term":[{"taxonomy":"product_brand","embeddable":true,"href":"https:\/\/brandss.com.py\/index\/wp-json\/wp\/v2\/product_brand?post=61090"},{"taxonomy":"product_cat","embeddable":true,"href":"https:\/\/brandss.com.py\/index\/wp-json\/wp\/v2\/product_cat?post=61090"},{"taxonomy":"product_tag","embeddable":true,"href":"https:\/\/brandss.com.py\/index\/wp-json\/wp\/v2\/product_tag?post=61090"}],"curies":[{"name":"wp","href":"https:\/\/api.w.org\/{rel}","templated":true}]}}