{"id":61335,"date":"2024-11-15T19:42:35","date_gmt":"2024-11-15T19:42:35","guid":{"rendered":"https:\/\/brandss.com.py\/index\/?post_type=product&#038;p=61335"},"modified":"2026-03-14T11:34:36","modified_gmt":"2026-03-14T11:34:36","slug":"perfume-femenino-emporio-armani-because-its-you-edp-100ml","status":"publish","type":"product","link":"https:\/\/brandss.com.py\/index\/producto\/perfume-femenino-emporio-armani-because-its-you-edp-100ml\/","title":{"rendered":"PERFUME FEMENINO EMPORIO ARMANI BECAUSE IT&#8217;S YOU EDP 100ML"},"content":{"rendered":"<p><img loading=\"lazy\" decoding=\"async\" class=\"\" src=\"https:\/\/1000marcas.net\/wp-content\/uploads\/2020\/01\/Emporio-Armani-Emblema-1.png\" alt=\"Emporio Armani Logo - s\u00edmbolo, significado logotipo, historia, PNG\" width=\"142\" height=\"80\" \/><\/p>\n<h1>BECAUSE IT&#8217;S YOU<\/h1>\n<p>Armani trae su nueva colecci\u00f3n de fragancias contando con finas y delicadas notas arom\u00e1ticas. Un perfume plenamente femenino, sofisticado y adictivo. En un homenaje a la pareja contempor\u00e1nea, Emporio Armani ha concebido un d\u00fao de perfumes de igual fuerza, para un hombre y una mujer que act\u00faan y seducen con total libertad.<img loading=\"lazy\" decoding=\"async\" class=\"alignright\" src=\"https:\/\/i0.wp.com\/farina.com.bo\/wp-content\/uploads\/2020\/07\/armani-stronger-with-you-arte2-1.jpg?fit=581%2C800&amp;ssl=1\" width=\"236\" height=\"325\" \/><\/p>\n<p>El atrevimiento, el encanto, la seducci\u00f3n, la elegancia y la feminidad son atributos seguros de este perfume. La mujer de esta fragancia es alegre, divertida, rom\u00e1ntica, vive la vida con pasi\u00f3n, lucha por conseguir sus metas y contagia de buena energ\u00eda y optimismo a todos los que encuentra en su camino!!!<\/p>\n<p>&nbsp;<\/p>\n<h3>Notas Olfativas:<\/h3>\n<p>&nbsp;<\/p>\n<p>El perfume de Emporio Armani, Because It&#8217;s You es un perfume alegre, delicioso y chispeante para mujer: simplemente irresistible como una frambuesa madura en su perfecta y m\u00e1s elegante naturalidad cuando se combina con notas de neroli.\u00a0 Su desarrollo olfativo sorprende con la salida de la Frambuesa, el Neroli y Lim\u00f3n los cuales seducen de manera instant\u00e1nea dejando una estela de sofisticaci\u00f3n adictiva.<\/p>\n<p><img loading=\"lazy\" decoding=\"async\" class=\"alignleft\" src=\"https:\/\/i0.wp.com\/farina.com.bo\/wp-content\/uploads\/2020\/07\/armani-stronger-with-you-arte3-1.jpg?fit=725%2C970&amp;ssl=1\" width=\"289\" height=\"387\" \/>En el coraz\u00f3n la Rosa aportael elemento floral absoluto y original. Al finalizar la Vainilla acompa\u00f1ada del Almizcle y el Amberwood ofrecen sensualidad intensa e irresistible.<\/p>\n<p>Because It\u2019s You es una fragancia de la familia olfativa Floral Frutal para Mujeres, se lanz\u00f3 en 2017, la nariz detr\u00e1s de esta fragrancia es Anne Flipo.<\/p>\n<p><strong>Notas de Salida:<\/strong> frambuesa, lim\u00f3n (lima \u00e1cida) y neroli.<\/p>\n<p><strong>Nota de Coraz\u00f3n:\u00a0<\/strong> rosa.<\/p>\n<p><strong>Notas de Fondo:<\/strong> vainilla, almizcle y Amberwood.<\/p>\n","protected":false},"excerpt":{"rendered":"<p>BECAUSE IT&#8217;S YOU Armani trae su nueva colecci\u00f3n de fragancias contando con finas y delicadas notas arom\u00e1ticas. Un perfume plenamente<\/p>\n","protected":false},"featured_media":61336,"comment_status":"open","ping_status":"closed","template":"","meta":{"nf_dc_page":""},"product_brand":[1828],"product_cat":[84],"product_tag":[1830],"class_list":{"0":"post-61335","1":"product","2":"type-product","3":"status-publish","4":"has-post-thumbnail","6":"product_brand-emporio-armani","7":"product_cat-perfumeria","8":"product_tag-1830","10":"first","11":"outofstock","12":"shipping-taxable","13":"purchasable","14":"product-type-simple"},"_links":{"self":[{"href":"https:\/\/brandss.com.py\/index\/wp-json\/wp\/v2\/product\/61335","targetHints":{"allow":["GET"]}}],"collection":[{"href":"https:\/\/brandss.com.py\/index\/wp-json\/wp\/v2\/product"}],"about":[{"href":"https:\/\/brandss.com.py\/index\/wp-json\/wp\/v2\/types\/product"}],"replies":[{"embeddable":true,"href":"https:\/\/brandss.com.py\/index\/wp-json\/wp\/v2\/comments?post=61335"}],"version-history":[{"count":1,"href":"https:\/\/brandss.com.py\/index\/wp-json\/wp\/v2\/product\/61335\/revisions"}],"predecessor-version":[{"id":61346,"href":"https:\/\/brandss.com.py\/index\/wp-json\/wp\/v2\/product\/61335\/revisions\/61346"}],"wp:featuredmedia":[{"embeddable":true,"href":"https:\/\/brandss.com.py\/index\/wp-json\/wp\/v2\/media\/61336"}],"wp:attachment":[{"href":"https:\/\/brandss.com.py\/index\/wp-json\/wp\/v2\/media?parent=61335"}],"wp:term":[{"taxonomy":"product_brand","embeddable":true,"href":"https:\/\/brandss.com.py\/index\/wp-json\/wp\/v2\/product_brand?post=61335"},{"taxonomy":"product_cat","embeddable":true,"href":"https:\/\/brandss.com.py\/index\/wp-json\/wp\/v2\/product_cat?post=61335"},{"taxonomy":"product_tag","embeddable":true,"href":"https:\/\/brandss.com.py\/index\/wp-json\/wp\/v2\/product_tag?post=61335"}],"curies":[{"name":"wp","href":"https:\/\/api.w.org\/{rel}","templated":true}]}}