{"id":61442,"date":"2024-11-16T18:57:24","date_gmt":"2024-11-16T18:57:24","guid":{"rendered":"https:\/\/brandss.com.py\/index\/?post_type=product&#038;p=61442"},"modified":"2025-12-10T18:41:43","modified_gmt":"2025-12-10T18:41:43","slug":"perfume-femenino-antonio-banderas-her-golden-secret-edt-80ml","status":"publish","type":"product","link":"https:\/\/brandss.com.py\/index\/producto\/perfume-femenino-antonio-banderas-her-golden-secret-edt-80ml\/","title":{"rendered":"PERFUME FEMENINO ANTONIO BANDERAS HER GOLDEN SECRET EDT 80ML"},"content":{"rendered":"<p><img loading=\"lazy\" decoding=\"async\" class=\"\" src=\"https:\/\/www.perfumeriavc.com\/wp-content\/uploads\/2023\/09\/ablogo.webp\" alt=\"Versace Perfumer\u00eda \u2013 Perfumer\u00eda 100% Original\" width=\"101\" height=\"101\" \/><\/p>\n<h1>HER GOLDEN SECRET<\/h1>\n<p>&nbsp;<\/p>\n<p>Her Golden Secret de Antonio Banderas es una mezcla irresistiblemente seductora en una inolvidable fragancia femenina. Un perfume con un estilo optimo y una fascinante historia: misteriosa, intensa y alegre, Her Golden Secret te conquistar\u00e1 los sentidos y no podr\u00e1s resistirte a su atractivo. Her Golden Secret de Banderas, un elixir dorado que encierra un secreto irresistible.<\/p>\n<p><img loading=\"lazy\" decoding=\"async\" class=\"alignright\" src=\"https:\/\/m.media-amazon.com\/images\/I\/817fO4ejW3L._AC_SX425_.jpg\" width=\"278\" height=\"278\" \/><\/p>\n<p><span>Her Golden Secret de Banderas es un concentrado de seducci\u00f3n al que es imposible resistirse a trav\u00e9s del aroma de un perfume seductor para mujer que deja matiz.<\/span><\/p>\n<p><span>Un perfume de gardenia y cachemira, con un estilo \u00fanico y una larga historia de fascinaci\u00f3n. Misterioso, intenso y alegre, Her Golden Secret conquista tus sentidos y te deja indefenso, sin armas para luchar contra su poder de atracci\u00f3n.<\/span><\/p>\n<p><span>Todo un juego de seducci\u00f3n.<\/span><\/p>\n<p>&nbsp;<\/p>\n<h3>Notas Olfativas<\/h3>\n<p>&nbsp;<\/p>\n<p>Her Golden Secret de Antonio Banderas Perfumes, conquista los sentidos con su cautivadora mezcla de madera de cedro, cachemira y pachul\u00ed suavizados por la sensualidad de la gardenia y un dulce c\u00f3ctel de frutas. Un perfume que desvela el secreto de una atracci\u00f3n absolutamente irresistible.<img loading=\"lazy\" decoding=\"async\" class=\"alignleft\" src=\"https:\/\/m.media-amazon.com\/images\/I\/71JnhIHduUL._AC_SX425_.jpg\" width=\"380\" height=\"380\" \/><\/p>\n<p>El perfume Her Golden Secret de Antonio Banderas es una fragancia de la familia olfativa \u00e1mbar floral para mujeres.<\/p>\n<ul>\n<li><strong>Notas de salida:<\/strong> Durazno (melocot\u00f3n), manzana, mandarina y bergamota.<\/li>\n<li><strong>Notas de coraz\u00f3n:<\/strong> Gardenia, flor de azahar del naranjo y grosellas negras.<\/li>\n<li><strong>Notas de fondo:<\/strong>\u00a0Vainilla, haba tonka, almizcle, pachul\u00ed y cedro<\/li>\n<\/ul>\n","protected":false},"excerpt":{"rendered":"<p>HER GOLDEN SECRET &nbsp; Her Golden Secret de Antonio Banderas es una mezcla irresistiblemente seductora en una inolvidable fragancia femenina.<\/p>\n","protected":false},"featured_media":61443,"comment_status":"open","ping_status":"closed","template":"","meta":{"nf_dc_page":""},"product_brand":[870],"product_cat":[84],"product_tag":[1835],"class_list":{"0":"post-61442","1":"product","2":"type-product","3":"status-publish","4":"has-post-thumbnail","6":"product_brand-antonio-banderas","7":"product_cat-perfumeria","8":"product_tag-1835","10":"first","11":"instock","12":"shipping-taxable","13":"purchasable","14":"product-type-simple"},"_links":{"self":[{"href":"https:\/\/brandss.com.py\/index\/wp-json\/wp\/v2\/product\/61442","targetHints":{"allow":["GET"]}}],"collection":[{"href":"https:\/\/brandss.com.py\/index\/wp-json\/wp\/v2\/product"}],"about":[{"href":"https:\/\/brandss.com.py\/index\/wp-json\/wp\/v2\/types\/product"}],"replies":[{"embeddable":true,"href":"https:\/\/brandss.com.py\/index\/wp-json\/wp\/v2\/comments?post=61442"}],"version-history":[{"count":1,"href":"https:\/\/brandss.com.py\/index\/wp-json\/wp\/v2\/product\/61442\/revisions"}],"predecessor-version":[{"id":61450,"href":"https:\/\/brandss.com.py\/index\/wp-json\/wp\/v2\/product\/61442\/revisions\/61450"}],"wp:featuredmedia":[{"embeddable":true,"href":"https:\/\/brandss.com.py\/index\/wp-json\/wp\/v2\/media\/61443"}],"wp:attachment":[{"href":"https:\/\/brandss.com.py\/index\/wp-json\/wp\/v2\/media?parent=61442"}],"wp:term":[{"taxonomy":"product_brand","embeddable":true,"href":"https:\/\/brandss.com.py\/index\/wp-json\/wp\/v2\/product_brand?post=61442"},{"taxonomy":"product_cat","embeddable":true,"href":"https:\/\/brandss.com.py\/index\/wp-json\/wp\/v2\/product_cat?post=61442"},{"taxonomy":"product_tag","embeddable":true,"href":"https:\/\/brandss.com.py\/index\/wp-json\/wp\/v2\/product_tag?post=61442"}],"curies":[{"name":"wp","href":"https:\/\/api.w.org\/{rel}","templated":true}]}}