{"id":61517,"date":"2024-11-18T16:19:46","date_gmt":"2024-11-18T16:19:46","guid":{"rendered":"https:\/\/brandss.com.py\/index\/?post_type=product&#038;p=61517"},"modified":"2025-12-10T18:45:40","modified_gmt":"2025-12-10T18:45:40","slug":"perfume-femenino-moschino-toy-2-bubble-gum-edt-100ml","status":"publish","type":"product","link":"https:\/\/brandss.com.py\/index\/producto\/perfume-femenino-moschino-toy-2-bubble-gum-edt-100ml\/","title":{"rendered":"PERFUME FEMENINO MOSCHINO TOY 2 BUBBLE GUM EDT 100ML"},"content":{"rendered":"<p><img loading=\"lazy\" decoding=\"async\" class=\"\" src=\"https:\/\/1000logos.net\/wp-content\/uploads\/2021\/05\/Moschino-logo.png\" alt=\"Moschino Logo and symbol, meaning, history, PNG, brand\" width=\"129\" height=\"72\" \/><\/p>\n<h1>TOY 2 BUBBLE GUM<\/h1>\n<p>Moschino versiona su fragancia Toy 2 convirti\u00e9ndola en Toy2 Bubble Gum, sacando el lado m\u00e1s divertido de la familia Toy. TOY2 se ti\u00f1e de un rosa moderno y elegante dedicando su alma mas pura a todas las mujeres. Notas divertidas, saludables y juguetonas que exploran los distintos matices del rosa, invocando el delicado aroma del ir\u00f3nico e ic\u00f3nico chicle globo del que toma su nombre la fragancia.<br \/>\nTOY2BUBBLEGUM muestra su lado divertido y a\u00f1ade vibras pop a la narrativa Moschino. Una fragancia que resalta, una esencia encendida por notas vivaces de chicle globo, dulce, picante e intenso. Los c\u00edtricos azucarados se unen con el suculento melocot\u00f3n y especias que forman un elegante c\u00f3ctel de maderas y almizcle.<br \/>\nSolo para #PinkAddicted.<\/p>\n<p>Botella con forma de Moschino Teddy Bear en vidrio transparente. El producto no contiene ning\u00fan ingrediente animal a\u00f1adido o ingredientes derivados de animales. El 80 % de las materias primas contenidas en la fragancia son biodegradables.<\/p>\n<h3><\/h3>\n<h3>Notas Olfativas:<\/h3>\n<p>&nbsp;<\/p>\n<p>Destaca por su esencia llena de vibrante acorde combinado con dulce y picante, gracias a el aroma de c\u00edtricos confitados que se unen con la suculencia de melocotones y especias, traslad\u00e1ndonos a un cocktail de fondo elegante de madera y musk. Dise\u00f1ada para mujeres j\u00f3venes que se atreven con todo, mujeres dulces pero con un punto picante. Toy2 Bubble Gum tiene un color rosa moderno y elegante dedicando su alma m\u00e1s pura a todas las mujeres, su aroma alivia el esp\u00edritu de los pensamientos negativos, envolviendo el cuerpo y estimulando la mente.<\/p>\n<p><img loading=\"lazy\" decoding=\"async\" class=\"alignleft\" src=\"https:\/\/i0.wp.com\/farina.com.bo\/wp-content\/uploads\/2022\/03\/Moschino-toy-bubble-gum-edt-art.jpg?fit=1000%2C1000&amp;ssl=1\" width=\"379\" height=\"379\" \/><\/p>\n<p>Toy 2 Bubble Gum de Moschino es una fragancia de la familia olfativa Floral Frutal para Mujeres. Esta fragrancia es nueva. Toy 2 Bubble Gum se lanz\u00f3 en 2021. La Nariz detr\u00e1s de esta fragrancia es Olivier Pescheux.<\/p>\n<p><strong>Familia olfativa:<\/strong> floral, afrutada y oriental.<\/p>\n<p>&nbsp;<\/p>\n<ul>\n<li><strong>Notas de salida:<\/strong> frutas c\u00edtricas confitadas, esencia de lim\u00f3n de Italia, esencia de naranja de Italia, acorde de chicle.<\/li>\n<li><strong>Notas de coraz\u00f3n:<\/strong> canela, esencia de rosa b\u00falgara, jengibre, flores de melocot\u00f3n.<\/li>\n<li><strong>Notas de fondo: <\/strong>melocot\u00f3n de vi\u00f1a, madera de cedro, musk y ambrofix.<\/li>\n<\/ul>\n<p>&nbsp;<\/p>\n","protected":false},"excerpt":{"rendered":"<p>TOY 2 BUBBLE GUM Moschino versiona su fragancia Toy 2 convirti\u00e9ndola en Toy2 Bubble Gum, sacando el lado m\u00e1s divertido<\/p>\n","protected":false},"featured_media":61518,"comment_status":"open","ping_status":"closed","template":"","meta":{"nf_dc_page":""},"product_brand":[1257],"product_cat":[84],"product_tag":[1841],"class_list":{"0":"post-61517","1":"product","2":"type-product","3":"status-publish","4":"has-post-thumbnail","6":"product_brand-moschino","7":"product_cat-perfumeria","8":"product_tag-1841","10":"first","11":"instock","12":"shipping-taxable","13":"purchasable","14":"product-type-simple"},"_links":{"self":[{"href":"https:\/\/brandss.com.py\/index\/wp-json\/wp\/v2\/product\/61517","targetHints":{"allow":["GET"]}}],"collection":[{"href":"https:\/\/brandss.com.py\/index\/wp-json\/wp\/v2\/product"}],"about":[{"href":"https:\/\/brandss.com.py\/index\/wp-json\/wp\/v2\/types\/product"}],"replies":[{"embeddable":true,"href":"https:\/\/brandss.com.py\/index\/wp-json\/wp\/v2\/comments?post=61517"}],"version-history":[{"count":1,"href":"https:\/\/brandss.com.py\/index\/wp-json\/wp\/v2\/product\/61517\/revisions"}],"predecessor-version":[{"id":61531,"href":"https:\/\/brandss.com.py\/index\/wp-json\/wp\/v2\/product\/61517\/revisions\/61531"}],"wp:featuredmedia":[{"embeddable":true,"href":"https:\/\/brandss.com.py\/index\/wp-json\/wp\/v2\/media\/61518"}],"wp:attachment":[{"href":"https:\/\/brandss.com.py\/index\/wp-json\/wp\/v2\/media?parent=61517"}],"wp:term":[{"taxonomy":"product_brand","embeddable":true,"href":"https:\/\/brandss.com.py\/index\/wp-json\/wp\/v2\/product_brand?post=61517"},{"taxonomy":"product_cat","embeddable":true,"href":"https:\/\/brandss.com.py\/index\/wp-json\/wp\/v2\/product_cat?post=61517"},{"taxonomy":"product_tag","embeddable":true,"href":"https:\/\/brandss.com.py\/index\/wp-json\/wp\/v2\/product_tag?post=61517"}],"curies":[{"name":"wp","href":"https:\/\/api.w.org\/{rel}","templated":true}]}}