{"id":61532,"date":"2024-11-18T17:05:28","date_gmt":"2024-11-18T17:05:28","guid":{"rendered":"https:\/\/brandss.com.py\/index\/?post_type=product&#038;p=61532"},"modified":"2026-03-17T17:39:31","modified_gmt":"2026-03-17T17:39:31","slug":"perfume-femenino-lattafa-yara-pink-edition-edp-100ml","status":"publish","type":"product","link":"https:\/\/brandss.com.py\/index\/producto\/perfume-femenino-lattafa-yara-pink-edition-edp-100ml\/","title":{"rendered":"PERFUME FEMENINO LATTAFA YARA PINK EDITION EDP 100ML"},"content":{"rendered":"<p><img loading=\"lazy\" decoding=\"async\" class=\"\" src=\"https:\/\/i.pinimg.com\/originals\/c5\/58\/ce\/c558ce98f025e3a0126782dd32aed7dc.png\" alt=\"Lattafa Logo PNG Vector (AI) Free Download\" width=\"86\" height=\"114\" \/><\/p>\n<h1>YARA PINK EDITION<\/h1>\n<p>Sum\u00e9rgete en el encanto y la exquisita tradici\u00f3n de los perfumes \u00e1rabes con nuestra colecci\u00f3n \u00fanica. Cada fragancia es una obra maestra que captura la esencia de la sofisticaci\u00f3n, llevando consigo la rica herencia olfativa de la cultura \u00e1rabe.<\/p>\n<p>D\u00e9jate cautivar por Yara, el perfume que encarna la esencia de la sofisticaci\u00f3n y la exclusividad. Este Eau de Parfum para mujer ha sido creado para aquellas que no temen destacar, ofreciendo un aroma que satisfar\u00e1 incluso a las m\u00e1s perspicaces.<\/p>\n<p>Inmerso en la riqueza y la misteriosa belleza del Oriente, Yara despliega un mosaico olfativo fascinante. El aroma oriental establece el tono de la fragancia, transport\u00e1ndote a un mundo ex\u00f3tico y lleno de matices, donde cada inhalaci\u00f3n es un nuevo descubrimiento.<\/p>\n<p>Yara es m\u00e1s que una fragancia; es una celebraci\u00f3n del descubrimiento juvenil. Este cautivador aroma es perfecto para la mujer que desea una fragancia que refleje su esp\u00edritu juvenil, su actitud optimista y su aprecio por la belleza en los momentos cotidianos, dejando una impresi\u00f3n duradera de encanto inocente.<\/p>\n<p>&nbsp;<\/p>\n<h3>Notas Olfativas:<\/h3>\n<p>&nbsp;<\/p>\n<p>Este delicioso aroma celebra el esp\u00edritu floreciente de una mujer joven, combinando suaves notas florales con c\u00edtricos chispeantes para crear una fragancia que deja un rastro de inocencia inolvidable.<img decoding=\"async\" class=\"alignleft\" src=\"https:\/\/m.media-amazon.com\/images\/I\/51+B+kZShOL._SX466_.jpg\" \/><\/p>\n<p>Yara es una fragancia de la familia olfativa \u00c1mbar Vainilla para Mujeres.\u00a0Yara\u00a0se lanz\u00f3 en 2020.<\/p>\n<ul>\n<li><strong>Las notas de salida:<\/strong>\u00a0 orqu\u00eddea, heliotropo y naranja tangerina.<\/li>\n<li><strong>Las notas de coraz\u00f3n:<\/strong> Acuerdo goloso y frutas tropicales.<\/li>\n<li><strong>Las notas de fondo:<\/strong> vainilla, almizcle y s\u00e1ndalo.<\/li>\n<\/ul>\n","protected":false},"excerpt":{"rendered":"<p>YARA PINK EDITION Sum\u00e9rgete en el encanto y la exquisita tradici\u00f3n de los perfumes \u00e1rabes con nuestra colecci\u00f3n \u00fanica. Cada<\/p>\n","protected":false},"featured_media":61533,"comment_status":"open","ping_status":"closed","template":"","meta":{"nf_dc_page":""},"product_brand":[109],"product_cat":[84],"product_tag":[700],"class_list":{"0":"post-61532","1":"product","2":"type-product","3":"status-publish","4":"has-post-thumbnail","6":"product_brand-lattafa","7":"product_cat-perfumeria","8":"product_tag-700","10":"first","11":"instock","12":"sale","13":"shipping-taxable","14":"purchasable","15":"product-type-simple"},"_links":{"self":[{"href":"https:\/\/brandss.com.py\/index\/wp-json\/wp\/v2\/product\/61532","targetHints":{"allow":["GET"]}}],"collection":[{"href":"https:\/\/brandss.com.py\/index\/wp-json\/wp\/v2\/product"}],"about":[{"href":"https:\/\/brandss.com.py\/index\/wp-json\/wp\/v2\/types\/product"}],"replies":[{"embeddable":true,"href":"https:\/\/brandss.com.py\/index\/wp-json\/wp\/v2\/comments?post=61532"}],"version-history":[{"count":2,"href":"https:\/\/brandss.com.py\/index\/wp-json\/wp\/v2\/product\/61532\/revisions"}],"predecessor-version":[{"id":69904,"href":"https:\/\/brandss.com.py\/index\/wp-json\/wp\/v2\/product\/61532\/revisions\/69904"}],"wp:featuredmedia":[{"embeddable":true,"href":"https:\/\/brandss.com.py\/index\/wp-json\/wp\/v2\/media\/61533"}],"wp:attachment":[{"href":"https:\/\/brandss.com.py\/index\/wp-json\/wp\/v2\/media?parent=61532"}],"wp:term":[{"taxonomy":"product_brand","embeddable":true,"href":"https:\/\/brandss.com.py\/index\/wp-json\/wp\/v2\/product_brand?post=61532"},{"taxonomy":"product_cat","embeddable":true,"href":"https:\/\/brandss.com.py\/index\/wp-json\/wp\/v2\/product_cat?post=61532"},{"taxonomy":"product_tag","embeddable":true,"href":"https:\/\/brandss.com.py\/index\/wp-json\/wp\/v2\/product_tag?post=61532"}],"curies":[{"name":"wp","href":"https:\/\/api.w.org\/{rel}","templated":true}]}}