{"id":61554,"date":"2024-11-18T19:12:04","date_gmt":"2024-11-18T19:12:04","guid":{"rendered":"https:\/\/brandss.com.py\/index\/?post_type=product&#038;p=61554"},"modified":"2026-01-28T13:11:50","modified_gmt":"2026-01-28T13:11:50","slug":"perfume-unisex-lattafa-badee-al-oud-sublime-edp-100ml","status":"publish","type":"product","link":"https:\/\/brandss.com.py\/index\/producto\/perfume-unisex-lattafa-badee-al-oud-sublime-edp-100ml\/","title":{"rendered":"PERFUME UNISEX LATTAFA BADE&#8217;E AL OUD SUBLIME EDP 100ML"},"content":{"rendered":"<p><img loading=\"lazy\" decoding=\"async\" class=\"\" src=\"https:\/\/vesaura.com\/cdn\/shop\/files\/Lattafa_Logo.png?v=1730065132&amp;width=1500\" alt=\"V\u00e9saura - Lattafa Collection\" width=\"107\" height=\"107\" \/><\/p>\n<h1>BADE&#8217;E AL OUD SUBLIME<\/h1>\n<p>Descubre el encanto de Bade\u2019e Al Oud Sublime, un perfume unisex que evoca sofisticaci\u00f3n y una profundidad envolvente con una apertura dulce y afrutada que cautiva. Su fragancia nos transporta a un mundo frutal y floral, donde las notas dulces se fusionan en una explosi\u00f3n de aromas amaderadas, especiadas y dulces que crean un aroma \u00fanico y seductor.<\/p>\n<p><span>Experimente el ep\u00edtome del lujo con Lattafa Bade&#8217;e Al Oud Sublime Eau de Parfum, una cautivadora mezcla de oud, s\u00e1ndalo y almizcle.<\/span><\/p>\n<ul class=\"tickmark_blue\">\n<li><span>Lanzado en 2023<\/span><\/li>\n<li><span>Fragancia unisex<\/span><\/li>\n<li><span>Mezcla perfecta de oud, s\u00e1ndalo y almizcle.<\/span><\/li>\n<li><span>Aroma duradero<\/span><\/li>\n<\/ul>\n<p><span>Esta exquisita fragancia captura la esencia de la sofisticaci\u00f3n y la elegancia, lo que la convierte en un art\u00edculo imprescindible para su colecci\u00f3n. La combinaci\u00f3n armoniosa de notas amaderadas y dulces la hace adecuada tanto para hombres como para mujeres, y agrega un toque de encanto a cualquier ocasi\u00f3n. Envasada en un frasco de hermoso dise\u00f1o, Lattafa Bade&#8217;e Al Oud Sublime es m\u00e1s que un simple perfume: es una declaraci\u00f3n de gusto refinado.<img loading=\"lazy\" decoding=\"async\" class=\"alignright\" src=\"https:\/\/ikonico.com\/wp-content\/uploads\/2024\/08\/95.png\" width=\"613\" height=\"613\" \/><\/span><\/p>\n<p>Presentado en una impresionante botella roja y un lujoso empaque, el perfume Badee Al Oud Sublime ofrece una experiencia olfativa lujosa y memorable. Perfecto para quienes disfrutan de los aromas frutales intensos y emocionantes.<\/p>\n<p>Bade\u2019e Al Oud Sublime es una oda sensorial que deja una impresi\u00f3n duradera y memorable!!<\/p>\n<h2><span>\u00bfPor qu\u00e9 elegir Badee Al Oud Sublime?<\/span><\/h2>\n<p><span>Badee Al Oud Sublime es una opci\u00f3n ideal para quienes aman los perfumes emocionantes, afrutados y dulces con un toque de elegancia. Su combinaci\u00f3n \u00fanica de oud y frutas lo hace adecuado tanto para uso diario como para ocasiones especiales, lo que garantiza que dejar\u00e1 una impresi\u00f3n duradera.<\/span><\/p>\n<h3><span>Beneficios clave:<\/span><\/h3>\n<ul>\n<li><strong><span>Atractivo unisex:<\/span><\/strong><span>\u00a0adecuado tanto para hombres como para mujeres que aprecian las fragancias frutales y ahumadas.<\/span><\/li>\n<li><strong><span>Aroma duradero:<\/span><\/strong><span>\u00a0Este perfume ofrece una excelente longevidad y proyecci\u00f3n.<\/span><\/li>\n<li><strong><span>Embalaje elegante:<\/span><\/strong><span>\u00a0la hermosa botella roja lo convierte en un regalo perfecto para cualquier amante de los perfumes.<\/span><\/li>\n<\/ul>\n<h3><\/h3>\n<h3>Notas Olfativas:<\/h3>\n<p>&nbsp;<\/p>\n<p>Badee Al Oud Sublime es una fragancia unisex lujosa y ex\u00f3tica que cautiva con sus notas amaderadas, especiadas y dulces. Con una apertura de bergamota, cardamomo y azafr\u00e1n, seguido de un coraz\u00f3n de oud, rosa y jazm\u00edn, y un final c\u00e1lido de s\u00e1ndalo, \u00e1mbar y almizcle, esta fragancia deja una impresi\u00f3n duradera en cualquier ocasi\u00f3n. Badee Al\u00a0Oud\u00a0Sublime\u00a0es una fragancia compleja y sensual. Est\u00e1 compuesto por una mezcla de notas orientales y occidentales, creando una fragancia \u00fanica y cautivadora.<\/p>\n<p>Bade\u2019e Al Oud Sublime de Lattafa es una fragancia de la familia olfativa Amaderada Arom\u00e1tica para Hombres y Mujeres. <img loading=\"lazy\" decoding=\"async\" class=\"alignleft\" src=\"https:\/\/www.atlanticoshop.com.py\/image\/catalog\/armaf\/badee%20al%20oud%20sublime%20desc%20esp-1.jpg\" width=\"421\" height=\"421\" \/><\/p>\n<p>Bade\u2019e Al Oud Sublime de Lattafa es una fragancia cautivadora que envuelve los sentidos con su exquisita combinaci\u00f3n de notas. Las iniciales y dulces notas de salida de manzana, lichi y rosa crean una entrada seductora. En el coraz\u00f3n, la sensualidad se intensifica con la mezcla intrigante de ciruela y jazm\u00edn, evocando una elegancia floral envolvente. La profundidad de la fragancia se revela en las notas de fondo, donde la vainilla suave se mezcla con el musgo y el pachul\u00ed, creando una estela de irresistible sofisticaci\u00f3n.<\/p>\n<ul>\n<li><strong><span>Notas de salida:<\/span><\/strong><span>\u00a0Lichi, rosa, manzana.\n<p><\/span><\/li>\n<li><strong><span>Notas de coraz\u00f3n:<\/span><\/strong><span> jazm\u00edn, ciruela, oud.\n<p><\/span><\/li>\n<li><strong><span>Notas de fondo:<\/span><\/strong><span>\u00a0musgo, vainilla, pachul\u00ed.<\/span><\/li>\n<\/ul>\n","protected":false},"excerpt":{"rendered":"<p>BADE&#8217;E AL OUD SUBLIME Descubre el encanto de Bade\u2019e Al Oud Sublime, un perfume unisex que evoca sofisticaci\u00f3n y una<\/p>\n","protected":false},"featured_media":61555,"comment_status":"open","ping_status":"closed","template":"","meta":{"nf_dc_page":""},"product_brand":[109],"product_cat":[84],"product_tag":[627],"class_list":{"0":"post-61554","1":"product","2":"type-product","3":"status-publish","4":"has-post-thumbnail","6":"product_brand-lattafa","7":"product_cat-perfumeria","8":"product_tag-627","10":"first","11":"instock","12":"sale","13":"shipping-taxable","14":"purchasable","15":"product-type-simple"},"_links":{"self":[{"href":"https:\/\/brandss.com.py\/index\/wp-json\/wp\/v2\/product\/61554","targetHints":{"allow":["GET"]}}],"collection":[{"href":"https:\/\/brandss.com.py\/index\/wp-json\/wp\/v2\/product"}],"about":[{"href":"https:\/\/brandss.com.py\/index\/wp-json\/wp\/v2\/types\/product"}],"replies":[{"embeddable":true,"href":"https:\/\/brandss.com.py\/index\/wp-json\/wp\/v2\/comments?post=61554"}],"version-history":[{"count":1,"href":"https:\/\/brandss.com.py\/index\/wp-json\/wp\/v2\/product\/61554\/revisions"}],"predecessor-version":[{"id":61565,"href":"https:\/\/brandss.com.py\/index\/wp-json\/wp\/v2\/product\/61554\/revisions\/61565"}],"wp:featuredmedia":[{"embeddable":true,"href":"https:\/\/brandss.com.py\/index\/wp-json\/wp\/v2\/media\/61555"}],"wp:attachment":[{"href":"https:\/\/brandss.com.py\/index\/wp-json\/wp\/v2\/media?parent=61554"}],"wp:term":[{"taxonomy":"product_brand","embeddable":true,"href":"https:\/\/brandss.com.py\/index\/wp-json\/wp\/v2\/product_brand?post=61554"},{"taxonomy":"product_cat","embeddable":true,"href":"https:\/\/brandss.com.py\/index\/wp-json\/wp\/v2\/product_cat?post=61554"},{"taxonomy":"product_tag","embeddable":true,"href":"https:\/\/brandss.com.py\/index\/wp-json\/wp\/v2\/product_tag?post=61554"}],"curies":[{"name":"wp","href":"https:\/\/api.w.org\/{rel}","templated":true}]}}