{"id":61753,"date":"2024-11-21T14:22:18","date_gmt":"2024-11-21T14:22:18","guid":{"rendered":"https:\/\/brandss.com.py\/index\/?post_type=product&#038;p=61753"},"modified":"2025-04-04T10:46:59","modified_gmt":"2025-04-04T10:46:59","slug":"calzado-deportivo-masculino-adidas-adizero-adios-7","status":"publish","type":"product","link":"https:\/\/brandss.com.py\/index\/producto\/calzado-deportivo-masculino-adidas-adizero-adios-7\/","title":{"rendered":"CALZADO DEPORTIVO MASCULINO ADIDAS ADIZERO ADIOS 7"},"content":{"rendered":"<p><img loading=\"lazy\" decoding=\"async\" class=\"\" src=\"https:\/\/1000marcas.net\/wp-content\/uploads\/2024\/02\/Adidas-Logo-1991.png\" alt=\"Logo de Adidas: la historia y el significado del logotipo, la marca y el  s\u00edmbolo. | png, vector\" width=\"95\" height=\"57\" \/><\/p>\n<h1>ADIZERO ADIOS 7<\/h1>\n<h3 class=\"subtitle___9ljbp\">Calzados de running veloces hechos parcialmente con materiales reciclados<\/h3>\n<p class=\"gl-vspace\">Busca tu nueva mejor marca personal con estos calzados de running adidas. El exterior de malla transpirable est\u00e1 montado sobre amortiguaci\u00f3n Lightstrike ultraligero y Lightstrike Pro resistente. Esta combinaci\u00f3n hace que estos tenis sean lo suficientemente r\u00e1pidos como para el d\u00eda de la carrera y tengan la durabilidad necesaria para resistir a tu entrenamiento diario. Los TENSIONRODS brindan una rigidez suave que aumenta la transferencia de fuerza con cada zancada. \u00bfEl resultado? Unos calzados de running que te ayudan a correr m\u00e1s r\u00e1pido y a llegar m\u00e1s lejos que nunca antes, y todo sin sacrificar la comodidad y frescura de tus pies.<\/p>\n<div class=\"highlight___3fa4r\">\n<div class=\"highlight-text___lgoJI\">\n<h3 class=\"highlight-text__headline___25B2G\">EXTERIOR LIVIANO EN MALLA<\/h3>\n<p>El exterior de malla flexible ofrece ventilaci\u00f3n<\/p>\n<\/div>\n<\/div>\n<div class=\"highlight___3fa4r\">\n<div class=\"highlight-text___lgoJI\">\n<h3 class=\"highlight-text__headline___25B2G\">LIGEREZA Y VELOCIDAD<\/h3>\n<p>La mediasuela ligera hecha de espuma resistente LIGHTSTRIKE y espuma de alto rendimiento LIGHTSTRIKE PRO favorece un desempe\u00f1o din\u00e1mico. El sistema TORSIONROD integrado brinda una respuesta m\u00e1s \u00e1gil y reactiva.<\/p>\n<\/div>\n<\/div>\n<div class=\"highlight___3fa4r\">\n<div class=\"highlight-text___lgoJI\">\n<h3 class=\"highlight-text__headline___25B2G\">PRODUCTO HECHO PARCIALMENTE CON MATERIALES RECICLADOS<\/h3>\n<p>Este producto representa solo una de nuestras soluciones para ayudar a poner fin a los residuos pl\u00e1sticos. El exterior contiene al menos un 50 % de materiales reciclados.<\/p>\n<div class=\"accordion__header-text___2o9Im\">\n<h2 class=\"accordion-title___2sTgR\">Tecnolog\u00eda<\/h2>\n<\/div>\n<div class=\"accordion__header-icon___2FuRa\"><\/div>\n<div class=\"accordion__content___29x9h\">\n<div class=\"content-padding___2kVWQ\">\n<div class=\"technologies-section___3gZqW technologies-section--no-img___B_YZF\">\n<div class=\"technologies-content-container--no-img___wNKqW\">\n<h4 class=\"technologies-content-name___kkx_0\">LIGHTSTRIKE<\/h4>\n<div class=\"technologies-content-title___moWj6\">M\u00e1s ligereza, m\u00e1s velocidad<\/div>\n<p class=\"technologies-content-subtitle___2bGCf\">La tecnolog\u00eda adidas Lightstrike te ofrece amortiguaci\u00f3n ultraligera para alcanzar velocidades nunca antes vistas.<\/p>\n<\/div>\n<\/div>\n<div class=\"technologies-section___3gZqW technologies-section--no-img___B_YZF\">\n<div class=\"technologies-content-container--no-img___wNKqW\">\n<h4 class=\"technologies-content-name___kkx_0\">LIGHTSTRIKE PRO<\/h4>\n<div class=\"technologies-content-title___moWj6\">Ligereza incomparable<\/div>\n<p class=\"technologies-content-subtitle___2bGCf\">La tecnolog\u00eda adidas Lightstrike Pro te ofrece amortiguaci\u00f3n ultraligera y retorno de energ\u00eda para alcanzar velocidades nunca antes vistas.<\/p>\n<div class=\"accordion__header-text___2o9Im\">\n<h2 class=\"accordion-title___2sTgR\">Caracter\u00edsticas<\/h2>\n<\/div>\n<div class=\"accordion__header-icon___2FuRa\"><\/div>\n<div class=\"accordion__content___29x9h\">\n<div class=\"content-padding___2kVWQ\">\n<div class=\"features-section___1pumR\">\n<div class=\"item___1X-1_\"><img decoding=\"async\" class=\"img_with_fallback___2aHBu feature-icon___3S9eQ\" src=\"https:\/\/brand.assets.adidas.com\/image\/upload\/racing_2ad458e885.png\" alt=\"\" data-auto-id=\"image\" \/><\/p>\n<p class=\"feature-icon-text___3Owgv\">Competici\u00f3n<\/p>\n<\/div>\n<div class=\"item___1X-1_\"><img decoding=\"async\" class=\"img_with_fallback___2aHBu feature-icon___3S9eQ\" src=\"https:\/\/brand.assets.adidas.com\/image\/upload\/neutral_16b16d1637.png\" alt=\"\" data-auto-id=\"image\" \/><\/p>\n<p class=\"feature-icon-text___3Owgv\">Neutro<\/p>\n<\/div>\n<div class=\"item___1X-1_\"><img decoding=\"async\" class=\"img_with_fallback___2aHBu feature-icon___3S9eQ\" src=\"https:\/\/brand.assets.adidas.com\/image\/upload\/regular_a176d1f2d6.png\" alt=\"\" data-auto-id=\"image\" \/><\/p>\n<p class=\"feature-icon-text___3Owgv\">Horma cl\u00e1sica Hombre<\/p>\n<\/div>\n<div class=\"special-item___2Ohsx\">\n<h3 class=\"feature-icon-title___v-KQG\">9mm<\/h3>\n<p class=\"feature-icon-summary-small___31Rc0\">Ca\u00edda del tal\u00f3n a la punta<\/p>\n<p class=\"feature-icon-summary-small___31Rc0\">31mm \/ 22mm<\/p>\n<\/div>\n<div class=\"special-item___2Ohsx\">\n<h3 class=\"feature-icon-title___v-KQG\">225g<\/h3>\n<p class=\"feature-icon-summary-small___31Rc0\">Talla UK 8.5<\/p>\n<div class=\"accordion__header-text___2o9Im\">\n<h2 class=\"accordion-title___2sTgR\">Detalles<\/h2>\n<\/div>\n<div class=\"accordion__header-icon___2FuRa\"><\/div>\n<div class=\"accordion__content___29x9h\">\n<div class=\"content-padding___2kVWQ\">\n<div class=\"bullets___3bsSs\" data-auto-id=\"specifications-section\">\n<ul class=\"gl-list\">\n<li class=\"gl-vspace-bpall-small\">Ajuste cl\u00e1sico<\/li>\n<li class=\"gl-vspace-bpall-small\">Sistema de amarre de cordones para un ajuste adaptable y seguro.<\/li>\n<li class=\"gl-vspace-bpall-small\">Exterior liviano de malla<\/li>\n<li class=\"gl-vspace-bpall-small\">Sensaci\u00f3n de flexibilidad y soporte en zonas clave<\/li>\n<li class=\"gl-vspace-bpall-small\">Tecnolog\u00eda TORSIONRODS que aumenta la transferencia de fuerza<\/li>\n<li class=\"gl-vspace-bpall-small\">Amortiguaci\u00f3n Lightstrike + Lightstrike Pro<\/li>\n<li class=\"gl-vspace-bpall-small\">Peso: 217 gramos (talla MX 7,5)<\/li>\n<li class=\"gl-vspace-bpall-small\">Ca\u00edda mediasuela: 8 mm (tal\u00f3n: 27 mm \/ antepi\u00e9: 19 mm)<\/li>\n<li class=\"gl-vspace-bpall-small\">Suela de caucho Continental\u2122 Rubber<\/li>\n<li class=\"gl-vspace-bpall-small\">Color: Dash Grey \/ Solar Orange \/ Wonder Steel<\/li>\n<li class=\"gl-vspace-bpall-small\">Modelo: GX6647<\/li>\n<\/ul>\n<\/div>\n<\/div>\n<\/div>\n<\/div>\n<\/div>\n<\/div>\n<\/div>\n<\/div>\n<\/div>\n<\/div>\n<\/div>\n<\/div>\n<\/div>\n","protected":false},"excerpt":{"rendered":"<p>ADIZERO ADIOS 7 Calzados de running veloces hechos parcialmente con materiales reciclados Busca tu nueva mejor marca personal con estos<\/p>\n","protected":false},"featured_media":61754,"comment_status":"open","ping_status":"closed","template":"","meta":{"nf_dc_page":""},"product_brand":[],"product_cat":[76],"product_tag":[],"class_list":{"0":"post-61753","1":"product","2":"type-product","3":"status-publish","4":"has-post-thumbnail","6":"product_cat-masculino","8":"first","9":"instock","10":"shipping-taxable","11":"purchasable","12":"product-type-simple"},"_links":{"self":[{"href":"https:\/\/brandss.com.py\/index\/wp-json\/wp\/v2\/product\/61753","targetHints":{"allow":["GET"]}}],"collection":[{"href":"https:\/\/brandss.com.py\/index\/wp-json\/wp\/v2\/product"}],"about":[{"href":"https:\/\/brandss.com.py\/index\/wp-json\/wp\/v2\/types\/product"}],"replies":[{"embeddable":true,"href":"https:\/\/brandss.com.py\/index\/wp-json\/wp\/v2\/comments?post=61753"}],"version-history":[{"count":1,"href":"https:\/\/brandss.com.py\/index\/wp-json\/wp\/v2\/product\/61753\/revisions"}],"predecessor-version":[{"id":61763,"href":"https:\/\/brandss.com.py\/index\/wp-json\/wp\/v2\/product\/61753\/revisions\/61763"}],"wp:featuredmedia":[{"embeddable":true,"href":"https:\/\/brandss.com.py\/index\/wp-json\/wp\/v2\/media\/61754"}],"wp:attachment":[{"href":"https:\/\/brandss.com.py\/index\/wp-json\/wp\/v2\/media?parent=61753"}],"wp:term":[{"taxonomy":"product_brand","embeddable":true,"href":"https:\/\/brandss.com.py\/index\/wp-json\/wp\/v2\/product_brand?post=61753"},{"taxonomy":"product_cat","embeddable":true,"href":"https:\/\/brandss.com.py\/index\/wp-json\/wp\/v2\/product_cat?post=61753"},{"taxonomy":"product_tag","embeddable":true,"href":"https:\/\/brandss.com.py\/index\/wp-json\/wp\/v2\/product_tag?post=61753"}],"curies":[{"name":"wp","href":"https:\/\/api.w.org\/{rel}","templated":true}]}}