{"id":61826,"date":"2024-11-21T18:42:46","date_gmt":"2024-11-21T18:42:46","guid":{"rendered":"https:\/\/brandss.com.py\/index\/?post_type=product&#038;p=61826"},"modified":"2024-11-21T18:43:33","modified_gmt":"2024-11-21T18:43:33","slug":"calzado-deportivo-masculino-adidas-samba-classic","status":"publish","type":"product","link":"https:\/\/brandss.com.py\/index\/producto\/calzado-deportivo-masculino-adidas-samba-classic\/","title":{"rendered":"CALZADO DEPORTIVO MASCULINO ADIDAS SAMBA CLASSIC"},"content":{"rendered":"<p><img loading=\"lazy\" decoding=\"async\" class=\"\" src=\"https:\/\/1000marcas.net\/wp-content\/uploads\/2024\/02\/Adidas-Logo-1991.png\" alt=\"Logo de Adidas: la historia y el significado del logotipo, la marca y el  s\u00edmbolo. | png, vector\" width=\"108\" height=\"61\" \/><\/p>\n<h1>SAMBA CLASSIC<\/h1>\n<div class=\"text-content___13aRm\">\n<h3 class=\"subtitle___9ljbp\">Unos de los m\u00e1s populares calzados de f\u00fatbol indoor de todos los tiempos.<\/h3>\n<p class=\"gl-vspace\">Atravesar la cancha con velocidad y control es primordial para dominar el juego indoor. No es coincidencia que los Samba hayan dominado el f\u00fatbol indoor por d\u00e9cadas. Estos calzados legendarios incorporan un exterior en piel, as\u00ed como una mediasuela liviana de EVA para ganar rapidez y estabilidad sobre todo tipo de superficies indoor.<\/p>\n<div class=\"accordion__header-text___2o9Im\">\n<h2 class=\"accordion-title___2sTgR\">Detalles<\/h2>\n<\/div>\n<div class=\"accordion__content___29x9h\">\n<div class=\"content-padding___2kVWQ\">\n<div class=\"bullets___3bsSs\" data-auto-id=\"specifications-section\">\n<ul class=\"gl-list\">\n<li class=\"gl-vspace-bpall-small\">Exterior de piel sint\u00e9tica liviano y resistente<\/li>\n<li class=\"gl-vspace-bpall-small\">Capas superpuestas en ante para mayor resistencia al desgaste y protecci\u00f3n<\/li>\n<li class=\"gl-vspace-bpall-small\">Suela liviana de EVA troquelada que brinda comodidad<\/li>\n<li class=\"gl-vspace-bpall-small\">Suela de goma NON MARKING para un m\u00e1ximo agarre sobre todo tipo de superficies indoor<\/li>\n<li class=\"gl-vspace-bpall-small\">Color: Core Black \/ Cloud White \/ Core Black<\/li>\n<li class=\"gl-vspace-bpall-small\">Modelo: 034563<\/li>\n<\/ul>\n<\/div>\n<\/div>\n<\/div>\n<\/div>\n","protected":false},"excerpt":{"rendered":"<p>SAMBA CLASSIC Unos de los m\u00e1s populares calzados de f\u00fatbol indoor de todos los tiempos. Atravesar la cancha con velocidad<\/p>\n","protected":false},"featured_media":61827,"comment_status":"open","ping_status":"closed","template":"","meta":{"nf_dc_page":""},"product_brand":[],"product_cat":[76],"product_tag":[],"class_list":{"0":"post-61826","1":"product","2":"type-product","3":"status-publish","4":"has-post-thumbnail","6":"product_cat-masculino","8":"first","9":"instock","10":"shipping-taxable","11":"purchasable","12":"product-type-simple"},"_links":{"self":[{"href":"https:\/\/brandss.com.py\/index\/wp-json\/wp\/v2\/product\/61826","targetHints":{"allow":["GET"]}}],"collection":[{"href":"https:\/\/brandss.com.py\/index\/wp-json\/wp\/v2\/product"}],"about":[{"href":"https:\/\/brandss.com.py\/index\/wp-json\/wp\/v2\/types\/product"}],"replies":[{"embeddable":true,"href":"https:\/\/brandss.com.py\/index\/wp-json\/wp\/v2\/comments?post=61826"}],"version-history":[{"count":1,"href":"https:\/\/brandss.com.py\/index\/wp-json\/wp\/v2\/product\/61826\/revisions"}],"predecessor-version":[{"id":61836,"href":"https:\/\/brandss.com.py\/index\/wp-json\/wp\/v2\/product\/61826\/revisions\/61836"}],"wp:featuredmedia":[{"embeddable":true,"href":"https:\/\/brandss.com.py\/index\/wp-json\/wp\/v2\/media\/61827"}],"wp:attachment":[{"href":"https:\/\/brandss.com.py\/index\/wp-json\/wp\/v2\/media?parent=61826"}],"wp:term":[{"taxonomy":"product_brand","embeddable":true,"href":"https:\/\/brandss.com.py\/index\/wp-json\/wp\/v2\/product_brand?post=61826"},{"taxonomy":"product_cat","embeddable":true,"href":"https:\/\/brandss.com.py\/index\/wp-json\/wp\/v2\/product_cat?post=61826"},{"taxonomy":"product_tag","embeddable":true,"href":"https:\/\/brandss.com.py\/index\/wp-json\/wp\/v2\/product_tag?post=61826"}],"curies":[{"name":"wp","href":"https:\/\/api.w.org\/{rel}","templated":true}]}}