{"id":61860,"date":"2024-11-23T12:12:09","date_gmt":"2024-11-23T12:12:09","guid":{"rendered":"https:\/\/brandss.com.py\/index\/?post_type=product&#038;p=61860"},"modified":"2024-11-23T12:13:59","modified_gmt":"2024-11-23T12:13:59","slug":"calzado-deportivo-masculino-adidas-la-trainer-iii","status":"publish","type":"product","link":"https:\/\/brandss.com.py\/index\/producto\/calzado-deportivo-masculino-adidas-la-trainer-iii\/","title":{"rendered":"CALZADO DEPORTIVO MASCULINO ADIDAS LA TRAINER III"},"content":{"rendered":"<p><img loading=\"lazy\" decoding=\"async\" class=\"\" src=\"https:\/\/1000marcas.net\/wp-content\/uploads\/2024\/02\/Adidas-Logo-1991.png\" alt=\"Logo de Adidas: la historia y el significado del logotipo, la marca y el  s\u00edmbolo. | png, vector\" width=\"105\" height=\"59\" \/><\/p>\n<h1>LA TRAINER III<\/h1>\n<p>Corre todo el d\u00eda. Baila toda la noche. Inspiradas en un \u00edcono del running de alto rendimiento de los a\u00f1os 80, estos calzados adidas Originals LA est\u00e1n dise\u00f1adas para hacerlo todo. Una entresuela de EVA te mantiene c\u00f3modo las 24 horas del d\u00eda, los 7 d\u00edas de la semana. Cuando oscurece, los detalles reflectantes brillan.<\/p>\n<p><strong>Caracter\u00edsticas de adidas Originals La Trainer:<\/strong><\/p>\n<p>La parte superior textil brinda resistencia y durabilidad.<\/p>\n<p>La entresuela de EVA a\u00f1ade una comodidad innegable.<\/p>\n<p>El cierre de cordones te ayuda a fijarte.<\/p>\n<p>La suela de goma ofrece m\u00e1xima tracci\u00f3n.<\/p>\n<p>Color: Cloud White\/Core Black\/Silver Metall<\/p>\n<p>Modelo: GY7492<\/p>\n<p>&nbsp;<\/p>\n","protected":false},"excerpt":{"rendered":"<p>LA TRAINER III Corre todo el d\u00eda. Baila toda la noche. Inspiradas en un \u00edcono del running de alto rendimiento<\/p>\n","protected":false},"featured_media":61861,"comment_status":"open","ping_status":"closed","template":"","meta":{"nf_dc_page":""},"product_brand":[],"product_cat":[76],"product_tag":[],"class_list":{"0":"post-61860","1":"product","2":"type-product","3":"status-publish","4":"has-post-thumbnail","6":"product_cat-masculino","8":"first","9":"instock","10":"shipping-taxable","11":"purchasable","12":"product-type-simple"},"_links":{"self":[{"href":"https:\/\/brandss.com.py\/index\/wp-json\/wp\/v2\/product\/61860","targetHints":{"allow":["GET"]}}],"collection":[{"href":"https:\/\/brandss.com.py\/index\/wp-json\/wp\/v2\/product"}],"about":[{"href":"https:\/\/brandss.com.py\/index\/wp-json\/wp\/v2\/types\/product"}],"replies":[{"embeddable":true,"href":"https:\/\/brandss.com.py\/index\/wp-json\/wp\/v2\/comments?post=61860"}],"version-history":[{"count":1,"href":"https:\/\/brandss.com.py\/index\/wp-json\/wp\/v2\/product\/61860\/revisions"}],"predecessor-version":[{"id":61867,"href":"https:\/\/brandss.com.py\/index\/wp-json\/wp\/v2\/product\/61860\/revisions\/61867"}],"wp:featuredmedia":[{"embeddable":true,"href":"https:\/\/brandss.com.py\/index\/wp-json\/wp\/v2\/media\/61861"}],"wp:attachment":[{"href":"https:\/\/brandss.com.py\/index\/wp-json\/wp\/v2\/media?parent=61860"}],"wp:term":[{"taxonomy":"product_brand","embeddable":true,"href":"https:\/\/brandss.com.py\/index\/wp-json\/wp\/v2\/product_brand?post=61860"},{"taxonomy":"product_cat","embeddable":true,"href":"https:\/\/brandss.com.py\/index\/wp-json\/wp\/v2\/product_cat?post=61860"},{"taxonomy":"product_tag","embeddable":true,"href":"https:\/\/brandss.com.py\/index\/wp-json\/wp\/v2\/product_tag?post=61860"}],"curies":[{"name":"wp","href":"https:\/\/api.w.org\/{rel}","templated":true}]}}