{"id":61868,"date":"2024-11-23T13:05:11","date_gmt":"2024-11-23T13:05:11","guid":{"rendered":"https:\/\/brandss.com.py\/index\/?post_type=product&#038;p=61868"},"modified":"2024-11-23T13:09:06","modified_gmt":"2024-11-23T13:09:06","slug":"calzado-deportivo-masculino-adidas-stan-smith-lux","status":"publish","type":"product","link":"https:\/\/brandss.com.py\/index\/producto\/calzado-deportivo-masculino-adidas-stan-smith-lux\/","title":{"rendered":"CALZADO DEPORTIVO MASCULINO ADIDAS STAN SMITH LUX"},"content":{"rendered":"<p><img loading=\"lazy\" decoding=\"async\" class=\"\" src=\"https:\/\/1000marcas.net\/wp-content\/uploads\/2024\/02\/Adidas-Logo-1991.png\" alt=\"Logo de Adidas: la historia y el significado del logotipo, la marca y el  s\u00edmbolo. | png, vector\" width=\"139\" height=\"78\" \/><\/p>\n<h1>STAN SMITH LUX<\/h1>\n<h3 class=\"subtitle___9ljbp\"><span>Calzado cl\u00e1sica Stan Smith con detalles de lujo y piel de primera calidad.<\/span><\/h3>\n<p class=\"gl-vspace\"><span>&#8220;Siempre he pensado en [las Stan Smith] como si fueran un lienzo. Los dise\u00f1adores de adidas han hecho muchas iteraciones diferentes, no solo colores, sino tambi\u00e9n materiales, pero la silueta sigue siendo la misma y siempre puedes reconocerla desde lejos&#8221; \u2014 Stan Smith La silueta tradicional se actualiza en las Stan Smith Lux. Con un aspecto limpio y sin g\u00e9nero que hace un gui\u00f1o a las OG, esta iteraci\u00f3n se eleva sin esfuerzo con detalles de primera calidad. La zapatilla inspirada en la cancha est\u00e1 confeccionada completamente con cuero suave como la mantequilla, desde el forro interior hasta el parche de cuero adicional en el tal\u00f3n que brinda mayor comodidad y durabilidad. La marca laminada en la leng\u00fceta es un acabado simple pero elegante.<\/span><\/p>\n<div class=\"accordion__header-text___2o9Im\">\n<h2 class=\"accordion-title___2sTgR\"><span>Reflejos<\/span><\/h2>\n<\/div>\n<div class=\"accordion__header-icon___2FuRa\"><\/div>\n<div class=\"accordion__content___29x9h\">\n<div class=\"content-padding___2kVWQ\">\n<div class=\"highlights___19JOq\">\n<div class=\"highlights-list___19FSM\">\n<div class=\"highlight___3fa4r\"><img loading=\"lazy\" decoding=\"async\" class=\"\" src=\"https:\/\/assets.adidas.com\/images\/w_600,f_auto,q_auto\/899c55291f1f4768a939af160115b9e7_9366\/Stan_Smith_Lux_Shoes_White_HP2201.jpg\" alt=\"Zapatillas blancas Stan Smith Lux\" width=\"410\" height=\"410\" \/><\/p>\n<div class=\"highlight-text___lgoJI\">\n<h3 class=\"highlight-text__headline___25B2G\"><span>Patrimonio de la corte<\/span><\/h3>\n<p><span>Inspirado en el gran tenista y colaborador de adidas desde hace muchos a\u00f1os, Stan Smith.<\/span><\/p>\n<\/div>\n<\/div>\n<div class=\"highlight___3fa4r\"><img loading=\"lazy\" decoding=\"async\" class=\"\" src=\"https:\/\/assets.adidas.com\/images\/w_600,f_auto,q_auto\/4d703749c00a4f618c23af160115c3bc_9366\/Stan_Smith_Lux_Shoes_White_HP2201.jpg\" alt=\"Zapatillas blancas Stan Smith Lux\" width=\"420\" height=\"420\" \/><\/p>\n<div class=\"highlight-text___lgoJI\">\n<h3 class=\"highlight-text__headline___25B2G\"><span>El lujo es comodidad<\/span><\/h3>\n<p><span>Un cuero ultra suave recubre el interior del zapato, con un parche adicional en el tal\u00f3n para mayor durabilidad.<\/span><\/p>\n<\/div>\n<\/div>\n<div class=\"highlight___3fa4r\"><img loading=\"lazy\" decoding=\"async\" class=\"\" src=\"https:\/\/assets.adidas.com\/images\/w_600,f_auto,q_auto\/fd1a749d7c344f889ec1af160115cfd9_9366\/Stan_Smith_Lux_Shoes_White_HP2201.jpg\" alt=\"Zapatillas blancas Stan Smith Lux\" width=\"434\" height=\"434\" \/><\/p>\n<div class=\"highlight-text___lgoJI\">\n<h3 class=\"highlight-text__headline___25B2G\"><span>Costura de 360 \u200b\u200bgrados<\/span><\/h3>\n<p><span>Los intrincados detalles de puntadas alrededor del zapato reducen los espacios de uni\u00f3n.<\/span><\/p>\n<\/div>\n<\/div>\n<div class=\"highlight___3fa4r\"><img loading=\"lazy\" decoding=\"async\" class=\"\" src=\"https:\/\/assets.adidas.com\/images\/w_600,f_auto,q_auto\/36eecae586a341fa89d9af160115e338_9366\/Stan_Smith_Lux_Shoes_White_HP2201.jpg\" alt=\"Zapatillas blancas Stan Smith Lux\" width=\"436\" height=\"436\" \/><\/p>\n<div class=\"highlight-text___lgoJI\">\n<h3 class=\"highlight-text__headline___25B2G\"><span>Acabado fresco<\/span><\/h3>\n<p><span>La marca met\u00e1lica mate le da al zapato un aspecto premium.<\/span><\/p>\n<p>&nbsp;<\/p>\n<\/div>\n<\/div>\n<\/div>\n<\/div>\n<\/div>\n<\/div>\n<div class=\"accordion__header-text___2o9Im\">\n<h2 class=\"accordion-title___2sTgR\"><span>Detalles<\/span><\/h2>\n<\/div>\n<div class=\"accordion__header-icon___2FuRa\"><\/div>\n<div class=\"accordion__content___29x9h\">\n<div class=\"content-padding___2kVWQ\">\n<div class=\"bullets___3bsSs\" data-auto-id=\"specifications-section\">\n<ul class=\"gl-list\">\n<li class=\"gl-vspace-bpall-small\"><span>Ajuste regular<\/span><\/li>\n<li class=\"gl-vspace-bpall-small\"><span>Cierre de encaje<\/span><\/li>\n<li class=\"gl-vspace-bpall-small\"><span>Parte superior de cuero grueso<\/span><\/li>\n<li class=\"gl-vspace-bpall-small\"><span>Costura de 360 \u200b\u200bgrados alrededor de las herramientas<\/span><\/li>\n<li class=\"gl-vspace-bpall-small\"><span>Forro de cuero<\/span><\/li>\n<li class=\"gl-vspace-bpall-small\"><span>Importado<\/span><\/li>\n<li class=\"gl-vspace-bpall-small\"><span>Color: Blanco roto \/ Blanco crema \/ Verde sombra<\/span><\/li>\n<li class=\"gl-vspace-bpall-small\"><span>Modelo: HP2201<\/span><\/li>\n<\/ul>\n<\/div>\n<\/div>\n<\/div>\n","protected":false},"excerpt":{"rendered":"<p>STAN SMITH LUX Calzado cl\u00e1sica Stan Smith con detalles de lujo y piel de primera calidad. &#8220;Siempre he pensado en<\/p>\n","protected":false},"featured_media":61869,"comment_status":"open","ping_status":"closed","template":"","meta":{"nf_dc_page":""},"product_brand":[],"product_cat":[76],"product_tag":[],"class_list":{"0":"post-61868","1":"product","2":"type-product","3":"status-publish","4":"has-post-thumbnail","6":"product_cat-masculino","8":"first","9":"instock","10":"shipping-taxable","11":"purchasable","12":"product-type-simple"},"_links":{"self":[{"href":"https:\/\/brandss.com.py\/index\/wp-json\/wp\/v2\/product\/61868","targetHints":{"allow":["GET"]}}],"collection":[{"href":"https:\/\/brandss.com.py\/index\/wp-json\/wp\/v2\/product"}],"about":[{"href":"https:\/\/brandss.com.py\/index\/wp-json\/wp\/v2\/types\/product"}],"replies":[{"embeddable":true,"href":"https:\/\/brandss.com.py\/index\/wp-json\/wp\/v2\/comments?post=61868"}],"version-history":[{"count":1,"href":"https:\/\/brandss.com.py\/index\/wp-json\/wp\/v2\/product\/61868\/revisions"}],"predecessor-version":[{"id":61882,"href":"https:\/\/brandss.com.py\/index\/wp-json\/wp\/v2\/product\/61868\/revisions\/61882"}],"wp:featuredmedia":[{"embeddable":true,"href":"https:\/\/brandss.com.py\/index\/wp-json\/wp\/v2\/media\/61869"}],"wp:attachment":[{"href":"https:\/\/brandss.com.py\/index\/wp-json\/wp\/v2\/media?parent=61868"}],"wp:term":[{"taxonomy":"product_brand","embeddable":true,"href":"https:\/\/brandss.com.py\/index\/wp-json\/wp\/v2\/product_brand?post=61868"},{"taxonomy":"product_cat","embeddable":true,"href":"https:\/\/brandss.com.py\/index\/wp-json\/wp\/v2\/product_cat?post=61868"},{"taxonomy":"product_tag","embeddable":true,"href":"https:\/\/brandss.com.py\/index\/wp-json\/wp\/v2\/product_tag?post=61868"}],"curies":[{"name":"wp","href":"https:\/\/api.w.org\/{rel}","templated":true}]}}