{"id":61987,"date":"2024-11-25T12:08:06","date_gmt":"2024-11-25T12:08:06","guid":{"rendered":"https:\/\/brandss.com.py\/index\/?post_type=product&#038;p=61987"},"modified":"2025-09-24T17:28:12","modified_gmt":"2025-09-24T17:28:12","slug":"paleta-de-sombra-de-ojos-miss-rose-de-12-colores","status":"publish","type":"product","link":"https:\/\/brandss.com.py\/index\/producto\/paleta-de-sombra-de-ojos-miss-rose-de-12-colores\/","title":{"rendered":"PALETA DE SOMBRA DE OJOS MISS ROSE DE 12 COLORES"},"content":{"rendered":"<p><img loading=\"lazy\" decoding=\"async\" class=\"\" src=\"https:\/\/missrose.com.pk\/cdn\/shop\/files\/MIss_Rose_Logo_Finalized_24Aug20_1_9acfb535-1764-4d54-a238-14790ccaecf0.png?v=1727673778&amp;width=600\" alt=\"Miss Rose Official Store \u2013 Miss Rose Com Pk\" width=\"122\" height=\"64\" \/><\/p>\n<div class=\"flex max-w-full flex-col flex-grow\">\n<div class=\"min-h-8 text-message flex w-full flex-col items-end gap-2 whitespace-normal break-words [.text-message+&amp;]:mt-5\" dir=\"auto\" data-message-author-role=\"assistant\" data-message-id=\"3edc889b-473e-42d5-bc8e-16fd006ffcd7\" data-message-model-slug=\"gpt-4o\">\n<div class=\"flex w-full flex-col gap-1 empty:hidden first:pt-[3px]\">\n<div class=\"markdown prose w-full break-words dark:prose-invert light\">\n<p><span>La <\/span>paleta de sombras de ojos Miss Rose de 12 colores<span> es una opci\u00f3n compacta y vers\u00e1til que combina tonos satinados, mate y con brillo, perfecta para quienes buscan una herramienta pr\u00e1ctica y funcional para el maquillaje diario o de ocasi\u00f3n.<\/span><\/p>\n<h3><strong><span>Descripci\u00f3n de acabados<\/span><\/strong><span>:<\/span><\/h3>\n<ol>\n<li><strong><span>Satinados<\/span><\/strong><span>:<\/span>\n<ul>\n<li><span>Sombras con un toque brillante y luminoso que resaltan el p\u00e1rpado con elegancia.<\/span><\/li>\n<li><span>Incluyen tonos cl\u00e1sicos como champa\u00f1a, dorado claro, cobre y rosa perlado.<\/span><\/li>\n<\/ul>\n<\/li>\n<li><b>Matte<\/b>:\n<ul>\n<li><span>Tonalidades de acabado opaco, ideales para definir y crear profundidad.<\/span><\/li>\n<li><span>Gama que va desde neutros esenciales como beige, marr\u00f3n y gris hasta colores intensos como ciruela o terracota.<\/span><\/li>\n<\/ul>\n<\/li>\n<li><strong><span>Con brillo<\/span><\/strong><span>:<\/span>\n<ul>\n<li><span>Sombras con part\u00edculas brillantes para un look audaz y llamativo.<\/span><\/li>\n<li><span>Tonos como dorado, plateado o rosado con destellos, perfectos para realzar cualquier maquillaje festivo.<\/span><\/li>\n<\/ul>\n<\/li>\n<\/ol>\n<h3><strong><span>Caracter\u00edsticas principales<\/span><\/strong><span>:<\/span><\/h3>\n<ul>\n<li><strong><span>F\u00f3rmula<\/span><\/strong><span>: Textura suave, f\u00e1cil de difuminar, con alta pigmentaci\u00f3n para un acabado impecable.<\/span><\/li>\n<li><strong><span>Duraci\u00f3n<\/span><\/strong><span>: Fijaci\u00f3n prolongada que se adapta tanto al uso diario como a eventos especiales.<\/span><\/li>\n<li><strong><span>Tama\u00f1o pr\u00e1ctico<\/span><\/strong><span>: Dise\u00f1o compacto, ideal para llevar en el bolso o de viaje.<\/span><\/li>\n<li><strong><span>Versatilidad<\/span><\/strong><span>: Perfecta para crear looks desde naturales y suaves hasta dram\u00e1ticos y deslumbrantes.<\/span><\/li>\n<\/ul>\n<p><span>Con su combinaci\u00f3n equilibrada de tonos y acabados, esta paleta es ideal para quienes buscan calidad y variedad en un formato manejable y accesible.<\/span><\/p>\n<p>Modelo: 7001-041N1<\/p>\n<\/div>\n<\/div>\n<\/div>\n<\/div>\n","protected":false},"excerpt":{"rendered":"<p>La paleta de sombras de ojos Miss Rose de 12 colores es una opci\u00f3n compacta y vers\u00e1til que combina tonos<\/p>\n","protected":false},"featured_media":61988,"comment_status":"open","ping_status":"closed","template":"","meta":{"nf_dc_page":""},"product_brand":[221],"product_cat":[95],"product_tag":[267],"class_list":{"0":"post-61987","1":"product","2":"type-product","3":"status-publish","4":"has-post-thumbnail","6":"product_brand-miss-rose","7":"product_cat-maquillaje","8":"product_tag-267","10":"first","11":"instock","12":"shipping-taxable","13":"purchasable","14":"product-type-simple"},"_links":{"self":[{"href":"https:\/\/brandss.com.py\/index\/wp-json\/wp\/v2\/product\/61987","targetHints":{"allow":["GET"]}}],"collection":[{"href":"https:\/\/brandss.com.py\/index\/wp-json\/wp\/v2\/product"}],"about":[{"href":"https:\/\/brandss.com.py\/index\/wp-json\/wp\/v2\/types\/product"}],"replies":[{"embeddable":true,"href":"https:\/\/brandss.com.py\/index\/wp-json\/wp\/v2\/comments?post=61987"}],"version-history":[{"count":1,"href":"https:\/\/brandss.com.py\/index\/wp-json\/wp\/v2\/product\/61987\/revisions"}],"predecessor-version":[{"id":61995,"href":"https:\/\/brandss.com.py\/index\/wp-json\/wp\/v2\/product\/61987\/revisions\/61995"}],"wp:featuredmedia":[{"embeddable":true,"href":"https:\/\/brandss.com.py\/index\/wp-json\/wp\/v2\/media\/61988"}],"wp:attachment":[{"href":"https:\/\/brandss.com.py\/index\/wp-json\/wp\/v2\/media?parent=61987"}],"wp:term":[{"taxonomy":"product_brand","embeddable":true,"href":"https:\/\/brandss.com.py\/index\/wp-json\/wp\/v2\/product_brand?post=61987"},{"taxonomy":"product_cat","embeddable":true,"href":"https:\/\/brandss.com.py\/index\/wp-json\/wp\/v2\/product_cat?post=61987"},{"taxonomy":"product_tag","embeddable":true,"href":"https:\/\/brandss.com.py\/index\/wp-json\/wp\/v2\/product_tag?post=61987"}],"curies":[{"name":"wp","href":"https:\/\/api.w.org\/{rel}","templated":true}]}}