{"id":62712,"date":"2024-11-30T16:39:37","date_gmt":"2024-11-30T16:39:37","guid":{"rendered":"https:\/\/brandss.com.py\/index\/?post_type=product&#038;p=62712"},"modified":"2024-11-30T16:40:29","modified_gmt":"2024-11-30T16:40:29","slug":"funda-con-teclado-coteci-para-ipad","status":"publish","type":"product","link":"https:\/\/brandss.com.py\/index\/producto\/funda-con-teclado-coteci-para-ipad\/","title":{"rendered":"FUNDA CON TECLADO COTECI PARA IPAD"},"content":{"rendered":"<p><img loading=\"lazy\" decoding=\"async\" class=\"\" src=\"https:\/\/static-01.daraz.com.np\/other\/shop\/a34edc99473f25314c9deb3eb43a3fc1.png\" alt=\"COTECI Magnetic Wireless Phone Cooler for Gaming with RGB Lights Cellphone  Radiator | Daraz.com.np\" width=\"67\" height=\"67\" \/><\/p>\n<p>\u00a1Convierta sus iPads en una computadora port\u00e1til sin esfuerzo con la funda con teclado COTEetCI para iPad!<\/p>\n<p><strong><span>Protecci\u00f3n detallada<\/span><\/strong><\/p>\n<ul>\n<li><span>El estuche cubre la c\u00e1mara web, el bot\u00f3n de apagado y el conector trasero para mayor protecci\u00f3n.<\/span><\/li>\n<\/ul>\n<p><strong><span>Teclado desmontable<\/span><\/strong><\/p>\n<ul>\n<li><span>El teclado desmontable magn\u00e9ticamente proporciona una mejor experiencia de escritura.<\/span><\/li>\n<\/ul>\n<p><strong><span>Funci\u00f3n de sue\u00f1o inteligente<\/span><\/strong><\/p>\n<ul>\n<li><span>La funda activa autom\u00e1ticamente tu iPad cuando se abre y lo pone en modo de suspensi\u00f3n cuando se cierra.<\/span><\/li>\n<\/ul>\n<p><strong><span>Caracter\u00edsticas:<\/span><\/strong><\/p>\n<ul>\n<li><strong><span>Protecci\u00f3n integral:<\/span><\/strong><span>\u00a0dise\u00f1ada con una meticulosa atenci\u00f3n a los detalles, esta funda garantiza que los componentes vitales, como la c\u00e1mara web, el bot\u00f3n de encendido y el puerto de carga, est\u00e9n cubiertos para una mayor seguridad. La construcci\u00f3n robusta protege contra golpes y rayones cotidianos, manteniendo su iPad en perfectas condiciones.<\/span><\/li>\n<\/ul>\n<ul>\n<li><strong><span>Teclado desmontable:<\/span><\/strong><span>\u00a0este estuche cuenta con un teclado desmontable magn\u00e9ticamente y ofrece la flexibilidad de una experiencia de escritura tradicional. Su facilidad de montaje y desmontaje permite una transici\u00f3n perfecta entre el trabajo y el ocio, lo que garantiza una productividad y una comodidad \u00f3ptimas.<\/span><\/li>\n<\/ul>\n<ul>\n<li><strong><span>Funci\u00f3n de suspensi\u00f3n\/activaci\u00f3n inteligente:<\/span><\/strong><span>\u00a0aproveche la eficiencia con la funci\u00f3n de suspensi\u00f3n inteligente, que activa autom\u00e1ticamente su iPad al abrir la funda y lo pone en modo de suspensi\u00f3n al cerrarla. Esta funci\u00f3n no solo conserva la vida \u00fatil de la bater\u00eda, sino que tambi\u00e9n garantiza que su dispositivo est\u00e9 listo para usar cuando lo desee.<\/span><\/li>\n<\/ul>\n<ul>\n<li><strong><span>Materiales de calidad:<\/span><\/strong><span>\u00a0Fabricada con silicona liviana pero duradera y materiales respetuosos con el medio ambiente ABS, la funda brinda un tacto c\u00f3modo y una durabilidad confiable. Disponible en blanco y negro, ofrece un dise\u00f1o elegante que complementa la est\u00e9tica de su iPad Air4.<\/span><\/li>\n<\/ul>\n<ul>\n<li><strong><span>Dise\u00f1o ergon\u00f3mico:<\/span><\/strong><span>\u00a0con un peso de tan solo 580 g, el estuche est\u00e1 dise\u00f1ado para ser port\u00e1til sin comprometer la protecci\u00f3n. El material de silicona ofrece un agarre seguro, mientras que la disposici\u00f3n del teclado est\u00e1 optimizada para una experiencia de escritura c\u00f3moda, lo que lo convierte en una opci\u00f3n ideal para un uso prolongado.<\/span><\/li>\n<\/ul>\n<p>&nbsp;<\/p>\n<h4><strong><span>Especificaci\u00f3n:<\/span><\/strong><\/h4>\n<ul>\n<li><span>Marca: Coteci<\/span><\/li>\n<li><span>Estilo:61017<\/span><\/li>\n<li><span>Material: material de protecci\u00f3n ambiental ABS.<\/span><\/li>\n<li><span>Color: negro, blanco<\/span><\/li>\n<li><span>Peso: 580g<\/span><\/li>\n<li><span>Material: Silicona<\/span><\/li>\n<\/ul>\n<p><strong><span>Modelos compatibles:<\/span><\/strong><\/p>\n<ul>\n<li><span>&#8211; iPad Air (4.\u00aa generaci\u00f3n) de 10,9 pulgadas (2020)<\/span><\/li>\n<\/ul>\n<p>\u00a1Consigue el tuyo en Brands si buscas una alternativa m\u00e1s econ\u00f3mica al Magic Keyboard!<\/p>\n","protected":false},"excerpt":{"rendered":"<p>\u00a1Convierta sus iPads en una computadora port\u00e1til sin esfuerzo con la funda con teclado COTEetCI para iPad! Protecci\u00f3n detallada El<\/p>\n","protected":false},"featured_media":62713,"comment_status":"open","ping_status":"closed","template":"","meta":{"nf_dc_page":""},"product_brand":[],"product_cat":[89],"product_tag":[],"class_list":{"0":"post-62712","1":"product","2":"type-product","3":"status-publish","4":"has-post-thumbnail","6":"product_cat-electronicos","8":"first","9":"instock","10":"shipping-taxable","11":"purchasable","12":"product-type-simple"},"_links":{"self":[{"href":"https:\/\/brandss.com.py\/index\/wp-json\/wp\/v2\/product\/62712","targetHints":{"allow":["GET"]}}],"collection":[{"href":"https:\/\/brandss.com.py\/index\/wp-json\/wp\/v2\/product"}],"about":[{"href":"https:\/\/brandss.com.py\/index\/wp-json\/wp\/v2\/types\/product"}],"replies":[{"embeddable":true,"href":"https:\/\/brandss.com.py\/index\/wp-json\/wp\/v2\/comments?post=62712"}],"version-history":[{"count":1,"href":"https:\/\/brandss.com.py\/index\/wp-json\/wp\/v2\/product\/62712\/revisions"}],"predecessor-version":[{"id":62719,"href":"https:\/\/brandss.com.py\/index\/wp-json\/wp\/v2\/product\/62712\/revisions\/62719"}],"wp:featuredmedia":[{"embeddable":true,"href":"https:\/\/brandss.com.py\/index\/wp-json\/wp\/v2\/media\/62713"}],"wp:attachment":[{"href":"https:\/\/brandss.com.py\/index\/wp-json\/wp\/v2\/media?parent=62712"}],"wp:term":[{"taxonomy":"product_brand","embeddable":true,"href":"https:\/\/brandss.com.py\/index\/wp-json\/wp\/v2\/product_brand?post=62712"},{"taxonomy":"product_cat","embeddable":true,"href":"https:\/\/brandss.com.py\/index\/wp-json\/wp\/v2\/product_cat?post=62712"},{"taxonomy":"product_tag","embeddable":true,"href":"https:\/\/brandss.com.py\/index\/wp-json\/wp\/v2\/product_tag?post=62712"}],"curies":[{"name":"wp","href":"https:\/\/api.w.org\/{rel}","templated":true}]}}