{"id":62902,"date":"2024-12-03T13:57:10","date_gmt":"2024-12-03T13:57:10","guid":{"rendered":"https:\/\/brandss.com.py\/index\/?post_type=product&#038;p=62902"},"modified":"2026-03-17T10:54:48","modified_gmt":"2026-03-17T10:54:48","slug":"perfume-unisex-lattafa-badee-al-oud-honor-glory-edp-100ml","status":"publish","type":"product","link":"https:\/\/brandss.com.py\/index\/producto\/perfume-unisex-lattafa-badee-al-oud-honor-glory-edp-100ml\/","title":{"rendered":"PERFUME UNISEX LATTAFA BADE&#8217;E AL OUD HONOR &amp; GLORY EDP 100ML"},"content":{"rendered":"<p><img loading=\"lazy\" decoding=\"async\" class=\"\" src=\"https:\/\/myscentjourney.s3.us-east-2.amazonaws.com\/2022\/02\/14\/29KIascent_j_marca_1644871114_202.png\" alt=\"MSJ::LATTAFA\" width=\"92\" height=\"110\" \/><\/p>\n<h1>BADE&#8217;E AL OUD HONOR &amp; GLORY<\/h1>\n<p>Emb\u00e1rcate en un viaje olfativo con el Badee Al Oud Honor &amp; Glory. Esta fragancia exquisita captura la esencia del lujo oriental con una mezcla cautivadora de notas arom\u00e1ticas. Perfecta para quienes buscan una fragancia distintiva y poderosa, Honor &amp; Glory combina la calidez del oud con toques especiados y amaderados, creando una experiencia olfativa inolvidable.<\/p>\n<ul>\n<li><strong>Duraci\u00f3n Prolongada:<\/strong>\u00a0Eau de Parfum que ofrece una fijaci\u00f3n duradera y una proyecci\u00f3n notable.<\/li>\n<li><strong>Aroma Lujoso:<\/strong>\u00a0Una sofisticada combinaci\u00f3n de notas especiadas, florales y amaderadas que evocan el lujo y la elegancia.<\/li>\n<li><strong>Presentaci\u00f3n Refinada:<\/strong> Botella de dise\u00f1o elegante que refleja la riqueza de la fragancia.<\/li>\n<li><strong>Fragancia Distintiva:<\/strong>\u00a0Ideal para quienes buscan un perfume que destaque y deje una impresi\u00f3n duradera.<\/li>\n<li><strong>Versatilidad:<\/strong>\u00a0Adecuada tanto para eventos especiales como para el uso diario.<\/li>\n<li><strong>Atractivo Unisex:<\/strong>\u00a0Perfecta para hombres y mujeres que aprecian las fragancias orientales y amaderadas.<\/li>\n<\/ul>\n<p>&nbsp;<\/p>\n<h3>Notas Olfativas<\/h3>\n<h3><img loading=\"lazy\" decoding=\"async\" class=\"alignleft\" src=\"https:\/\/i0.wp.com\/farina.com.bo\/wp-content\/uploads\/2024\/06\/Badee-al-oud-honor-glory-lattafa-notas.jpg?w=1000&amp;ssl=1\" width=\"383\" height=\"383\" \/><\/h3>\n<p>Bade\u2019e Al Oud Honor &amp; Glory de Lattafa es una fragancia de la familia olfativa amaderada dulce para Hombres y Mujeres. Sum\u00e9rgete en la esencia \u00fanica de Bade\u2019e Al Oud Honor &amp; Glory, una fragancia cautivadora que fusiona la frescura ex\u00f3tica de la pi\u00f1a con la dulzura tentadora de la cr\u00e9me brul\u00e9e. Las notas de canela y pimienta negra a\u00f1aden un toque de pasi\u00f3n, mientras que la c\u00e1lida combinaci\u00f3n de benju\u00ed, c\u00farcuma y vainilla despiertan tus sentidos con elegancia oriental.<\/p>\n<p>Envu\u00e9lvete en la misteriosa profundidad de la cachemira y el s\u00e1ndalo, mientras que el musgo proporciona un toque terroso. Con cada rociada, experimenta el lujo en cada detalle y descubre la grandeza que reside en cada momento.<\/p>\n<p><strong>Las Notas de Salida son:<\/strong> pi\u00f1a y cr\u00e9me brul\u00e9e.<\/p>\n<p><strong>Las notas de coraz\u00f3n son:<\/strong> canela, benju\u00ed, c\u00farcuma y pimienta negra;<\/p>\n<p><strong>Las notas de fondo son:<\/strong> vainilla, cachemira, s\u00e1ndalo y musgo.<\/p>\n<p>&nbsp;<\/p>\n<p>Eleva tu presencia con Bade\u2019e Al Oud Honor &amp; Glory: donde la sofisticaci\u00f3n encuentra su m\u00e1xima expresi\u00f3n.<\/p>\n<p>\u00a1Despierta tu esencia y conquista con distinci\u00f3n!<\/p>\n","protected":false},"excerpt":{"rendered":"<p>BADE&#8217;E AL OUD HONOR &amp; GLORY Emb\u00e1rcate en un viaje olfativo con el Badee Al Oud Honor &amp; Glory. Esta<\/p>\n","protected":false},"featured_media":62903,"comment_status":"open","ping_status":"closed","template":"","meta":{"nf_dc_page":""},"product_brand":[109],"product_cat":[84],"product_tag":[626],"class_list":{"0":"post-62902","1":"product","2":"type-product","3":"status-publish","4":"has-post-thumbnail","6":"product_brand-lattafa","7":"product_cat-perfumeria","8":"product_tag-626","10":"first","11":"instock","12":"shipping-taxable","13":"purchasable","14":"product-type-simple"},"_links":{"self":[{"href":"https:\/\/brandss.com.py\/index\/wp-json\/wp\/v2\/product\/62902","targetHints":{"allow":["GET"]}}],"collection":[{"href":"https:\/\/brandss.com.py\/index\/wp-json\/wp\/v2\/product"}],"about":[{"href":"https:\/\/brandss.com.py\/index\/wp-json\/wp\/v2\/types\/product"}],"replies":[{"embeddable":true,"href":"https:\/\/brandss.com.py\/index\/wp-json\/wp\/v2\/comments?post=62902"}],"version-history":[{"count":2,"href":"https:\/\/brandss.com.py\/index\/wp-json\/wp\/v2\/product\/62902\/revisions"}],"predecessor-version":[{"id":69879,"href":"https:\/\/brandss.com.py\/index\/wp-json\/wp\/v2\/product\/62902\/revisions\/69879"}],"wp:featuredmedia":[{"embeddable":true,"href":"https:\/\/brandss.com.py\/index\/wp-json\/wp\/v2\/media\/62903"}],"wp:attachment":[{"href":"https:\/\/brandss.com.py\/index\/wp-json\/wp\/v2\/media?parent=62902"}],"wp:term":[{"taxonomy":"product_brand","embeddable":true,"href":"https:\/\/brandss.com.py\/index\/wp-json\/wp\/v2\/product_brand?post=62902"},{"taxonomy":"product_cat","embeddable":true,"href":"https:\/\/brandss.com.py\/index\/wp-json\/wp\/v2\/product_cat?post=62902"},{"taxonomy":"product_tag","embeddable":true,"href":"https:\/\/brandss.com.py\/index\/wp-json\/wp\/v2\/product_tag?post=62902"}],"curies":[{"name":"wp","href":"https:\/\/api.w.org\/{rel}","templated":true}]}}