{"id":62956,"date":"2024-12-04T11:27:13","date_gmt":"2024-12-04T11:27:13","guid":{"rendered":"https:\/\/brandss.com.py\/index\/?post_type=product&#038;p=62956"},"modified":"2025-12-10T19:04:53","modified_gmt":"2025-12-10T19:04:53","slug":"perfume-masculino-maison-alhambra-encode-edp-100ml","status":"publish","type":"product","link":"https:\/\/brandss.com.py\/index\/producto\/perfume-masculino-maison-alhambra-encode-edp-100ml\/","title":{"rendered":"PERFUME MASCULINO MAISON ALHAMBRA ENCODE EDP 100ML"},"content":{"rendered":"<p><img loading=\"lazy\" decoding=\"async\" class=\"\" src=\"https:\/\/cdn.aromastore.com.py\/upload\/brand\/maison-al-hambra.jpeg\" alt=\"Maison Al-Hambra | Aroma Store\" width=\"106\" height=\"106\" \/><\/p>\n<h1>ENCODE<\/h1>\n<p><span>Encode de Maison Alhambra es una combinaci\u00f3n de tradici\u00f3n y modernadidad. Las notas frescas, secas y amaderadas de esta fragancia est\u00e1n envueltas en un elegante y pulcro frasco negro. Encode es una invitaci\u00f3n a viajar en fragancias amaderadas, fragantes y frescas, dirigidas a un hombre moderno y seguro de s\u00ed mismo de cualquier edad.<\/span><\/p>\n<p>&nbsp;<\/p>\n<h3>Notas Olfativas<\/h3>\n<p><span>\u00a0\u00a0<\/span><\/p>\n<p><span>Encode es una fragancia masculina de la familia amaderada. Este fascinante perfume se abre con una cautivadora sinfon\u00eda de frescura y vivacidad, gracias a sus dominantes notas de salida de bergamota, pimienta rosa y salvia. La efervescente bergamota ofrece un toque de vitalidad, mientras que la pimienta rosa a\u00f1ade una ligera nota especiada y la salvia aporta su aromaticidad, creando una intrigante combinaci\u00f3n inicial.<img decoding=\"async\" class=\"alignleft\" src=\"https:\/\/scontent.fagt1-1.fna.fbcdn.net\/v\/t39.30808-6\/450453456_122157420554217289_4793517534205069119_n.jpg?stp=dst-jpg_p526x296&amp;_nc_cat=103&amp;ccb=1-7&amp;_nc_sid=127cfc&amp;_nc_ohc=0XoG8AUd-ekQ7kNvgFrdNZU&amp;_nc_zt=23&amp;_nc_ht=scontent.fagt1-1.fna&amp;_nc_gid=AvTqgeMDef-Rq7R3gnlodMx&amp;oh=00_AYCow0JSIt8ko0LJGHWBGdsNPTEP39OqXmJbfwNeygYo7Q&amp;oe=67560967\" \/><\/span><\/p>\n<p><span>En el coraz\u00f3n de esta fragancia, emergen las notas robustas y terrosas del vetiver, fusionadas con la esencia envolvente del cuero. Esta fase del perfume aporta profundidad y car\u00e1cter, envolviendo a quien lo lleva en una elegancia intr\u00ednseca y masculina.<\/span><\/p>\n<p><span>Las notas de fondo revelan un lado m\u00e1s sensual y misterioso, con el aroma rico y envolvente del pachul\u00ed, la intensa madera de Akigala, la persistencia del Ambroxan y la fascinante dulzura del grano de cacao. Esta combinaci\u00f3n \u00fanica de elementos deja una estela memorable y duradera, que le otorga al perfume una profundidad y personalidad que se desarrolla y evoluciona con el tiempo.<\/span><\/p>\n<p>&nbsp;<\/p>\n<p><span><strong>Notas de salida:<\/strong> bergamota, pimienta rosa, salvia.<\/span><\/p>\n<p><span><strong>Notas de coraz\u00f3n:<\/strong> Vetiver, Cuero.<\/span><\/p>\n<p><span><strong>Notas de fondo:<\/strong> pachul\u00ed, akigalawood, ambroxan, grano de cacao.<\/span><\/p>\n","protected":false},"excerpt":{"rendered":"<p>ENCODE Encode de Maison Alhambra es una combinaci\u00f3n de tradici\u00f3n y modernadidad. Las notas frescas, secas y amaderadas de esta<\/p>\n","protected":false},"featured_media":62957,"comment_status":"open","ping_status":"closed","template":"","meta":{"nf_dc_page":""},"product_brand":[107],"product_cat":[84],"product_tag":[1859],"class_list":{"0":"post-62956","1":"product","2":"type-product","3":"status-publish","4":"has-post-thumbnail","6":"product_brand-maison-alhambra","7":"product_cat-perfumeria","8":"product_tag-1859","10":"first","11":"instock","12":"shipping-taxable","13":"purchasable","14":"product-type-simple"},"_links":{"self":[{"href":"https:\/\/brandss.com.py\/index\/wp-json\/wp\/v2\/product\/62956","targetHints":{"allow":["GET"]}}],"collection":[{"href":"https:\/\/brandss.com.py\/index\/wp-json\/wp\/v2\/product"}],"about":[{"href":"https:\/\/brandss.com.py\/index\/wp-json\/wp\/v2\/types\/product"}],"replies":[{"embeddable":true,"href":"https:\/\/brandss.com.py\/index\/wp-json\/wp\/v2\/comments?post=62956"}],"version-history":[{"count":1,"href":"https:\/\/brandss.com.py\/index\/wp-json\/wp\/v2\/product\/62956\/revisions"}],"predecessor-version":[{"id":62962,"href":"https:\/\/brandss.com.py\/index\/wp-json\/wp\/v2\/product\/62956\/revisions\/62962"}],"wp:featuredmedia":[{"embeddable":true,"href":"https:\/\/brandss.com.py\/index\/wp-json\/wp\/v2\/media\/62957"}],"wp:attachment":[{"href":"https:\/\/brandss.com.py\/index\/wp-json\/wp\/v2\/media?parent=62956"}],"wp:term":[{"taxonomy":"product_brand","embeddable":true,"href":"https:\/\/brandss.com.py\/index\/wp-json\/wp\/v2\/product_brand?post=62956"},{"taxonomy":"product_cat","embeddable":true,"href":"https:\/\/brandss.com.py\/index\/wp-json\/wp\/v2\/product_cat?post=62956"},{"taxonomy":"product_tag","embeddable":true,"href":"https:\/\/brandss.com.py\/index\/wp-json\/wp\/v2\/product_tag?post=62956"}],"curies":[{"name":"wp","href":"https:\/\/api.w.org\/{rel}","templated":true}]}}